CRAN Package Check Results for Package CompDist

Last updated on 2024-04-18 20:55:30 CEST.

Flavor Version Tinstall Tcheck Ttotal Status Flags
r-devel-linux-x86_64-debian-clang 1.0 3.49 30.09 33.58 OK
r-devel-linux-x86_64-debian-gcc 1.0 2.72 22.95 25.67 OK
r-devel-linux-x86_64-fedora-clang 1.0 42.56 NOTE
r-devel-linux-x86_64-fedora-gcc 1.0 40.23 NOTE
r-prerel-macos-arm64 1.0 17.00 OK
r-prerel-windows-x86_64 1.0 5.00 49.00 54.00 OK
r-patched-linux-x86_64 1.0 3.44 29.52 32.96 OK
r-release-linux-x86_64 1.0 2.92 29.35 32.27 OK
r-release-macos-arm64 1.0 17.00 OK
r-release-macos-x86_64 1.0 23.00 OK
r-release-windows-x86_64 1.0 4.00 48.00 52.00 OK
r-oldrel-macos-arm64 1.0 14.00 NOTE
r-oldrel-windows-x86_64 1.0 5.00 52.00 57.00 OK

Check Details

Version: 1.0
Check: dependencies in R code
Result: NOTE Namespaces in Imports field not imported from: ‘PearsonDS’ ‘VGAM’ ‘actuar’ ‘fExtremes’ ‘rmutil’ All declared Imports should be used. Flavors: r-devel-linux-x86_64-fedora-clang, r-devel-linux-x86_64-fedora-gcc, r-oldrel-macos-arm64