CRAN Package Check Results for Package CompDist

Last updated on 2019-05-23 18:56:56 CEST.

Flavor Version Tinstall Tcheck Ttotal Status Flags
r-devel-linux-x86_64-debian-clang 1.0 2.42 23.21 25.63 OK
r-devel-linux-x86_64-debian-gcc 1.0 2.16 18.57 20.73 OK
r-devel-linux-x86_64-fedora-clang 1.0 31.07 NOTE
r-devel-linux-x86_64-fedora-gcc 1.0 30.89 NOTE
r-devel-windows-ix86+x86_64 1.0 5.00 41.00 46.00 OK
r-patched-linux-x86_64 1.0 2.67 23.31 25.98 OK
r-patched-solaris-x86 1.0 43.70 NOTE
r-release-linux-x86_64 1.0 2.08 23.67 25.75 OK
r-release-windows-ix86+x86_64 1.0 7.00 35.00 42.00 OK
r-release-osx-x86_64 1.0 NOTE
r-oldrel-windows-ix86+x86_64 1.0 3.00 35.00 38.00 OK
r-oldrel-osx-x86_64 1.0 NOTE

Check Details

Version: 1.0
Check: dependencies in R code
Result: NOTE
    Namespaces in Imports field not imported from:
     ‘PearsonDS’ ‘VGAM’ ‘actuar’ ‘fExtremes’ ‘rmutil’
     All declared Imports should be used.
Flavors: r-devel-linux-x86_64-fedora-clang, r-devel-linux-x86_64-fedora-gcc, r-patched-solaris-x86, r-release-osx-x86_64, r-oldrel-osx-x86_64