CRAN Package Check Results for Package CompDist

Last updated on 2019-08-24 11:46:44 CEST.

Flavor Version Tinstall Tcheck Ttotal Status Flags
r-devel-linux-x86_64-debian-clang 1.0 3.05 23.32 26.37 OK
r-devel-linux-x86_64-debian-gcc 1.0 2.34 18.84 21.18 OK
r-devel-linux-x86_64-fedora-clang 1.0 33.36 NOTE
r-devel-linux-x86_64-fedora-gcc 1.0 30.62 NOTE
r-devel-windows-ix86+x86_64 1.0 6.00 36.00 42.00 OK
r-patched-linux-x86_64 1.0 2.73 23.43 26.16 OK
r-patched-solaris-x86 1.0 47.00 NOTE
r-release-linux-x86_64 1.0 2.68 23.27 25.95 OK
r-release-windows-ix86+x86_64 1.0 9.00 54.00 63.00 OK
r-release-osx-x86_64 1.0 NOTE
r-oldrel-windows-ix86+x86_64 1.0 4.00 49.00 53.00 OK
r-oldrel-osx-x86_64 1.0 NOTE

Check Details

Version: 1.0
Check: dependencies in R code
Result: NOTE
    Namespaces in Imports field not imported from:
     ‘PearsonDS’ ‘VGAM’ ‘actuar’ ‘fExtremes’ ‘rmutil’
     All declared Imports should be used.
Flavors: r-devel-linux-x86_64-fedora-clang, r-devel-linux-x86_64-fedora-gcc, r-patched-solaris-x86, r-release-osx-x86_64, r-oldrel-osx-x86_64