CRAN Package Check Results for Package ConConPiWiFun

Last updated on 2022-12-07 06:14:00 CET.

Flavor Version Tinstall Tcheck Ttotal Status Flags
r-devel-linux-x86_64-debian-clang 0.4.6.1 26.24 50.68 76.92 OK
r-devel-linux-x86_64-debian-gcc 0.4.6.1 27.42 39.45 66.87 OK
r-devel-linux-x86_64-fedora-clang 0.4.6.1 122.38 NOTE
r-devel-linux-x86_64-fedora-gcc 0.4.6.1 118.33 NOTE
r-devel-windows-x86_64 0.4.6.1 40.00 103.00 143.00 OK
r-patched-linux-x86_64 0.4.6.1 28.11 50.00 78.11 OK
r-release-linux-x86_64 0.4.6.1 29.96 51.77 81.73 OK
r-release-macos-arm64 0.4.6.1 33.00 NOTE
r-release-macos-x86_64 0.4.6.1 42.00 NOTE
r-release-windows-x86_64 0.4.6.1 34.00 105.00 139.00 OK
r-oldrel-macos-arm64 0.4.6.1 38.00 NOTE
r-oldrel-macos-x86_64 0.4.6.1 61.00 NOTE
r-oldrel-windows-ix86+x86_64 0.4.6.1 69.00 110.00 179.00 OK

Check Details

Version: 0.4.6.1
Check: compiled code
Result: NOTE
    File ‘ConConPiWiFun/libs/ConConPiWiFun.so’:
     Found no calls to: ‘R_registerRoutines’, ‘R_useDynamicSymbols’
    
    It is good practice to register native routines and to disable symbol
    search.
    
    See ‘Writing portable packages’ in the ‘Writing R Extensions’ manual.
Flavors: r-devel-linux-x86_64-fedora-clang, r-devel-linux-x86_64-fedora-gcc

Version: 0.4.6.1
Check: installed package size
Result: NOTE
     installed size is 5.5Mb
     sub-directories of 1Mb or more:
     libs 5.3Mb
Flavors: r-release-macos-arm64, r-release-macos-x86_64, r-oldrel-macos-arm64, r-oldrel-macos-x86_64