Last updated on 2023-12-09 19:54:06 CET.
Flavor | Version | Tinstall | Tcheck | Ttotal | Status | Flags |
---|---|---|---|---|---|---|
r-devel-linux-x86_64-debian-clang | 0.4.6.1 | 33.32 | 50.25 | 83.57 | OK | |
r-devel-linux-x86_64-debian-gcc | 0.4.6.1 | 25.36 | 37.95 | 63.31 | OK | |
r-devel-linux-x86_64-fedora-clang | 0.4.6.1 | 104.44 | NOTE | |||
r-devel-linux-x86_64-fedora-gcc | 0.4.6.1 | 113.64 | NOTE | |||
r-devel-windows-x86_64 | 0.4.6.1 | 26.00 | 78.00 | 104.00 | OK | |
r-patched-linux-x86_64 | 0.4.6.1 | 28.27 | 48.57 | 76.84 | OK | |
r-release-linux-x86_64 | 0.4.6.1 | 28.27 | 48.33 | 76.60 | OK | |
r-release-macos-arm64 | 0.4.6.1 | 35.00 | NOTE | |||
r-release-macos-x86_64 | 0.4.6.1 | 54.00 | NOTE | |||
r-release-windows-x86_64 | 0.4.6.1 | 25.00 | 93.00 | 118.00 | OK | |
r-oldrel-macos-arm64 | 0.4.6.1 | 32.00 | NOTE | |||
r-oldrel-macos-x86_64 | 0.4.6.1 | 42.00 | NOTE | |||
r-oldrel-windows-x86_64 | 0.4.6.1 | 32.00 | 95.00 | 127.00 | OK |
Version: 0.4.6.1
Check: compiled code
Result: NOTE
File ‘ConConPiWiFun/libs/ConConPiWiFun.so’:
Found no calls to: ‘R_registerRoutines’, ‘R_useDynamicSymbols’
It is good practice to register native routines and to disable symbol
search.
See ‘Writing portable packages’ in the ‘Writing R Extensions’ manual.
Flavors: r-devel-linux-x86_64-fedora-clang, r-devel-linux-x86_64-fedora-gcc
Version: 0.4.6.1
Check: installed package size
Result: NOTE
installed size is 6.1Mb
sub-directories of 1Mb or more:
libs 5.9Mb
Flavors: r-release-macos-arm64, r-release-macos-x86_64, r-oldrel-macos-arm64, r-oldrel-macos-x86_64