CRAN Package Check Results for Package ConformalSmallest

Last updated on 2023-12-06 05:52:49 CET.

Flavor Version Tinstall Tcheck Ttotal Status Flags
r-devel-linux-x86_64-debian-clang 1.0 2.76 95.36 98.12 OK
r-devel-linux-x86_64-debian-gcc 1.0 3.32 71.04 74.36 OK
r-devel-linux-x86_64-fedora-clang 1.0 121.82 NOTE
r-devel-linux-x86_64-fedora-gcc 1.0 128.85 NOTE
r-devel-windows-x86_64 1.0 4.00 88.00 92.00 OK
r-patched-linux-x86_64 1.0 3.07 91.21 94.28 OK
r-release-linux-x86_64 1.0 3.73 90.24 93.97 OK
r-release-macos-arm64 1.0 47.00 OK
r-release-macos-x86_64 1.0 68.00 OK
r-release-windows-x86_64 1.0 5.00 106.00 111.00 OK
r-oldrel-macos-arm64 1.0 41.00 OK
r-oldrel-macos-x86_64 1.0 53.00 NOTE
r-oldrel-windows-x86_64 1.0 6.00 108.00 114.00 OK

Check Details

Version: 1.0
Check: dependencies in R code
Result: NOTE Namespace in Imports field not imported from: ‘mvtnorm’ All declared Imports should be used. Flavors: r-devel-linux-x86_64-fedora-clang, r-devel-linux-x86_64-fedora-gcc, r-oldrel-macos-x86_64