CRAN Package Check Results for Package Conigrave

Last updated on 2024-02-26 05:57:35 CET.

Flavor Version Tinstall Tcheck Ttotal Status Flags
r-devel-linux-x86_64-debian-clang 0.4.4 15.24 136.77 152.01 NOTE
r-devel-linux-x86_64-debian-gcc 0.4.4 13.04 99.97 113.01 NOTE
r-devel-linux-x86_64-fedora-clang 0.4.4 196.86 NOTE
r-devel-linux-x86_64-fedora-gcc 0.4.4 173.58 NOTE
r-devel-windows-x86_64 0.4.4 14.00 104.00 118.00 NOTE
r-patched-linux-x86_64 0.4.4 14.28 129.95 144.23 NOTE
r-release-linux-x86_64 0.4.4 14.39 128.48 142.87 NOTE
r-release-macos-arm64 0.4.4 34.00 NOTE
r-release-macos-x86_64 0.4.4 60.00 NOTE
r-release-windows-x86_64 0.4.4 19.00 131.00 150.00 NOTE
r-oldrel-macos-arm64 0.4.4 32.00 NOTE
r-oldrel-windows-x86_64 0.4.4 18.00 141.00 159.00 NOTE

Check Details

Version: 0.4.4
Check: LazyData
Result: NOTE 'LazyData' is specified without a 'data' directory Flavors: r-devel-linux-x86_64-debian-clang, r-devel-linux-x86_64-debian-gcc, r-devel-linux-x86_64-fedora-clang, r-devel-linux-x86_64-fedora-gcc, r-devel-windows-x86_64, r-patched-linux-x86_64, r-release-linux-x86_64, r-release-macos-arm64, r-release-macos-x86_64, r-release-windows-x86_64, r-oldrel-macos-arm64, r-oldrel-windows-x86_64