CRAN Package Check Results for Package CopulaDTA

Last updated on 2018-08-16 16:52:24 CEST.

Flavor Version Tinstall Tcheck Ttotal Status Flags
r-devel-linux-x86_64-debian-clang 1.0.0 4.03 82.51 86.54 NOTE
r-devel-linux-x86_64-debian-gcc 1.0.0 3.48 64.95 68.43 NOTE
r-devel-linux-x86_64-fedora-clang 1.0.0 102.12 NOTE
r-devel-linux-x86_64-fedora-gcc 1.0.0 99.15 NOTE
r-devel-windows-ix86+x86_64 1.0.0 12.00 100.00 112.00 OK
r-patched-linux-x86_64 1.0.0 4.02 76.40 80.42 NOTE
r-patched-solaris-x86 1.0.0 157.80 OK
r-release-linux-x86_64 1.0.0 3.97 76.50 80.47 NOTE
r-release-windows-ix86+x86_64 1.0.0 14.00 186.00 200.00 OK
r-release-osx-x86_64 1.0.0 OK
r-oldrel-windows-ix86+x86_64 1.0.0 11.00 113.00 124.00 OK
r-oldrel-osx-x86_64 1.0.0 OK

Check Details

Version: 1.0.0
Check: DESCRIPTION meta-information
Result: NOTE
    Dependence on R version ‘3.4.2’ not with patchlevel 0
Flavors: r-devel-linux-x86_64-debian-clang, r-devel-linux-x86_64-debian-gcc, r-devel-linux-x86_64-fedora-clang, r-devel-linux-x86_64-fedora-gcc, r-patched-linux-x86_64, r-release-linux-x86_64