CRAN Package Check Results for Package CopulaDTA

Last updated on 2018-05-27 18:51:20 CEST.

Flavor Version Tinstall Tcheck Ttotal Status Flags
r-devel-linux-x86_64-debian-clang 1.0.0 3.33 74.90 78.23 NOTE
r-devel-linux-x86_64-debian-gcc 1.0.0 3.37 58.13 61.50 NOTE
r-devel-linux-x86_64-fedora-clang 1.0.0 95.77 NOTE
r-devel-linux-x86_64-fedora-gcc 1.0.0 93.96 NOTE
r-devel-windows-ix86+x86_64 1.0.0 7.00 89.00 96.00 OK
r-patched-linux-x86_64 1.0.0 3.90 69.73 73.63 NOTE
r-patched-solaris-x86 1.0.0 146.90 OK
r-release-linux-x86_64 1.0.0 3.73 72.62 76.35 NOTE
r-release-windows-ix86+x86_64 1.0.0 12.00 122.00 134.00 OK
r-release-osx-x86_64 1.0.0 OK
r-oldrel-windows-ix86+x86_64 1.0.0 8.00 90.00 98.00 OK
r-oldrel-osx-x86_64 1.0.0 OK

Check Details

Version: 1.0.0
Check: DESCRIPTION meta-information
Result: NOTE
    Dependence on R version ‘3.4.2’ not with patchlevel 0
Flavors: r-devel-linux-x86_64-debian-clang, r-devel-linux-x86_64-debian-gcc, r-devel-linux-x86_64-fedora-clang, r-devel-linux-x86_64-fedora-gcc, r-patched-linux-x86_64, r-release-linux-x86_64