CRAN Package Check Results for Package CorReg

Last updated on 2018-04-26 23:50:49 CEST.

Flavor Version Tinstall Tcheck Ttotal Status Flags
r-devel-linux-x86_64-debian-clang 1.2.8 284.97 83.78 368.75 OK
r-devel-linux-x86_64-debian-gcc 1.2.8 239.94 71.86 311.80 OK
r-devel-linux-x86_64-fedora-clang 1.2.8 442.27 NOTE
r-devel-linux-x86_64-fedora-gcc 1.2.8 368.15 NOTE
r-devel-windows-ix86+x86_64 1.2.1 609.00 121.00 730.00 WARN
r-patched-linux-x86_64 1.2.8 293.01 89.50 382.51 OK
r-patched-solaris-x86 1.2.8 401.90 OK
r-release-linux-x86_64 1.2.8 285.31 89.85 375.16 OK
r-release-windows-ix86+x86_64 1.2.1 609.00 121.00 730.00 WARN
r-release-osx-x86_64 1.2.8 NOTE
r-oldrel-windows-ix86+x86_64 1.2.8 401.00 130.00 531.00 OK
r-oldrel-osx-x86_64 1.2.1 NOTE

Check Details

Version: 1.2.8
Check: installed package size
Result: NOTE
     installed size is 28.9Mb
     sub-directories of 1Mb or more:
     libs 28.5Mb
Flavors: r-devel-linux-x86_64-fedora-clang, r-devel-linux-x86_64-fedora-gcc, r-release-osx-x86_64

Version: 1.2.1
Check: whether package can be installed
Result: WARN
    Found the following significant warnings:
     Note: break used in wrong context: no loop is visible
    See 'd:/Rcompile/CRANpkg/local/3.5/CorReg.Rcheck/00install.out' for details.
    Information on the location(s) of code generating the 'Note's can be
    obtained by re-running with environment variable R_KEEP_PKG_SOURCE set
    to 'yes'.
Flavors: r-devel-windows-ix86+x86_64, r-release-windows-ix86+x86_64

Version: 1.2.1
Check: installed package size
Result: NOTE
     installed size is 17.4Mb
     sub-directories of 1Mb or more:
     libs 17.2Mb
Flavor: r-oldrel-osx-x86_64