CRAN Package Check Results for Package CorReg

Last updated on 2018-07-19 11:48:30 CEST.

Flavor Version Tinstall Tcheck Ttotal Status Flags
r-devel-linux-x86_64-debian-clang 1.2.8 261.96 90.68 352.64 OK
r-devel-linux-x86_64-debian-gcc 1.2.8 239.65 85.68 325.33 OK
r-devel-linux-x86_64-fedora-clang 1.2.8 551.81 NOTE
r-devel-linux-x86_64-fedora-gcc 1.2.8 549.01 OK
r-devel-windows-ix86+x86_64 1.2.8 440.00 129.00 569.00 OK
r-patched-linux-x86_64 1.2.8 291.72 92.25 383.97 OK
r-patched-solaris-x86 1.2.8 424.80 OK
r-release-linux-x86_64 1.2.8 282.98 91.18 374.16 OK
r-release-windows-ix86+x86_64 1.2.8 621.00 161.00 782.00 OK
r-release-osx-x86_64 1.2.8 NOTE
r-oldrel-windows-ix86+x86_64 1.2.8 647.00 121.00 768.00 OK
r-oldrel-osx-x86_64 1.2.8 NOTE

Check Details

Version: 1.2.8
Check: installed package size
Result: NOTE
     installed size is 28.8Mb
     sub-directories of 1Mb or more:
     libs 28.4Mb
Flavors: r-devel-linux-x86_64-fedora-clang, r-release-osx-x86_64, r-oldrel-osx-x86_64