CRAN Package Check Results for Package CorReg

Last updated on 2018-01-20 20:46:20 CET.

Flavor Version Tinstall Tcheck Ttotal Status Flags
r-devel-linux-x86_64-debian-clang 1.2.1 250.27 89.06 339.33 OK
r-devel-linux-x86_64-debian-gcc 1.2.1 207.06 71.91 278.97 OK
r-devel-linux-x86_64-fedora-clang 1.2.1 520.32 NOTE
r-devel-linux-x86_64-fedora-gcc 1.2.1 491.77 NOTE
r-devel-windows-ix86+x86_64 1.2.1 626.00 124.00 750.00 OK
r-patched-linux-x86_64 1.2.1 248.96 91.64 340.60 OK
r-patched-solaris-x86 1.2.1 460.20 OK
r-release-linux-x86_64 1.2.1 244.92 92.98 337.90 OK
r-release-windows-ix86+x86_64 1.2.1 635.00 123.00 758.00 OK
r-release-osx-x86_64 1.2.1 NOTE
r-oldrel-windows-ix86+x86_64 1.2.1 611.00 149.00 760.00 OK
r-oldrel-osx-x86_64 1.2.1 NOTE

Check Details

Version: 1.2.1
Check: installed package size
Result: NOTE
     installed size is 28.7Mb
     sub-directories of 1Mb or more:
     libs 28.4Mb
Flavors: r-devel-linux-x86_64-fedora-clang, r-devel-linux-x86_64-fedora-gcc, r-release-osx-x86_64, r-oldrel-osx-x86_64