CRAN Package Check Results for Package CorShrink

Last updated on 2018-02-18 08:47:48 CET.

Flavor Version Tinstall Tcheck Ttotal Status Flags
r-devel-linux-x86_64-debian-clang 0.1.1 4.10 108.74 112.84 OK
r-devel-linux-x86_64-debian-gcc 0.1.1 3.91 80.19 84.10 OK
r-devel-linux-x86_64-fedora-clang 0.1.1 73.58 WARN
r-devel-linux-x86_64-fedora-gcc 0.1.1 72.16 WARN
r-devel-windows-ix86+x86_64 0.1.1 7.00 122.00 129.00 OK
r-patched-linux-x86_64 0.1.1 3.86 116.09 119.95 OK
r-patched-solaris-x86 0.1.1 197.60 OK
r-release-linux-x86_64 0.1.1 4.69 117.84 122.53 OK
r-release-windows-ix86+x86_64 0.1.1 12.00 167.00 179.00 OK
r-release-osx-x86_64 0.1.1 WARN
r-oldrel-windows-ix86+x86_64 0.1.1 7.00 140.00 147.00 WARN
r-oldrel-osx-x86_64 0.1.1 OK

Check Details

Version: 0.1.1
Check: package dependencies
Result: NOTE
    Packages suggested but not available for checking: ‘BiocStyle’ ‘Biobase’
Flavors: r-devel-linux-x86_64-fedora-clang, r-devel-linux-x86_64-fedora-gcc

Version: 0.1.1
Check: re-building of vignette outputs
Result: WARN
    Error in re-building vignettes:
     ...
    Warning in engine$weave(file, quiet = quiet, encoding = enc) :
     The vignette engine knitr::rmarkdown is not available, because the rmarkdown package is not installed. Please install it.
    Quitting from lines 36-37 (corshrink.Rmd)
    Error: processing vignette 'corshrink.Rmd' failed with diagnostics:
    there is no package called 'BiocStyle'
    Execution halted
Flavors: r-devel-linux-x86_64-fedora-clang, r-devel-linux-x86_64-fedora-gcc

Version: 0.1.1
Check: package dependencies
Result: NOTE
    Package suggested but not available for checking: ‘BiocStyle’
Flavor: r-release-osx-x86_64

Version: 0.1.1
Check: re-building of vignette outputs
Result: WARN
    Error in re-building vignettes:
     ...
    Warning in engine$weave(file, quiet = quiet, encoding = enc) :
     Pandoc (>= 1.12.3) and/or pandoc-citeproc not available. Falling back to R Markdown v1.
    Quitting from lines 36-37 (corshrink.Rmd)
    Error: processing vignette 'corshrink.Rmd' failed with diagnostics:
    there is no package called 'BiocStyle'
    Execution halted
Flavor: r-release-osx-x86_64

Version: 0.1.1
Check: re-building of vignette outputs
Result: WARN
    Error in re-building vignettes:
     ...
    Due to absence of package REBayes, switching to EM algorithm
    Due to absence of package REBayes, switching to EM algorithm
    Due to absence of package REBayes, switching to EM algorithm
    Due to absence of package REBayes, switching to EM algorithm
    Due to absence of package REBayes, switching to EM algorithm
    Due to absence of package REBayes, switching to EM algorithm
    Due to absence of package REBayes, switching to EM algorithm
    Due to absence of package REBayes, switching to EM algorithm
    Due to absence of package REBayes, switching to EM algorithm
    Due to absence of package REBayes, switching to EM algorithm
    Due to absence of package REBayes, switching to EM algorithm
    Due to absence of package REBayes, switching to EM algorithm
    Due to absence of package REBayes, switching to EM algorithm
    ash cor only and ash cor PD matrices are different
    Due to absence of package REBayes, switching to EM algorithm
    ash cor only and ash cor PD matrices are different
    Due to absence of package REBayes, switching to EM algorithm
    ash cor only and ash cor PD matrices are different
    Due to absence of package REBayes, switching to EM algorithm
    ash cor only and ash cor PD matrices are different
    Due to absence of package REBayes, switching to EM algorithm
    ash cor only and ash cor PD matrices are different
    Error: processing vignette 'corshrink.Rmd' failed with diagnostics:
    path for html_dependency not found:
    Execution halted
Flavor: r-oldrel-windows-ix86+x86_64