CRAN Package Check Results for Package Corbi

Last updated on 2018-02-24 01:47:51 CET.

Flavor Version Tinstall Tcheck Ttotal Status Flags
r-devel-linux-x86_64-debian-clang 0.4-2 5.90 102.02 107.92 OK
r-devel-linux-x86_64-debian-gcc 0.4-2 5.37 66.51 71.88 OK
r-devel-linux-x86_64-fedora-clang 0.4-2 114.90 OK
r-devel-linux-x86_64-fedora-gcc 0.4-2 114.40 OK
r-devel-windows-ix86+x86_64 0.4-2 22.00 172.00 194.00 OK
r-patched-linux-x86_64 0.4-2 6.30 86.48 92.78 OK
r-patched-solaris-x86 0.4-2 159.00 OK
r-release-linux-x86_64 0.4-2 5.01 87.40 92.41 OK
r-release-windows-ix86+x86_64 0.4-2 24.00 163.00 187.00 OK
r-release-osx-x86_64 0.4-2 ERROR
r-oldrel-windows-ix86+x86_64 0.4-2 15.00 126.00 141.00 OK
r-oldrel-osx-x86_64 0.4-2 OK

Check Details

Version: 0.4-2
Check: package dependencies
Result: ERROR
    Package required but not available: ‘CRF’
    
    See section ‘The DESCRIPTION file’ in the ‘Writing R Extensions’
    manual.
Flavor: r-release-osx-x86_64