CRAN Package Check Results for Package Corbi

Last updated on 2018-05-24 02:48:14 CEST.

Flavor Version Tinstall Tcheck Ttotal Status Flags
r-devel-linux-x86_64-debian-clang 0.4-2 8.14 104.95 113.09 OK
r-devel-linux-x86_64-debian-gcc 0.4-2 5.80 74.63 80.43 OK
r-devel-linux-x86_64-fedora-clang 0.4-2 132.87 OK
r-devel-linux-x86_64-fedora-gcc 0.4-2 123.85 OK
r-devel-windows-ix86+x86_64 0.4-2 16.00 131.00 147.00 OK
r-patched-linux-x86_64 0.4-2 6.45 83.70 90.15 OK
r-patched-solaris-x86 0.4-2 163.50 OK
r-release-linux-x86_64 0.4-2 6.24 83.72 89.96 OK
r-release-windows-ix86+x86_64 0.4-2 20.00 163.00 183.00 OK
r-release-osx-x86_64 0.4-2 OK
r-oldrel-windows-ix86+x86_64 0.4-2 22.00 120.00 142.00 OK
r-oldrel-osx-x86_64 0.4-2 ERROR

Check Details

Version: 0.4-2
Check: package dependencies
Result: ERROR
    Package required but not available: ‘CRF’
    
    See section ‘The DESCRIPTION file’ in the ‘Writing R Extensions’
    manual.
Flavor: r-oldrel-osx-x86_64