CRAN Package Check Results for Package CorrBin

Last updated on 2022-11-30 19:53:25 CET.

Flavor Version Tinstall Tcheck Ttotal Status Flags
r-devel-linux-x86_64-debian-clang 1.6 8.97 127.67 136.64 NOTE
r-devel-linux-x86_64-debian-gcc 1.6 7.13 103.10 110.23 NOTE
r-devel-linux-x86_64-fedora-clang 1.6 178.48 NOTE
r-devel-linux-x86_64-fedora-gcc 1.6 185.70 NOTE
r-devel-windows-x86_64 1.6 19.00 234.00 253.00 NOTE
r-patched-linux-x86_64 1.6 7.13 126.78 133.91 OK
r-release-linux-x86_64 1.6 6.57 128.51 135.08 OK
r-release-macos-arm64 1.6 62.00 OK
r-release-macos-x86_64 1.6 134.00 OK
r-release-windows-x86_64 1.6 33.00 217.00 250.00 OK
r-oldrel-macos-arm64 1.6 71.00 OK
r-oldrel-macos-x86_64 1.6 113.00 OK
r-oldrel-windows-ix86+x86_64 1.6 25.00 249.00 274.00 OK

Check Details

Version: 1.6
Check: Rd files
Result: NOTE
    checkRd: (-1) egde.Rd:26: Escaped LaTeX specials: \&
Flavors: r-devel-linux-x86_64-debian-clang, r-devel-linux-x86_64-debian-gcc, r-devel-linux-x86_64-fedora-clang, r-devel-linux-x86_64-fedora-gcc, r-devel-windows-x86_64