CRAN Package Check Results for Package CorrectOverloadedPeaks

Last updated on 2018-08-16 12:50:05 CEST.

Flavor Version Tinstall Tcheck Ttotal Status Flags
r-devel-linux-x86_64-debian-clang 1.2.15 24.22 332.27 356.49 OK
r-devel-linux-x86_64-debian-gcc 1.2.15 19.90 256.98 276.88 OK
r-devel-linux-x86_64-fedora-clang 1.2.15 404.01 OK
r-devel-linux-x86_64-fedora-gcc 1.2.15 397.44 OK
r-devel-windows-ix86+x86_64 1.2.15 38.00 389.00 427.00 OK
r-patched-linux-x86_64 1.2.15 19.89 267.23 287.12 OK
r-release-linux-x86_64 1.2.15 15.77 267.63 283.40 OK
r-release-windows-ix86+x86_64 1.2.15 47.00 370.00 417.00 OK
r-release-osx-x86_64 1.2.15 ERROR
r-oldrel-windows-ix86+x86_64 1.2.15 39.00 277.00 316.00 OK
r-oldrel-osx-x86_64 1.2.15 ERROR

Check Details

Version: 1.2.15
Check: package dependencies
Result: ERROR
    Package required but not available: ‘xcms’
    
    See section ‘The DESCRIPTION file’ in the ‘Writing R Extensions’
    manual.
Flavor: r-release-osx-x86_64

Version: 1.2.15
Check: whether package can be installed
Result: ERROR
    Installation failed.
Flavor: r-oldrel-osx-x86_64