CRAN Package Check Results for Package CorrectOverloadedPeaks

Last updated on 2018-10-18 14:47:14 CEST.

Flavor Version Tinstall Tcheck Ttotal Status Flags
r-devel-linux-x86_64-debian-clang 1.2.15 19.12 326.26 345.38 OK
r-devel-linux-x86_64-debian-gcc 1.2.15 OK
r-devel-linux-x86_64-fedora-clang 1.2.15 409.98 OK
r-devel-linux-x86_64-fedora-gcc 1.2.15 395.80 OK
r-devel-windows-ix86+x86_64 1.2.15 53.00 289.00 342.00 WARN
r-patched-linux-x86_64 1.2.15 15.38 268.60 283.98 OK
r-release-linux-x86_64 1.2.15 13.76 262.46 276.22 OK
r-release-windows-ix86+x86_64 1.2.15 36.00 350.00 386.00 OK
r-release-osx-x86_64 1.2.15 ERROR
r-oldrel-windows-ix86+x86_64 1.2.15 31.00 348.00 379.00 OK
r-oldrel-osx-x86_64 1.2.15 ERROR

Check Details

Version: 1.2.15
Check: whether package can be installed
Result: WARN
    Found the following significant warnings:
     Warning: 'BiocInstaller' and 'biocLite()' are deprecated, use the 'BiocManager' CRAN
Flavor: r-devel-windows-ix86+x86_64

Version: 1.2.15
Check: package dependencies
Result: ERROR
    Package required but not available: ‘xcms’
    
    See section ‘The DESCRIPTION file’ in the ‘Writing R Extensions’
    manual.
Flavor: r-release-osx-x86_64

Version: 1.2.15
Check: whether package can be installed
Result: ERROR
    Installation failed.
Flavor: r-oldrel-osx-x86_64