CRAN Package Check Results for Package CorrectOverloadedPeaks

Last updated on 2018-02-22 11:57:44 CET.

Flavor Version Tinstall Tcheck Ttotal Status Flags
r-devel-linux-x86_64-debian-clang 1.2.14 17.35 241.76 259.11 OK
r-devel-linux-x86_64-debian-gcc 1.2.14 15.71 205.66 221.37 OK
r-devel-windows-ix86+x86_64 1.2.14 1.00 5.00 6.00 ERROR
r-patched-linux-x86_64 1.2.14 18.29 256.75 275.04 OK
r-release-linux-x86_64 1.2.14 16.19 260.69 276.88 OK
r-release-windows-ix86+x86_64 1.2.14 42.00 329.00 371.00 OK
r-release-osx-x86_64 1.2.14 ERROR
r-oldrel-windows-ix86+x86_64 1.2.14 4.00 5.00 9.00 ERROR
r-oldrel-osx-x86_64 1.2.14 OK

Check Details

Version: 1.2.14
Check: package dependencies
Result: ERROR
    Package required but not available: 'xcms'
    
    See section 'The DESCRIPTION file' in the 'Writing R Extensions'
    manual.
Flavors: r-devel-windows-ix86+x86_64, r-release-osx-x86_64

Version: 1.2.14
Check: whether package can be installed
Result: ERROR
    Installation failed.
Flavor: r-oldrel-windows-ix86+x86_64