CRAN Package Check Results for Package CorrectOverloadedPeaks

Last updated on 2022-08-10 05:54:46 CEST.

Flavor Version Tinstall Tcheck Ttotal Status Flags
r-devel-linux-x86_64-debian-clang 1.2.17 2.75 56.89 59.64 OK
r-devel-linux-x86_64-debian-gcc 1.2.17 2.65 41.27 43.92 OK
r-devel-linux-x86_64-fedora-clang 1.2.17 83.46 OK
r-devel-linux-x86_64-fedora-gcc 1.2.17 83.35 OK
r-devel-windows-x86_64 1.2.17 53.00 76.00 129.00 OK
r-patched-linux-x86_64 1.2.17 3.38 55.54 58.92 OK
r-release-linux-x86_64 1.2.17 OK
r-release-macos-arm64 1.2.17 22.00 NOTE
r-release-macos-x86_64 1.2.17 35.00 OK
r-release-windows-x86_64 1.2.17 80.00 83.00 163.00 OK
r-oldrel-macos-arm64 1.2.17 31.00 NOTE
r-oldrel-macos-x86_64 1.2.17 49.00 OK
r-oldrel-windows-ix86+x86_64 1.2.17 7.00 80.00 87.00 OK

Check Details

Version: 1.2.17
Check: package dependencies
Result: NOTE
    Package suggested but not available for checking: ‘xcms’
Flavors: r-release-macos-arm64, r-oldrel-macos-arm64