CRAN Package Check Results for Package CorrectOverloadedPeaks

Last updated on 2019-01-24 11:52:07 CET.

Flavor Version Tinstall Tcheck Ttotal Status Flags
r-devel-linux-x86_64-debian-clang 1.2.15 18.83 281.91 300.74 OK
r-devel-linux-x86_64-debian-gcc 1.2.15 17.01 208.58 225.59 OK
r-devel-linux-x86_64-fedora-clang 1.2.15 356.66 OK
r-devel-linux-x86_64-fedora-gcc 1.2.15 326.24 OK
r-devel-windows-ix86+x86_64 1.2.15 44.00 270.00 314.00 WARN
r-patched-linux-x86_64 1.2.15 14.92 263.21 278.13 OK
r-release-linux-x86_64 1.2.15 17.53 260.74 278.27 OK
r-release-windows-ix86+x86_64 1.2.15 29.00 338.00 367.00 OK
r-release-osx-x86_64 1.2.15 ERROR
r-oldrel-windows-ix86+x86_64 1.2.15 53.00 269.00 322.00 OK
r-oldrel-osx-x86_64 1.2.15 ERROR

Check Details

Version: 1.2.15
Check: whether package can be installed
Result: WARN
    Found the following significant warnings:
     Warning: 'BiocInstaller' and 'biocLite()' are deprecated, use the 'BiocManager' CRAN
Flavor: r-devel-windows-ix86+x86_64

Version: 1.2.15
Check: package dependencies
Result: ERROR
    Package required but not available: ‘xcms’
    
    See section ‘The DESCRIPTION file’ in the ‘Writing R Extensions’
    manual.
Flavor: r-release-osx-x86_64

Version: 1.2.15
Check: whether package can be installed
Result: ERROR
    Installation failed.
Flavor: r-oldrel-osx-x86_64