CRAN Package Check Results for Package Counterfactual

Last updated on 2018-01-18 11:49:47 CET.

Flavor Version Tinstall Tcheck Ttotal Status Flags
r-devel-linux-x86_64-debian-clang 1.1 4.23 83.87 88.10 OK
r-devel-linux-x86_64-debian-gcc 1.1 3.52 72.67 76.19 OK
r-devel-linux-x86_64-fedora-clang 1.1 126.81 OK
r-devel-linux-x86_64-fedora-gcc 1.1 127.39 OK
r-devel-windows-ix86+x86_64 1.1 9.00 409.00 418.00 OK
r-patched-linux-x86_64 1.1 5.09 108.28 113.37 OK
r-patched-solaris-x86 1.1 1329.30 OK
r-release-linux-x86_64 1.1 5.51 104.96 110.47 OK
r-release-windows-ix86+x86_64 1.1 13.00 455.00 468.00 OK
r-release-osx-x86_64 1.1 NOTE
r-oldrel-windows-ix86+x86_64 1.1 16.00 552.00 568.00 OK
r-oldrel-osx-x86_64 1.1 OK

Check Details

Version: 1.1
Check: re-building of vignette outputs
Result: NOTE
    Error in re-building vignettes:
     ...
    
    The following object is masked from ‘package:base’:
    
     backsolve
    
    The following objects are masked from engel (pos = 3):
    
     foodexp, income
    
    Warning: glm.fit: fitted probabilities numerically 0 or 1 occurred
    Warning: glm.fit: fitted probabilities numerically 0 or 1 occurred
    Warning: glm.fit: fitted probabilities numerically 0 or 1 occurred
    Warning: glm.fit: fitted probabilities numerically 0 or 1 occurred
    Error in texi2dvi(file = file, pdf = TRUE, clean = clean, quiet = quiet, :
     Running 'texi2dvi' on 'vignette.tex' failed.
    BibTeX errors:
    The top-level auxiliary file: vignette.aux
    I couldn't open style file chicago.bst
    ---line 45 of file vignette.aux
     : \bibstyle{chicago
     : }
    I'm skipping whatever remains of this command
    I found no style file---while reading file vignette.aux
    Calls: buildVignettes -> texi2pdf -> texi2dvi
    Execution halted
Flavor: r-release-osx-x86_64