CRAN Package Check Results for Package Counterfactual

Last updated on 2018-10-24 05:49:36 CEST.

Flavor Version Tinstall Tcheck Ttotal Status Flags
r-devel-linux-x86_64-debian-clang 1.1 8.74 121.76 130.50 OK
r-devel-linux-x86_64-debian-gcc 1.1 7.09 94.51 101.60 OK
r-devel-linux-x86_64-fedora-clang 1.1 153.09 OK
r-devel-linux-x86_64-fedora-gcc 1.1 151.17 OK
r-devel-windows-ix86+x86_64 1.1 26.00 543.00 569.00 WARN
r-patched-linux-x86_64 1.1 7.75 100.54 108.29 OK
r-patched-solaris-x86 1.1 1259.20 OK
r-release-linux-x86_64 1.1 8.66 100.97 109.63 OK
r-release-windows-ix86+x86_64 1.1 20.00 504.00 524.00 WARN
r-release-osx-x86_64 1.1 OK
r-oldrel-windows-ix86+x86_64 1.1 14.00 509.00 523.00 WARN
r-oldrel-osx-x86_64 1.1 NOTE

Check Details

Version: 1.1
Check: whether package can be installed
Result: WARN
    Found the following significant warnings:
     Warning: S3 methods '[.fun_list', '[.grouped_df', 'all.equal.tbl_df', 'anti_join.data.frame', 'anti_join.tbl_df', 'arrange.data.frame', 'arrange.default', 'arrange.grouped_df', 'arrange.tbl_df', 'arrange_.data.frame', 'arrange_.tbl_df', 'as.data.frame.grouped_df', 'as.data.frame.rowwise_df', 'as.data.frame.tbl_cube', 'as.data.frame.tbl_df', 'as.table.tbl_cube', 'as.tbl.data.frame', 'as.tbl.tbl', 'as.tbl_cube.array', 'as.tbl_cube.data.frame', 'as.tbl_cube.matrix', 'as.tbl_cube.table', 'as_data_frame.grouped_df', 'as_data_frame.tbl_cube', 'auto_copy.tbl_cube', 'auto_copy.tbl_df', 'cbind.grouped_df', 'collapse.data.frame', 'collect.data.frame', 'common_by.NULL', 'common_by.character', 'common_by.default', 'common_by.list', 'compute.data.frame', 'copy_to.DBIConnection', 'copy_to.src_local', 'default_missing.data.frame', 'default_missing.default', 'dim.tbl_cube', 'distinct.data.frame', 'distinct.default', 'distinct.grouped_df', 'distinct.tbl_df', 'distinct_.data.frame', 'distinct_.grouped_df', 'dist [... truncated]
Flavors: r-devel-windows-ix86+x86_64, r-release-windows-ix86+x86_64, r-oldrel-windows-ix86+x86_64

Version: 1.1
Check: re-building of vignette outputs
Result: NOTE
    Error in re-building vignettes:
     ...
    
    The following object is masked from ‘package:base’:
    
     backsolve
    
    The following objects are masked from engel (pos = 3):
    
     foodexp, income
    
    Warning: glm.fit: fitted probabilities numerically 0 or 1 occurred
    Warning: glm.fit: fitted probabilities numerically 0 or 1 occurred
    Warning: glm.fit: fitted probabilities numerically 0 or 1 occurred
    Warning: glm.fit: fitted probabilities numerically 0 or 1 occurred
    Error in texi2dvi(file = file, pdf = TRUE, clean = clean, quiet = quiet, :
     Running 'texi2dvi' on 'vignette.tex' failed.
    BibTeX errors:
    The top-level auxiliary file: vignette.aux
    I couldn't open style file chicago.bst
    ---line 45 of file vignette.aux
     : \bibstyle{chicago
     : }
    I'm skipping whatever remains of this command
    I found no style file---while reading file vignette.aux
    Calls: buildVignettes -> texi2pdf -> texi2dvi
    Execution halted
Flavor: r-oldrel-osx-x86_64