CRAN Package Check Results for Package Counterfactual

Last updated on 2018-07-18 00:49:41 CEST.

Flavor Version Tinstall Tcheck Ttotal Status Flags
r-devel-linux-x86_64-debian-clang 1.1 8.05 121.50 129.55 OK
r-devel-linux-x86_64-debian-gcc 1.1 8.24 94.17 102.41 OK
r-devel-linux-x86_64-fedora-clang 1.1 149.10 OK
r-devel-linux-x86_64-fedora-gcc 1.1 151.60 OK
r-devel-windows-ix86+x86_64 1.1 25.00 544.00 569.00 OK
r-patched-linux-x86_64 1.1 8.32 103.39 111.71 OK
r-patched-solaris-x86 1.1 1235.50 OK
r-release-linux-x86_64 1.1 8.05 103.43 111.48 OK
r-release-windows-ix86+x86_64 1.1 23.00 518.00 541.00 OK
r-release-osx-x86_64 1.1 OK
r-oldrel-windows-ix86+x86_64 1.1 12.00 432.00 444.00 OK
r-oldrel-osx-x86_64 1.1 NOTE

Check Details

Version: 1.1
Check: re-building of vignette outputs
Result: NOTE
    Error in re-building vignettes:
     ...
    
    The following object is masked from ‘package:base’:
    
     backsolve
    
    The following objects are masked from engel (pos = 3):
    
     foodexp, income
    
    Warning: glm.fit: fitted probabilities numerically 0 or 1 occurred
    Warning: glm.fit: fitted probabilities numerically 0 or 1 occurred
    Warning: glm.fit: fitted probabilities numerically 0 or 1 occurred
    Warning: glm.fit: fitted probabilities numerically 0 or 1 occurred
    Error in texi2dvi(file = file, pdf = TRUE, clean = clean, quiet = quiet, :
     Running 'texi2dvi' on 'vignette.tex' failed.
    BibTeX errors:
    The top-level auxiliary file: vignette.aux
    I couldn't open style file chicago.bst
    ---line 45 of file vignette.aux
     : \bibstyle{chicago
     : }
    I'm skipping whatever remains of this command
    I found no style file---while reading file vignette.aux
    Calls: buildVignettes -> texi2pdf -> texi2dvi
    Execution halted
Flavor: r-oldrel-osx-x86_64