CRAN Package Check Results for Package Countr

Last updated on 2018-10-16 23:49:50 CEST.

Flavor Version Tinstall Tcheck Ttotal Status Flags
r-devel-linux-x86_64-debian-clang 3.5.2 118.92 144.98 263.90 OK
r-devel-linux-x86_64-debian-gcc 3.5.2 104.62 114.20 218.82 OK
r-devel-linux-x86_64-fedora-clang 3.5.2 354.64 NOTE
r-devel-linux-x86_64-fedora-gcc 3.5.2 350.73 OK
r-devel-windows-ix86+x86_64 3.5.2 313.00 274.00 587.00 NOTE
r-patched-linux-x86_64 3.5.2 136.76 117.17 253.93 OK
r-patched-solaris-x86 3.5.2 344.50 OK
r-release-linux-x86_64 3.5.2 132.60 118.68 251.28 OK
r-release-windows-ix86+x86_64 3.5.2 273.00 241.00 514.00 NOTE
r-release-osx-x86_64 3.5.2 NOTE
r-oldrel-windows-ix86+x86_64 3.5.2 313.00 255.00 568.00 NOTE
r-oldrel-osx-x86_64 3.5.2 NOTE

Check Details

Version: 3.5.2
Check: installed package size
Result: NOTE
     installed size is 8.4Mb
     sub-directories of 1Mb or more:
     doc 1.9Mb
     libs 5.5Mb
Flavors: r-devel-linux-x86_64-fedora-clang, r-devel-windows-ix86+x86_64, r-release-windows-ix86+x86_64, r-release-osx-x86_64, r-oldrel-windows-ix86+x86_64, r-oldrel-osx-x86_64