CRAN Package Check Results for Package Countr

Last updated on 2018-02-21 07:47:24 CET.

Flavor Version Tinstall Tcheck Ttotal Status Flags
r-devel-linux-x86_64-debian-clang 3.4.1 96.13 113.76 209.89 OK
r-devel-linux-x86_64-debian-gcc 3.4.1 84.21 92.79 177.00 OK
r-devel-linux-x86_64-fedora-clang 3.4.1 299.80 NOTE
r-devel-linux-x86_64-fedora-gcc 3.4.1 282.57 NOTE
r-devel-windows-ix86+x86_64 3.4.1 195.00 178.00 373.00 NOTE
r-patched-linux-x86_64 3.4.1 100.36 116.27 216.63 OK
r-patched-solaris-x86 3.4.1 329.40 OK
r-release-linux-x86_64 3.4.1 101.04 117.29 218.33 OK
r-release-windows-ix86+x86_64 3.4.1 280.00 226.00 506.00 NOTE
r-release-osx-x86_64 3.4.1 NOTE
r-oldrel-windows-ix86+x86_64 3.4.1 295.00 217.00 512.00 NOTE
r-oldrel-osx-x86_64 3.4.1 ERROR

Check Details

Version: 3.4.1
Check: installed package size
Result: NOTE
     installed size is 8.0Mb
     sub-directories of 1Mb or more:
     doc 1.9Mb
     libs 5.1Mb
Flavors: r-devel-linux-x86_64-fedora-clang, r-devel-linux-x86_64-fedora-gcc, r-devel-windows-ix86+x86_64, r-release-windows-ix86+x86_64, r-release-osx-x86_64, r-oldrel-windows-ix86+x86_64

Version: 3.4.1
Check: package dependencies
Result: ERROR
    Package required but not available: ‘standardize’
    
    See section ‘The DESCRIPTION file’ in the ‘Writing R Extensions’
    manual.
Flavor: r-oldrel-osx-x86_64