CRAN Package Check Results for Package Countr

Last updated on 2018-05-25 13:47:49 CEST.

Flavor Version Tinstall Tcheck Ttotal Status Flags
r-devel-linux-x86_64-debian-clang 3.4.1 114.53 132.41 246.94 OK
r-devel-linux-x86_64-debian-gcc 3.4.1 98.38 104.91 203.29 OK
r-devel-linux-x86_64-fedora-clang 3.4.1 324.52 NOTE
r-devel-linux-x86_64-fedora-gcc 3.4.1 309.65 NOTE
r-devel-windows-ix86+x86_64 3.4.1 211.00 185.00 396.00 NOTE
r-patched-linux-x86_64 3.4.1 110.09 113.87 223.96 OK
r-patched-solaris-x86 3.4.1 340.80 OK
r-release-linux-x86_64 3.4.1 123.07 113.09 236.16 OK
r-release-windows-ix86+x86_64 3.4.1 281.00 250.00 531.00 NOTE
r-release-osx-x86_64 3.4.1 NOTE
r-oldrel-windows-ix86+x86_64 3.4.1 284.00 176.00 460.00 NOTE
r-oldrel-osx-x86_64 3.4.1 NOTE

Check Details

Version: 3.4.1
Check: installed package size
Result: NOTE
     installed size is 8.1Mb
     sub-directories of 1Mb or more:
     doc 1.9Mb
     libs 5.2Mb
Flavors: r-devel-linux-x86_64-fedora-clang, r-devel-linux-x86_64-fedora-gcc, r-devel-windows-ix86+x86_64, r-release-windows-ix86+x86_64, r-release-osx-x86_64, r-oldrel-windows-ix86+x86_64, r-oldrel-osx-x86_64