CRAN Package Check Results for Package Countr

Last updated on 2019-01-23 17:49:40 CET.

Flavor Version Tinstall Tcheck Ttotal Status Flags
r-devel-linux-x86_64-debian-clang 3.5.2 118.70 134.09 252.79 OK
r-devel-linux-x86_64-debian-gcc 3.5.2 110.51 103.11 213.62 OK
r-devel-linux-x86_64-fedora-clang 3.5.2 341.16 NOTE
r-devel-linux-x86_64-fedora-gcc 3.5.2 321.23 OK
r-devel-windows-ix86+x86_64 3.5.2 291.00 293.00 584.00 NOTE
r-patched-linux-x86_64 3.5.2 134.50 118.84 253.34 OK
r-patched-solaris-x86 3.5.2 349.70 OK
r-release-linux-x86_64 3.5.2 134.52 118.16 252.68 OK
r-release-windows-ix86+x86_64 3.5.2 226.00 201.00 427.00 NOTE
r-release-osx-x86_64 3.5.2 NOTE
r-oldrel-windows-ix86+x86_64 3.5.2 293.00 279.00 572.00 NOTE
r-oldrel-osx-x86_64 3.5.2 NOTE

Check Details

Version: 3.5.2
Check: installed package size
Result: NOTE
     installed size is 8.4Mb
     sub-directories of 1Mb or more:
     doc 1.9Mb
     libs 5.5Mb
Flavors: r-devel-linux-x86_64-fedora-clang, r-devel-windows-ix86+x86_64, r-release-windows-ix86+x86_64, r-release-osx-x86_64, r-oldrel-windows-ix86+x86_64, r-oldrel-osx-x86_64