CRAN Package Check Results for Package Countr

Last updated on 2024-06-13 02:58:53 CEST.

Flavor Version Tinstall Tcheck Ttotal Status Flags
r-devel-linux-x86_64-debian-clang 3.5.8 170.19 177.51 347.70 OK
r-devel-linux-x86_64-debian-gcc 3.5.8 0.68 1.91 2.59 ERROR
r-devel-linux-x86_64-fedora-clang 3.5.8 486.71 OK
r-devel-linux-x86_64-fedora-gcc 3.5.8 520.04 OK
r-devel-windows-x86_64 3.5.8 125.00 217.00 342.00 OK
r-patched-linux-x86_64 3.5.8 131.53 176.53 308.06 OK
r-release-linux-x86_64 3.5.8 142.89 174.79 317.68 OK
r-release-macos-arm64 3.5.8 112.00 NOTE
r-release-macos-x86_64 3.5.8 141.00 NOTE
r-release-windows-x86_64 3.5.8 129.00 238.00 367.00 OK
r-oldrel-macos-arm64 3.5.8 116.00 NOTE
r-oldrel-macos-x86_64 3.5.8 193.00 NOTE
r-oldrel-windows-x86_64 3.5.8 158.00 235.00 393.00 OK

Check Details

Version: 3.5.8
Check: package dependencies
Result: ERROR Packages required but not available: 'flexsurv', 'optimx', 'car', 'dplyr', 'standardize' Package suggested but not available for checking: ‘testthat’ See section ‘The DESCRIPTION file’ in the ‘Writing R Extensions’ manual. Flavor: r-devel-linux-x86_64-debian-gcc

Version: 3.5.8
Check: installed package size
Result: NOTE installed size is 8.3Mb sub-directories of 1Mb or more: doc 1.9Mb libs 5.3Mb Flavors: r-release-macos-arm64, r-release-macos-x86_64, r-oldrel-macos-arm64, r-oldrel-macos-x86_64