CRAN Package Check Results for Package Countr

Last updated on 2018-08-15 08:48:37 CEST.

Flavor Version Tinstall Tcheck Ttotal Status Flags
r-devel-linux-x86_64-debian-clang 3.4.1 112.08 138.41 250.49 OK
r-devel-linux-x86_64-debian-gcc 3.4.1 103.35 107.85 211.20 OK
r-devel-linux-x86_64-fedora-clang 3.4.1 331.94 NOTE
r-devel-linux-x86_64-fedora-gcc 3.4.1 331.06 OK
r-devel-windows-ix86+x86_64 3.4.1 204.00 186.00 390.00 NOTE
r-patched-linux-x86_64 3.4.1 133.53 118.80 252.33 OK
r-patched-solaris-x86 3.4.1 335.40 OK
r-release-linux-x86_64 3.4.1 127.34 115.62 242.96 OK
r-release-windows-ix86+x86_64 3.4.1 220.00 260.00 480.00 NOTE
r-release-osx-x86_64 3.4.1 NOTE
r-oldrel-windows-ix86+x86_64 3.4.1 262.00 258.00 520.00 NOTE
r-oldrel-osx-x86_64 3.4.1 NOTE

Check Details

Version: 3.4.1
Check: installed package size
Result: NOTE
     installed size is 8.1Mb
     sub-directories of 1Mb or more:
     doc 1.9Mb
     libs 5.2Mb
Flavors: r-devel-linux-x86_64-fedora-clang, r-devel-windows-ix86+x86_64, r-release-windows-ix86+x86_64, r-release-osx-x86_64, r-oldrel-windows-ix86+x86_64, r-oldrel-osx-x86_64