CRAN Package Check Results for Package CovSelHigh

Last updated on 2020-01-27 02:47:11 CET.

Flavor Version Tinstall Tcheck Ttotal Status Flags
r-devel-linux-x86_64-debian-clang 1.1.1 15.96 109.66 125.62 OK
r-devel-linux-x86_64-debian-gcc 1.1.1 15.37 82.43 97.80 OK
r-devel-linux-x86_64-fedora-clang 1.1.1 151.11 WARN
r-devel-linux-x86_64-fedora-gcc 1.1.1 159.16 OK
r-devel-windows-ix86+x86_64 1.1.1 62.00 163.00 225.00 OK
r-devel-windows-ix86+x86_64-gcc8 1.1.1 51.00 124.00 175.00 OK
r-patched-linux-x86_64 1.1.1 16.10 94.41 110.51 OK
r-patched-solaris-x86 1.1.1 194.50 OK
r-release-linux-x86_64 1.1.1 14.63 94.45 109.08 OK
r-release-windows-ix86+x86_64 1.1.1 25.00 104.00 129.00 OK
r-release-osx-x86_64 1.1.1 OK
r-oldrel-windows-ix86+x86_64 1.1.1 17.00 101.00 118.00 OK
r-oldrel-osx-x86_64 1.1.1 OK

Check Details

Version: 1.1.1
Check: package dependencies
Result: WARN
    Requires orphaned package: ‘doRNG’
Flavor: r-devel-linux-x86_64-fedora-clang