CRAN Package Check Results for Package CovSelHigh

Last updated on 2019-09-16 00:47:37 CEST.

Flavor Version Tinstall Tcheck Ttotal Status Flags
r-devel-linux-x86_64-debian-clang 1.1.1 15.96 100.13 116.09 OK
r-devel-linux-x86_64-debian-gcc 1.1.1 13.34 75.72 89.06 OK
r-devel-linux-x86_64-fedora-clang 1.1.1 135.90 OK
r-devel-linux-x86_64-fedora-gcc 1.1.1 137.21 OK
r-devel-windows-ix86+x86_64 1.1.1 32.00 7.00 39.00 ERROR
r-patched-linux-x86_64 1.1.1 15.07 98.00 113.07 OK
r-patched-solaris-x86 1.1.1 190.30 OK
r-release-linux-x86_64 1.1.1 16.47 96.52 112.99 OK
r-release-windows-ix86+x86_64 1.1.1 26.00 101.00 127.00 OK
r-release-osx-x86_64 1.1.1 OK
r-oldrel-windows-ix86+x86_64 1.1.1 32.00 108.00 140.00 OK
r-oldrel-osx-x86_64 1.1.1 OK

Check Details

Version: 1.1.1
Check: whether package can be installed
Result: ERROR
    Installation failed.
Flavor: r-devel-windows-ix86+x86_64