CRAN Package Check Results for Package CovTools

Last updated on 2019-09-19 09:47:48 CEST.

Flavor Version Tinstall Tcheck Ttotal Status Flags
r-devel-linux-x86_64-debian-clang 0.5.2 60.10 79.85 139.95 OK
r-devel-linux-x86_64-debian-gcc 0.5.2 50.96 63.78 114.74 OK
r-devel-linux-x86_64-fedora-clang 0.5.2 196.18 OK
r-devel-linux-x86_64-fedora-gcc 0.5.2 188.12 OK
r-devel-windows-ix86+x86_64 0.5.2 189.00 219.00 408.00 OK
r-patched-linux-x86_64 0.5.2 58.09 78.66 136.75 OK
r-patched-solaris-x86 0.5.2 256.70 OK
r-release-linux-x86_64 0.5.2 55.45 78.69 134.14 OK
r-release-windows-ix86+x86_64 0.5.2 136.00 153.00 289.00 OK
r-release-osx-x86_64 0.5.2 WARN
r-oldrel-windows-ix86+x86_64 0.5.2 115.00 127.00 242.00 OK
r-oldrel-osx-x86_64 0.5.2 WARN

Check Details

Version: 0.5.2
Check: whether package can be installed
Result: WARN
    Found the following significant warnings:
     Warning: 'rgl_init' failed, running with rgl.useNULL = TRUE
Flavors: r-release-osx-x86_64, r-oldrel-osx-x86_64

Version: 0.5.2
Check: dependencies in R code
Result: NOTE
    No protocol specified
Flavors: r-release-osx-x86_64, r-oldrel-osx-x86_64

Version: 0.5.2
Check: S3 generic/method consistency
Result: WARN
    No protocol specified
    See section ‘Generic functions and methods’ in the ‘Writing R
    Extensions’ manual.
Flavors: r-release-osx-x86_64, r-oldrel-osx-x86_64

Version: 0.5.2
Check: replacement functions
Result: WARN
    No protocol specified
    The argument of a replacement function which corresponds to the right
    hand side must be named ‘value’.
Flavors: r-release-osx-x86_64, r-oldrel-osx-x86_64

Version: 0.5.2
Check: foreign function calls
Result: NOTE
    No protocol specified
    See chapter ‘System and foreign language interfaces’ in the ‘Writing R
    Extensions’ manual.
Flavors: r-release-osx-x86_64, r-oldrel-osx-x86_64

Version: 0.5.2
Check: R code for possible problems
Result: NOTE
    No protocol specified
Flavors: r-release-osx-x86_64, r-oldrel-osx-x86_64

Version: 0.5.2
Check: Rd files
Result: WARN
    No protocol specified
    prepare_Rd: RGL: unable to open X11 display
    prepare_Rd: 'rgl_init' failed, running with rgl.useNULL = TRUE
Flavor: r-release-osx-x86_64

Version: 0.5.2
Check: for missing documentation entries
Result: WARN
    No protocol specified
    All user-level objects in a package should have documentation entries.
    See chapter ‘Writing R documentation files’ in the ‘Writing R
    Extensions’ manual.
Flavors: r-release-osx-x86_64, r-oldrel-osx-x86_64

Version: 0.5.2
Check: for code/documentation mismatches
Result: WARN
    No protocol specified
    No protocol specified
    No protocol specified
Flavors: r-release-osx-x86_64, r-oldrel-osx-x86_64

Version: 0.5.2
Check: Rd \usage sections
Result: NOTE
    No protocol specified
    The \usage entries for S3 methods should use the \method markup and not
    their full name.
    See chapter ‘Writing R documentation files’ in the ‘Writing R
    Extensions’ manual.
Flavors: r-release-osx-x86_64, r-oldrel-osx-x86_64