CRAN Package Check Results for Package CovTools

Last updated on 2024-02-25 16:51:38 CET.

Flavor Version Tinstall Tcheck Ttotal Status Flags
r-devel-linux-x86_64-debian-clang 0.5.4 82.93 105.60 188.53 NOTE
r-devel-linux-x86_64-debian-gcc 0.5.4 59.82 82.89 142.71 NOTE
r-devel-linux-x86_64-fedora-clang 0.5.4 273.62 NOTE
r-devel-linux-x86_64-fedora-gcc 0.5.4 247.58 NOTE
r-devel-windows-x86_64 0.5.4 63.00 123.00 186.00 NOTE
r-patched-linux-x86_64 0.5.4 55.71 107.94 163.65 NOTE
r-release-linux-x86_64 0.5.4 56.61 104.26 160.87 NOTE
r-release-macos-arm64 0.5.4 66.00 NOTE
r-release-macos-x86_64 0.5.4 113.00 NOTE
r-release-windows-x86_64 0.5.4 80.00 149.00 229.00 NOTE
r-oldrel-macos-arm64 0.5.4 61.00 OK
r-oldrel-windows-x86_64 0.5.4 79.00 145.00 224.00 OK

Check Details

Version: 0.5.4
Check: C++ specification
Result: NOTE Specified C++11: please drop specification unless essential Flavors: r-devel-linux-x86_64-debian-clang, r-devel-linux-x86_64-debian-gcc, r-devel-linux-x86_64-fedora-clang, r-devel-linux-x86_64-fedora-gcc, r-devel-windows-x86_64, r-patched-linux-x86_64, r-release-linux-x86_64, r-release-macos-arm64, r-release-macos-x86_64, r-release-windows-x86_64