CRAN Package Check Results for Package CovTools

Last updated on 2020-02-27 17:50:52 CET.

Flavor Version Tinstall Tcheck Ttotal Status Flags
r-devel-linux-x86_64-debian-clang 0.5.3 74.30 93.16 167.46 OK
r-devel-linux-x86_64-debian-gcc 0.5.3 49.12 72.81 121.93 OK
r-devel-linux-x86_64-fedora-clang 0.5.3 227.10 OK
r-devel-linux-x86_64-fedora-gcc 0.5.3 202.33 OK
r-devel-windows-ix86+x86_64 0.5.3 139.00 154.00 293.00 OK
r-devel-windows-ix86+x86_64-gcc8 0.5.3 152.00 167.00 319.00 OK
r-patched-linux-x86_64 0.5.3 58.91 83.84 142.75 OK
r-patched-solaris-x86 0.5.3 256.00 OK
r-release-linux-x86_64 0.5.3 63.09 83.62 146.71 OK
r-release-windows-ix86+x86_64 0.5.3 133.00 149.00 282.00 OK
r-release-osx-x86_64 0.5.3 WARN
r-oldrel-windows-ix86+x86_64 0.5.3 120.00 130.00 250.00 OK
r-oldrel-osx-x86_64 0.5.3 WARN

Check Details

Version: 0.5.3
Check: whether package can be installed
Result: WARN
    Found the following significant warnings:
     Warning: 'rgl_init' failed, running with rgl.useNULL = TRUE
Flavors: r-release-osx-x86_64, r-oldrel-osx-x86_64

Version: 0.5.3
Check: dependencies in R code
Result: NOTE
    No protocol specified
Flavors: r-release-osx-x86_64, r-oldrel-osx-x86_64

Version: 0.5.3
Check: S3 generic/method consistency
Result: WARN
    No protocol specified
    See section ‘Generic functions and methods’ in the ‘Writing R
    Extensions’ manual.
Flavors: r-release-osx-x86_64, r-oldrel-osx-x86_64

Version: 0.5.3
Check: replacement functions
Result: WARN
    No protocol specified
    The argument of a replacement function which corresponds to the right
    hand side must be named ‘value’.
Flavors: r-release-osx-x86_64, r-oldrel-osx-x86_64

Version: 0.5.3
Check: foreign function calls
Result: NOTE
    No protocol specified
    See chapter ‘System and foreign language interfaces’ in the ‘Writing R
    Extensions’ manual.
Flavors: r-release-osx-x86_64, r-oldrel-osx-x86_64

Version: 0.5.3
Check: R code for possible problems
Result: NOTE
    No protocol specified
Flavors: r-release-osx-x86_64, r-oldrel-osx-x86_64

Version: 0.5.3
Check: Rd files
Result: WARN
    No protocol specified
    prepare_Rd: RGL: unable to open X11 display
    prepare_Rd: 'rgl_init' failed, running with rgl.useNULL = TRUE
Flavor: r-release-osx-x86_64

Version: 0.5.3
Check: for missing documentation entries
Result: WARN
    No protocol specified
    All user-level objects in a package should have documentation entries.
    See chapter ‘Writing R documentation files’ in the ‘Writing R
    Extensions’ manual.
Flavors: r-release-osx-x86_64, r-oldrel-osx-x86_64

Version: 0.5.3
Check: for code/documentation mismatches
Result: WARN
    No protocol specified
    No protocol specified
    No protocol specified
Flavors: r-release-osx-x86_64, r-oldrel-osx-x86_64

Version: 0.5.3
Check: Rd \usage sections
Result: NOTE
    No protocol specified
    The \usage entries for S3 methods should use the \method markup and not
    their full name.
    See chapter ‘Writing R documentation files’ in the ‘Writing R
    Extensions’ manual.
Flavors: r-release-osx-x86_64, r-oldrel-osx-x86_64