Last updated on 2022-08-13 08:53:29 CEST.
Flavor | Version | Tinstall | Tcheck | Ttotal | Status | Flags |
---|---|---|---|---|---|---|
r-devel-linux-x86_64-debian-clang | 0.0.1.0 | 7.48 | 71.19 | 78.67 | OK | |
r-devel-linux-x86_64-debian-gcc | 0.0.1.0 | 7.11 | 54.66 | 61.77 | OK | |
r-devel-linux-x86_64-fedora-clang | 0.0.1.0 | 109.73 | OK | |||
r-devel-linux-x86_64-fedora-gcc | 0.0.1.0 | 110.70 | OK | |||
r-devel-windows-x86_64 | 0.0.1.0 | 13.00 | 93.00 | 106.00 | OK | |
r-patched-linux-x86_64 | 0.0.1.0 | 8.67 | 68.81 | 77.48 | OK | |
r-release-linux-x86_64 | 0.0.1.0 | 7.42 | 68.65 | 76.07 | OK | |
r-release-macos-arm64 | 0.0.1.0 | 28.00 | OK | |||
r-release-macos-x86_64 | 0.0.1.0 | 43.00 | OK | |||
r-release-windows-x86_64 | 0.0.1.0 | 13.00 | 93.00 | 106.00 | OK | |
r-oldrel-macos-arm64 | 0.0.1.0 | 32.00 | OK | |||
r-oldrel-macos-x86_64 | 0.0.1.0 | 40.00 | OK | |||
r-oldrel-windows-ix86+x86_64 | 0.0.1.0 | 21.00 | 91.00 | 112.00 | ERROR |
Version: 0.0.1.0
Check: PDF version of manual
Result: WARN
LaTeX errors when creating PDF version.
This typically indicates Rd problems.
LaTeX errors found:
! Package inputenc Error: Unicode char â<c2><80><c2><90> (U+2010)
(inputenc) not set up for use with LaTeX.
See the inputenc package documentation for explanation.
Type H <return> for immediate help.
! Package inputenc Error: Unicode char â<c2><80><c2><90> (U+2010)
(inputenc) not set up for use with LaTeX.
See the inputenc package documentation for explanation.
Type H <return> for immediate help.
! Package inputenc Error: Unicode char â<c2><80><c2><90> (U+2010)
(inputenc) not set up for use with LaTeX.
See the inputenc package documentation for explanation.
Type H <return> for immediate help.
! Package inputenc Error: Unicode char â<c2><80><c2><90> (U+2010)
(inputenc) not set up for use with LaTeX.
See the inputenc package documentation for explanation.
Type H <return> for immediate help.
! Package inputenc Error: Unicode char â<c2><80><c2><90> (U+2010)
(inputenc) not set up for use with LaTeX.
See the inputenc package documentation for explanation.
Type H <return> for immediate help.
! Package inputenc Error: Unicode char â<c2><80><c2><90> (U+2010)
(inputenc) not set up for use with LaTeX.
See the inputenc package documentation for explanation.
Type H <return> for immediate help.
Flavor: r-oldrel-windows-ix86+x86_64
Version: 0.0.1.0
Check: PDF version of manual without hyperrefs or index
Result: ERROR
Flavor: r-oldrel-windows-ix86+x86_64