CRAN Package Check Results for Package CoxICPen

Last updated on 2024-04-18 21:56:47 CEST.

Flavor Version Tinstall Tcheck Ttotal Status Flags
r-devel-linux-x86_64-debian-clang 1.1.0 3.46 37.34 40.80 NOTE
r-devel-linux-x86_64-debian-gcc 1.1.0 3.69 27.19 30.88 NOTE
r-devel-linux-x86_64-fedora-clang 1.1.0 51.12 NOTE
r-devel-linux-x86_64-fedora-gcc 1.1.0 47.13 NOTE
r-prerel-macos-arm64 1.1.0 18.00 NOTE
r-prerel-windows-x86_64 1.1.0 5.00 48.00 53.00 NOTE
r-patched-linux-x86_64 1.1.0 4.85 36.01 40.86 NOTE
r-release-linux-x86_64 1.1.0 2.79 35.36 38.15 NOTE
r-release-macos-arm64 1.1.0 20.00 NOTE
r-release-macos-x86_64 1.1.0 27.00 NOTE
r-release-windows-x86_64 1.1.0 5.00 48.00 53.00 NOTE
r-oldrel-macos-arm64 1.1.0 19.00 NOTE
r-oldrel-windows-x86_64 1.1.0 6.00 53.00 59.00 NOTE

Check Details

Version: 1.1.0
Check: LazyData
Result: NOTE 'LazyData' is specified without a 'data' directory Flavors: r-devel-linux-x86_64-debian-clang, r-devel-linux-x86_64-debian-gcc, r-devel-linux-x86_64-fedora-clang, r-devel-linux-x86_64-fedora-gcc, r-prerel-macos-arm64, r-prerel-windows-x86_64, r-patched-linux-x86_64, r-release-linux-x86_64, r-release-macos-arm64, r-release-macos-x86_64, r-release-windows-x86_64, r-oldrel-macos-arm64, r-oldrel-windows-x86_64