CRAN Package Check Results for Package CpGassoc

Last updated on 2022-12-07 10:49:56 CET.

Flavor Version Tinstall Tcheck Ttotal Status Flags
r-devel-linux-x86_64-debian-clang 2.60 6.88 86.26 93.14 OK
r-devel-linux-x86_64-debian-gcc 2.60 5.28 70.46 75.74 OK
r-devel-linux-x86_64-fedora-clang 2.60 129.16 OK
r-devel-linux-x86_64-fedora-gcc 2.60 133.85 OK
r-devel-windows-x86_64 2.60 15.00 134.00 149.00 OK
r-patched-linux-x86_64 2.60 6.33 82.83 89.16 OK
r-release-linux-x86_64 2.60 5.91 83.40 89.31 OK
r-release-macos-arm64 2.60 44.00 NOTE
r-release-macos-x86_64 2.60 56.00 OK
r-release-windows-x86_64 2.60 24.00 128.00 152.00 OK
r-oldrel-macos-arm64 2.60 55.00 NOTE
r-oldrel-macos-x86_64 2.60 86.00 OK
r-oldrel-windows-ix86+x86_64 2.60 13.00 114.00 127.00 OK

Check Details

Version: 2.60
Check: package dependencies
Result: NOTE
    Package suggested but not available for checking: ‘qvalue’
Flavors: r-release-macos-arm64, r-oldrel-macos-arm64