CRAN Package Check Results for Package CropDetectR

Last updated on 2022-05-23 03:56:53 CEST.

Flavor Version Tinstall Tcheck Ttotal Status Flags
r-devel-linux-x86_64-debian-clang 0.0.1 8.76 107.92 116.68 NOTE
r-devel-linux-x86_64-debian-gcc 0.0.1 6.77 80.55 87.32 NOTE
r-devel-linux-x86_64-fedora-clang 0.0.1 136.50 NOTE
r-devel-linux-x86_64-fedora-gcc 0.0.1 134.37 NOTE
r-devel-windows-x86_64 0.0.1 24.00 129.00 153.00 NOTE
r-patched-linux-x86_64 0.0.1 8.26 100.04 108.30 NOTE
r-release-linux-x86_64 0.0.1 9.02 98.45 107.47 NOTE
r-release-macos-arm64 0.0.1 44.00 NOTE
r-release-macos-x86_64 0.0.1 74.00 NOTE
r-release-windows-x86_64 0.0.1 30.00 129.00 159.00 NOTE
r-oldrel-macos-arm64 0.0.1 75.00 NOTE
r-oldrel-macos-x86_64 0.0.1 76.00 NOTE
r-oldrel-windows-ix86+x86_64 0.0.1 23.00 120.00 143.00 NOTE

Additional issues

donttest

Check Details

Version: 0.0.1
Check: LazyData
Result: NOTE
     'LazyData' is specified without a 'data' directory
Flavors: r-devel-linux-x86_64-debian-clang, r-devel-linux-x86_64-debian-gcc, r-devel-linux-x86_64-fedora-clang, r-devel-linux-x86_64-fedora-gcc, r-devel-windows-x86_64, r-patched-linux-x86_64, r-release-linux-x86_64, r-release-macos-arm64, r-release-macos-x86_64, r-release-windows-x86_64, r-oldrel-macos-arm64, r-oldrel-macos-x86_64, r-oldrel-windows-ix86+x86_64