CRAN Package Check Results for Package CrossScreening

Last updated on 2018-02-21 09:50:21 CET.

Flavor Version Tinstall Tcheck Ttotal Status Flags
r-devel-linux-x86_64-debian-clang 0.1.1 4.70 114.62 119.32 OK
r-devel-linux-x86_64-debian-gcc 0.1.1 5.23 88.51 93.74 OK
r-devel-linux-x86_64-fedora-clang 0.1.1 149.81 OK
r-devel-linux-x86_64-fedora-gcc 0.1.1 145.72 OK
r-devel-windows-ix86+x86_64 0.1.1 12.00 195.00 207.00 OK
r-patched-linux-x86_64 0.1.1 4.28 119.06 123.34 OK
r-patched-solaris-x86 0.1.1 234.40 OK
r-release-linux-x86_64 0.1.1 4.01 118.82 122.83 OK
r-release-windows-ix86+x86_64 0.1.1 19.00 245.00 264.00 OK
r-release-osx-x86_64 0.1.1 WARN
r-oldrel-windows-ix86+x86_64 0.1.1 16.00 234.00 250.00 OK
r-oldrel-osx-x86_64 0.1.1 OK

Check Details

Version: 0.1.1
Check: re-building of vignette outputs
Result: WARN
    Error in re-building vignettes:
     ...
    Warning: running command 'kpsewhich framed.sty' had status 1
    Warning in test_latex_pkg("framed", system.file("misc", "framed.sty", package = "knitr")) :
     unable to find LaTeX package 'framed'; will use a copy from knitr
    Warning in wilcox.test.default(d.lead, alternative = "greater") :
     cannot compute exact p-value with ties
    Warning in wilcox.test.default(d.lead, alternative = "greater") :
     cannot compute exact p-value with zeroes
    Error in texi2dvi(file = file, pdf = TRUE, clean = clean, quiet = quiet, :
     Running 'texi2dvi' on 'CrossScreening-vignette.tex' failed.
    LaTeX errors:
    ! LaTeX Error: File `authblk.sty' not found.
    
    Type X to quit or <RETURN> to proceed,
    or enter new name. (Default extension: sty)
    
    ! Emergency stop.
    <read *>
    
    l.73 \usepackage
     {cleveref}^^M
    ! ==> Fatal error occurred, no output PDF file produced!
    Calls: buildVignettes -> texi2pdf -> texi2dvi
    Execution halted
Flavor: r-release-osx-x86_64