CRAN Package Check Results for Package CrossScreening

Last updated on 2018-11-15 06:47:18 CET.

Flavor Version Tinstall Tcheck Ttotal Status Flags
r-devel-linux-x86_64-debian-clang 0.1.1 6.79 139.56 146.35 OK
r-devel-linux-x86_64-debian-gcc 0.1.1 6.45 103.90 110.35 OK
r-devel-linux-x86_64-fedora-clang 0.1.1 173.04 OK
r-devel-linux-x86_64-fedora-gcc 0.1.1 167.10 OK
r-devel-windows-ix86+x86_64 0.1.1 13.00 6.00 19.00 ERROR
r-patched-linux-x86_64 0.1.1 5.31 121.36 126.67 OK
r-patched-solaris-x86 0.1.1 248.60 OK
r-release-linux-x86_64 0.1.1 5.23 121.33 126.56 OK
r-release-windows-ix86+x86_64 0.1.1 74.00 268.00 342.00 OK
r-release-osx-x86_64 0.1.1 OK
r-oldrel-windows-ix86+x86_64 0.1.1 18.00 276.00 294.00 OK
r-oldrel-osx-x86_64 0.1.1 WARN

Check Details

Version: 0.1.1
Check: whether package can be installed
Result: ERROR
    Installation failed.
Flavor: r-devel-windows-ix86+x86_64

Version: 0.1.1
Check: re-building of vignette outputs
Result: WARN
    Error in re-building vignettes:
     ...
    Warning: running command 'kpsewhich framed.sty' had status 1
    Warning in test_latex_pkg("framed", system.file("misc", "framed.sty", package = "knitr")) :
     unable to find LaTeX package 'framed'; will use a copy from knitr
    Warning in wilcox.test.default(d.lead, alternative = "greater") :
     cannot compute exact p-value with ties
    Warning in wilcox.test.default(d.lead, alternative = "greater") :
     cannot compute exact p-value with zeroes
    Error in texi2dvi(file = file, pdf = TRUE, clean = clean, quiet = quiet, :
     Running 'texi2dvi' on 'CrossScreening-vignette.tex' failed.
    LaTeX errors:
    ! LaTeX Error: File `authblk.sty' not found.
    
    Type X to quit or <RETURN> to proceed,
    or enter new name. (Default extension: sty)
    
    ! Emergency stop.
    <read *>
    
    l.73 \usepackage
     {cleveref}^^M
    ! ==> Fatal error occurred, no output PDF file produced!
    Calls: buildVignettes -> texi2pdf -> texi2dvi
    Execution halted
Flavor: r-oldrel-osx-x86_64