CRAN Package Check Results for Package Crossover

Last updated on 2019-02-17 21:47:29 CET.

Flavor Version Tinstall Tcheck Ttotal Status Flags
r-devel-linux-x86_64-debian-clang 0.1-17 31.62 175.04 206.66 OK
r-devel-linux-x86_64-debian-gcc 0.1-17 24.74 136.30 161.04 OK
r-devel-linux-x86_64-fedora-clang 0.1-17 271.86 OK
r-devel-linux-x86_64-fedora-gcc 0.1-17 247.43 OK
r-devel-windows-ix86+x86_64 0.1-17 80.00 253.00 333.00 WARN
r-patched-linux-x86_64 0.1-17 27.00 164.58 191.58 OK
r-patched-solaris-x86 0.1-17 315.40 OK
r-release-linux-x86_64 0.1-17 OK
r-release-windows-ix86+x86_64 0.1-17 57.00 222.00 279.00 WARN
r-release-osx-x86_64 0.1-17 OK
r-oldrel-windows-ix86+x86_64 0.1-17 61.00 273.00 334.00 OK
r-oldrel-osx-x86_64 0.1-17 OK

Check Details

Version: 0.1-17
Check: whether package can be installed
Result: WARN
    Found the following significant warnings:
     Warning: S3 methods '[.fun_list', '[.grouped_df', 'all.equal.tbl_df', 'anti_join.data.frame', 'anti_join.tbl_df', 'arrange.data.frame', 'arrange.default', 'arrange.grouped_df', 'arrange.tbl_df', 'arrange_.data.frame', 'arrange_.tbl_df', 'as.data.frame.grouped_df', 'as.data.frame.rowwise_df', 'as.data.frame.tbl_cube', 'as.table.tbl_cube', 'as.tbl.data.frame', 'as.tbl.tbl', 'as.tbl_cube.array', 'as.tbl_cube.data.frame', 'as.tbl_cube.matrix', 'as.tbl_cube.table', 'as_tibble.grouped_df', 'as_tibble.tbl_cube', 'auto_copy.tbl_cube', 'auto_copy.tbl_df', 'cbind.grouped_df', 'collapse.data.frame', 'collect.data.frame', 'common_by.NULL', 'common_by.character', 'common_by.default', 'common_by.list', 'compute.data.frame', 'copy_to.DBIConnection', 'copy_to.src_local', 'default_missing.data.frame', 'default_missing.default', 'dim.tbl_cube', 'distinct.data.frame', 'distinct.default', 'distinct.grouped_df', 'distinct.tbl_df', 'distinct_.data.frame', 'distinct_.grouped_df', 'distinct_.tbl_df', 'do.NULL', 'do.da [... truncated]
Flavors: r-devel-windows-ix86+x86_64, r-release-windows-ix86+x86_64