CRAN Package Check Results for Package CsChange

Last updated on 2022-08-17 16:48:44 CEST.

Flavor Version Tinstall Tcheck Ttotal Status Flags
r-devel-linux-x86_64-debian-clang 0.1.6 16.41 123.64 140.05 NOTE
r-devel-linux-x86_64-debian-gcc 0.1.6 NOTE
r-devel-linux-x86_64-fedora-clang 0.1.6 172.62 NOTE
r-devel-linux-x86_64-fedora-gcc 0.1.6 169.73 NOTE
r-devel-windows-x86_64 0.1.6 15.00 140.00 155.00 NOTE
r-patched-linux-x86_64 0.1.6 11.16 116.76 127.92 NOTE
r-release-linux-x86_64 0.1.6 8.78 115.84 124.62 NOTE
r-release-macos-arm64 0.1.6 61.00 NOTE
r-release-macos-x86_64 0.1.6 91.00 NOTE
r-release-windows-x86_64 0.1.6 16.00 160.00 176.00 NOTE
r-oldrel-macos-arm64 0.1.6 62.00 NOTE
r-oldrel-macos-x86_64 0.1.6 89.00 NOTE
r-oldrel-windows-ix86+x86_64 0.1.6 32.00 143.00 175.00 NOTE

Check Details

Version: 0.1.6
Check: LazyData
Result: NOTE
     'LazyData' is specified without a 'data' directory
Flavors: r-devel-linux-x86_64-debian-clang, r-devel-linux-x86_64-debian-gcc, r-devel-linux-x86_64-fedora-clang, r-devel-linux-x86_64-fedora-gcc, r-devel-windows-x86_64, r-patched-linux-x86_64, r-release-linux-x86_64, r-release-macos-arm64, r-release-macos-x86_64, r-release-windows-x86_64, r-oldrel-macos-arm64, r-oldrel-macos-x86_64, r-oldrel-windows-ix86+x86_64