CRAN Package Check Results for Package Cubist

Last updated on 2018-11-15 06:47:18 CET.

Flavor Version Tinstall Tcheck Ttotal Status Flags
r-devel-linux-x86_64-debian-clang 0.2.2 11.92 96.55 108.47 OK
r-devel-linux-x86_64-debian-gcc 0.2.2 9.21 73.44 82.65 WARN
r-devel-linux-x86_64-fedora-clang 0.2.2 128.35 OK
r-devel-linux-x86_64-fedora-gcc 0.2.2 128.67 WARN
r-devel-windows-ix86+x86_64 0.2.2 42.00 127.00 169.00 OK
r-patched-linux-x86_64 0.2.2 11.64 93.10 104.74 WARN
r-patched-solaris-x86 0.2.2 179.00 OK
r-release-linux-x86_64 0.2.2 10.80 92.84 103.64 WARN
r-release-windows-ix86+x86_64 0.2.2 56.00 127.00 183.00 OK
r-release-osx-x86_64 0.2.2 OK
r-oldrel-windows-ix86+x86_64 0.2.2 56.00 166.00 222.00 OK
r-oldrel-osx-x86_64 0.2.2 OK

Check Details

Version: 0.2.2
Check: whether package can be installed
Result: WARN
    Found the following significant warnings:
     hash.c:144:5: warning: ‘strncpy’ specified bound 2048 equals destination size [-Wstringop-truncation]
Flavors: r-devel-linux-x86_64-debian-gcc, r-devel-linux-x86_64-fedora-gcc, r-patched-linux-x86_64, r-release-linux-x86_64