CRAN Package Check Results for Package Cubist

Last updated on 2018-08-21 06:50:01 CEST.

Flavor Version Tinstall Tcheck Ttotal Status Flags
r-devel-linux-x86_64-debian-clang 0.2.2 12.16 97.46 109.62 OK
r-devel-linux-x86_64-debian-gcc 0.2.2 9.13 72.32 81.45 WARN
r-devel-linux-x86_64-fedora-clang 0.2.2 127.93 OK
r-devel-linux-x86_64-fedora-gcc 0.2.2 126.18 WARN
r-devel-windows-ix86+x86_64 0.2.2 59.00 154.00 213.00 OK
r-patched-linux-x86_64 0.2.2 11.62 92.51 104.13 WARN
r-patched-solaris-x86 0.2.2 180.10 OK
r-release-linux-x86_64 0.2.2 11.24 92.98 104.22 WARN
r-release-windows-ix86+x86_64 0.2.2 57.00 122.00 179.00 OK
r-release-osx-x86_64 0.2.2 OK
r-oldrel-windows-ix86+x86_64 0.2.2 44.00 117.00 161.00 OK
r-oldrel-osx-x86_64 0.2.2 OK

Check Details

Version: 0.2.2
Check: whether package can be installed
Result: WARN
    Found the following significant warnings:
     hash.c:144:5: warning: ‘strncpy’ specified bound 2048 equals destination size [-Wstringop-truncation]
Flavors: r-devel-linux-x86_64-debian-gcc, r-devel-linux-x86_64-fedora-gcc, r-patched-linux-x86_64, r-release-linux-x86_64