CRAN Package Check Results for Package Cubist

Last updated on 2019-02-19 22:51:24 CET.

Flavor Version Tinstall Tcheck Ttotal Status Flags
r-devel-linux-x86_64-debian-clang 0.2.2 11.87 93.47 105.34 OK
r-devel-linux-x86_64-debian-gcc 0.2.2 8.91 68.36 77.27 WARN
r-devel-linux-x86_64-fedora-clang 0.2.2 129.54 OK
r-devel-linux-x86_64-fedora-gcc 0.2.2 122.26 WARN
r-devel-windows-ix86+x86_64 0.2.2 63.00 162.00 225.00 OK
r-patched-linux-x86_64 0.2.2 9.97 90.19 100.16 WARN
r-patched-solaris-x86 0.2.2 179.00 OK
r-release-linux-x86_64 0.2.2 9.83 90.78 100.61 WARN
r-release-windows-ix86+x86_64 0.2.2 44.00 150.00 194.00 OK
r-release-osx-x86_64 0.2.2 OK
r-oldrel-windows-ix86+x86_64 0.2.2 61.00 124.00 185.00 OK
r-oldrel-osx-x86_64 0.2.2 OK

Check Details

Version: 0.2.2
Check: whether package can be installed
Result: WARN
    Found the following significant warnings:
     hash.c:144:5: warning: ‘strncpy’ specified bound 2048 equals destination size [-Wstringop-truncation]
Flavors: r-devel-linux-x86_64-debian-gcc, r-devel-linux-x86_64-fedora-gcc, r-patched-linux-x86_64, r-release-linux-x86_64