CRAN Package Check Results for Package CytobankAPI

Last updated on 2019-01-16 15:48:27 CET.

Flavor Version Tinstall Tcheck Ttotal Status Flags
r-devel-linux-x86_64-debian-clang 1.3.0 6.96 40.71 47.67 OK
r-devel-linux-x86_64-debian-gcc 1.3.0 6.40 32.09 38.49 OK
r-devel-linux-x86_64-fedora-clang 1.3.0 58.09 OK
r-devel-linux-x86_64-fedora-gcc 1.3.0 54.20 OK
r-devel-windows-ix86+x86_64 1.3.0 13.00 54.00 67.00 OK
r-patched-linux-x86_64 1.3.0 7.27 36.54 43.81 OK
r-patched-solaris-x86 1.3.0 75.80 NOTE
r-release-linux-x86_64 1.3.0 7.43 37.26 44.69 OK
r-release-windows-ix86+x86_64 1.3.0 15.00 55.00 70.00 OK
r-release-osx-x86_64 1.3.0 OK
r-oldrel-windows-ix86+x86_64 1.3.0 11.00 54.00 65.00 OK
r-oldrel-osx-x86_64 1.3.0 OK

Check Details

Version: 1.3.0
Check: installed package size
Result: NOTE
     installed size is 5.1Mb
     sub-directories of 1Mb or more:
     doc 4.3Mb
Flavor: r-patched-solaris-x86