CRAN Package Check Results for Package CytobankAPI

Last updated on 2018-05-27 09:47:53 CEST.

Flavor Version Tinstall Tcheck Ttotal Status Flags
r-devel-linux-x86_64-debian-clang 1.1.2 5.50 37.02 42.52 OK
r-devel-linux-x86_64-debian-gcc 1.1.2 6.35 29.24 35.59 OK
r-devel-linux-x86_64-fedora-clang 1.1.2 54.76 OK
r-devel-linux-x86_64-fedora-gcc 1.1.2 52.17 OK
r-devel-windows-ix86+x86_64 1.1.2 10.00 71.00 81.00 OK
r-patched-linux-x86_64 1.1.2 5.31 35.06 40.37 OK
r-patched-solaris-x86 1.1.2 72.00 NOTE
r-release-linux-x86_64 1.1.2 6.54 35.15 41.69 OK
r-release-windows-ix86+x86_64 1.1.2 14.00 64.00 78.00 OK
r-release-osx-x86_64 1.1.2 OK
r-oldrel-windows-ix86+x86_64 1.1.2 8.00 49.00 57.00 OK
r-oldrel-osx-x86_64 1.1.0 OK

Check Details

Version: 1.1.2
Check: installed package size
Result: NOTE
     installed size is 5.1Mb
     sub-directories of 1Mb or more:
     doc 4.3Mb
Flavor: r-patched-solaris-x86