CRAN Package Check Results for Package CytobankAPI

Last updated on 2018-08-17 21:48:01 CEST.

Flavor Version Tinstall Tcheck Ttotal Status Flags
r-devel-linux-x86_64-debian-clang 1.2.0 5.57 37.75 43.32 OK
r-devel-linux-x86_64-debian-gcc 1.2.0 5.90 31.17 37.07 OK
r-devel-linux-x86_64-fedora-clang 1.2.0 53.16 OK
r-devel-linux-x86_64-fedora-gcc 1.2.0 51.12 OK
r-devel-windows-ix86+x86_64 1.2.0 11.00 75.00 86.00 OK
r-patched-linux-x86_64 1.2.0 5.24 35.22 40.46 OK
r-patched-solaris-x86 1.2.0 71.00 NOTE
r-release-linux-x86_64 1.2.0 6.73 35.19 41.92 OK
r-release-windows-ix86+x86_64 1.2.0 14.00 81.00 95.00 OK
r-release-osx-x86_64 1.2.0 OK
r-oldrel-windows-ix86+x86_64 1.2.0 6.00 68.00 74.00 OK
r-oldrel-osx-x86_64 1.2.0 OK

Check Details

Version: 1.2.0
Check: installed package size
Result: NOTE
     installed size is 5.1Mb
     sub-directories of 1Mb or more:
     doc 4.3Mb
Flavor: r-patched-solaris-x86