CRAN Package Check Results for Package CytobankAPI

Last updated on 2018-10-21 17:54:03 CEST.

Flavor Version Tinstall Tcheck Ttotal Status Flags
r-devel-linux-x86_64-debian-clang 1.2.0 7.55 38.00 45.55 OK
r-devel-linux-x86_64-debian-gcc 1.2.0 6.45 30.33 36.78 OK
r-devel-linux-x86_64-fedora-clang 1.2.0 53.80 OK
r-devel-linux-x86_64-fedora-gcc 1.2.0 51.82 OK
r-devel-windows-ix86+x86_64 1.2.0 15.00 65.00 80.00 OK
r-patched-linux-x86_64 1.2.0 8.07 35.12 43.19 OK
r-patched-solaris-x86 1.2.0 69.40 NOTE
r-release-linux-x86_64 1.2.0 5.64 34.96 40.60 OK
r-release-windows-ix86+x86_64 1.2.0 15.00 69.00 84.00 OK
r-release-osx-x86_64 1.2.0 OK
r-oldrel-windows-ix86+x86_64 1.2.0 6.00 50.00 56.00 OK
r-oldrel-osx-x86_64 1.2.0 OK

Check Details

Version: 1.2.0
Check: installed package size
Result: NOTE
     installed size is 5.1Mb
     sub-directories of 1Mb or more:
     doc 4.3Mb
Flavor: r-patched-solaris-x86