CRAN Package Check Results for Package DAAG

Last updated on 2019-01-24 09:49:30 CET.

Flavor Version Tinstall Tcheck Ttotal Status Flags
r-devel-linux-x86_64-debian-clang 1.22 7.16 91.04 98.20 OK
r-devel-linux-x86_64-debian-gcc 1.22 5.59 69.78 75.37 OK
r-devel-linux-x86_64-fedora-clang 1.22 117.14 OK
r-devel-linux-x86_64-fedora-gcc 1.22 113.24 OK
r-devel-windows-ix86+x86_64 1.22 20.00 164.00 184.00 OK
r-patched-linux-x86_64 1.22 6.02 84.90 90.92 OK
r-patched-solaris-x86 1.22 153.10 OK
r-release-linux-x86_64 1.22 6.49 83.88 90.37 OK
r-release-windows-ix86+x86_64 1.22 13.00 106.00 119.00 OK
r-release-osx-x86_64 1.22 OK
r-oldrel-windows-ix86+x86_64 1.22 15.00 141.00 156.00 OK
r-oldrel-osx-x86_64 1.22 WARN

Check Details

Version: 1.22
Check: re-building of vignette outputs
Result: WARN
    Error in re-building vignettes:
     ...
    Warning: running command 'kpsewhich framed.sty' had status 1
    Warning in test_latex_pkg("framed", system.file("misc", "framed.sty", package = "knitr")) :
     unable to find LaTeX package 'framed'; will use a copy from knitr
    Error in texi2dvi(file = file, pdf = TRUE, clean = clean, quiet = quiet, :
     Running 'texi2dvi' on 'simulate-regdiags.tex' failed.
    LaTeX errors:
    ! LaTeX Error: File `tufte-handout.cls' not found.
    
    Type X to quit or <RETURN> to proceed,
    or enter new name. (Default extension: cls)
    
    ! Emergency stop.
    <read *>
    
    l.1 ...ohyper,justified]{tufte-handout}\usepackage
     []{graphicx}\usepackage[]{...
    ! ==> Fatal error occurred, no output PDF file produced!
    Calls: buildVignettes -> texi2pdf -> texi2dvi
    Execution halted
Flavor: r-oldrel-osx-x86_64