CRAN Package Check Results for Package DAAGbio

Last updated on 2018-02-18 04:46:22 CET.

Flavor Version Tinstall Tcheck Ttotal Status Flags
r-devel-linux-x86_64-debian-clang 0.63-3 2.32 38.27 40.59 OK
r-devel-linux-x86_64-debian-gcc 0.63-3 1.92 29.92 31.84 OK
r-devel-windows-ix86+x86_64 0.63-3 5.00 48.00 53.00 OK
r-patched-linux-x86_64 0.63-3 1.93 42.42 44.35 OK
r-patched-solaris-x86 0.63-3 64.00 OK
r-release-linux-x86_64 0.63-3 2.14 42.12 44.26 OK
r-release-windows-ix86+x86_64 0.63-3 7.00 69.00 76.00 OK
r-release-osx-x86_64 0.63-3 WARN
r-oldrel-windows-ix86+x86_64 0.63-3 4.00 62.00 66.00 OK
r-oldrel-osx-x86_64 0.63-3 OK

Check Details

Version: 0.63-3
Check: re-building of vignette outputs
Result: WARN
    Error in re-building vignettes:
     ...
    Warning: namespace ‘evaluate’ is not available and has been replaced
    by .GlobalEnv when processing object ‘’
    Warning: namespace 'evaluate' is not available and has been replaced
    by .GlobalEnv when processing object ''
    Warning: running command 'kpsewhich framed.sty' had status 1
    Warning in test_latex_pkg("framed", system.file("misc", "framed.sty", package = "knitr")) :
     unable to find LaTeX package 'framed'; will use a copy from knitr
    Error: processing vignette 'marray-notes.Rnw' failed with diagnostics:
    shared object 'stringi.so' not found
    Execution halted
Flavor: r-release-osx-x86_64