CRAN Package Check Results for Package DAAGbio

Last updated on 2018-08-21 21:50:59 CEST.

Flavor Version Tinstall Tcheck Ttotal Status Flags
r-devel-linux-x86_64-debian-clang 0.63-3 2.50 43.75 46.25 OK
r-devel-linux-x86_64-debian-gcc 0.63-3 2.12 35.20 37.32 OK
r-devel-linux-x86_64-fedora-clang 0.63-3 55.78 OK
r-devel-linux-x86_64-fedora-gcc 0.63-3 53.75 OK
r-devel-windows-ix86+x86_64 0.63-3 8.00 64.00 72.00 OK
r-patched-linux-x86_64 0.63-3 2.44 38.18 40.62 OK
r-patched-solaris-x86 0.63-3 68.00 OK
r-release-linux-x86_64 0.63-3 2.31 38.33 40.64 OK
r-release-windows-ix86+x86_64 0.63-3 7.00 57.00 64.00 OK
r-release-osx-x86_64 0.63-3 OK
r-oldrel-windows-ix86+x86_64 0.63-3 4.00 52.00 56.00 OK
r-oldrel-osx-x86_64 0.63-3 WARN

Check Details

Version: 0.63-3
Check: re-building of vignette outputs
Result: WARN
    Error in re-building vignettes:
     ...
    Warning: namespace ‘evaluate’ is not available and has been replaced
    by .GlobalEnv when processing object ‘’
    Warning: namespace 'evaluate' is not available and has been replaced
    by .GlobalEnv when processing object ''
    Warning: running command 'kpsewhich framed.sty' had status 1
    Warning in test_latex_pkg("framed", system.file("misc", "framed.sty", package = "knitr")) :
     unable to find LaTeX package 'framed'; will use a copy from knitr
    Error: processing vignette 'marray-notes.Rnw' failed with diagnostics:
    shared object 'stringi.so' not found
    Execution halted
Flavor: r-oldrel-osx-x86_64