CRAN Package Check Results for Package DAAGbio

Last updated on 2018-11-17 10:51:02 CET.

Flavor Version Tinstall Tcheck Ttotal Status Flags
r-devel-linux-x86_64-debian-clang 0.63-3 2.07 40.52 42.59 OK
r-devel-linux-x86_64-debian-gcc 0.63-3 1.93 32.00 33.93 OK
r-devel-linux-x86_64-fedora-clang 0.63-3 55.99 OK
r-devel-linux-x86_64-fedora-gcc 0.63-3 50.78 OK
r-devel-windows-ix86+x86_64 0.63-3 7.00 72.00 79.00 OK
r-patched-linux-x86_64 0.63-3 2.28 38.49 40.77 OK
r-patched-solaris-x86 0.63-3 68.00 OK
r-release-linux-x86_64 0.63-3 2.12 38.73 40.85 OK
r-release-windows-ix86+x86_64 0.63-3 6.00 54.00 60.00 OK
r-release-osx-x86_64 0.63-3 OK
r-oldrel-windows-ix86+x86_64 0.63-3 8.00 69.00 77.00 OK
r-oldrel-osx-x86_64 0.63-3 WARN

Check Details

Version: 0.63-3
Check: re-building of vignette outputs
Result: WARN
    Error in re-building vignettes:
     ...
    Warning: namespace ‘evaluate’ is not available and has been replaced
    by .GlobalEnv when processing object ‘’
    Warning: namespace 'evaluate' is not available and has been replaced
    by .GlobalEnv when processing object ''
    Warning: running command 'kpsewhich framed.sty' had status 1
    Warning in test_latex_pkg("framed", system.file("misc", "framed.sty", package = "knitr")) :
     unable to find LaTeX package 'framed'; will use a copy from knitr
    Error: processing vignette 'marray-notes.Rnw' failed with diagnostics:
    shared object 'stringi.so' not found
    Execution halted
Flavor: r-oldrel-osx-x86_64