Last updated on 2019-02-16 13:46:16 CET.
Flavor | Version | Tinstall | Tcheck | Ttotal | Status | Flags |
---|---|---|---|---|---|---|
r-devel-linux-x86_64-debian-clang | 0.63-3 | 2.94 | 40.08 | 43.02 | OK | |
r-devel-linux-x86_64-debian-gcc | 0.63-3 | 2.30 | 31.58 | 33.88 | OK | |
r-devel-linux-x86_64-fedora-clang | 0.63-3 | 52.51 | OK | |||
r-devel-linux-x86_64-fedora-gcc | 0.63-3 | 51.43 | OK | |||
r-devel-windows-ix86+x86_64 | 0.63-3 | 13.00 | 233.00 | 246.00 | OK | |
r-patched-linux-x86_64 | 0.63-3 | 2.03 | 38.23 | 40.26 | OK | |
r-patched-solaris-x86 | 0.63-3 | 67.70 | OK | |||
r-release-linux-x86_64 | 0.63-3 | OK | ||||
r-release-windows-ix86+x86_64 | 0.63-3 | 5.00 | 45.00 | 50.00 | OK | |
r-release-osx-x86_64 | 0.63-3 | OK | ||||
r-oldrel-windows-ix86+x86_64 | 0.63-3 | 6.00 | 99.00 | 105.00 | OK | |
r-oldrel-osx-x86_64 | 0.63-3 | WARN |
Version: 0.63-3
Check: re-building of vignette outputs
Result: WARN
Error in re-building vignettes:
...
Warning: namespace ‘evaluate’ is not available and has been replaced
by .GlobalEnv when processing object ‘’
Warning: namespace 'evaluate' is not available and has been replaced
by .GlobalEnv when processing object ''
Warning: running command 'kpsewhich framed.sty' had status 1
Warning in test_latex_pkg("framed", system.file("misc", "framed.sty", package = "knitr")) :
unable to find LaTeX package 'framed'; will use a copy from knitr
Error: processing vignette 'marray-notes.Rnw' failed with diagnostics:
shared object 'stringi.so' not found
Execution halted
Flavor: r-oldrel-osx-x86_64