CRAN Package Check Results for Package DAAGxtras

Last updated on 2018-02-19 11:48:52 CET.

Flavor Version Tinstall Tcheck Ttotal Status Flags
r-devel-linux-x86_64-debian-clang 0.8-4 1.24 17.24 18.48 NOTE
r-devel-linux-x86_64-debian-gcc 0.8-4 1.28 14.99 16.27 NOTE
r-devel-linux-x86_64-fedora-clang 0.8-4 24.11 NOTE
r-devel-linux-x86_64-fedora-gcc 0.8-4 23.19 NOTE
r-devel-windows-ix86+x86_64 0.8-4 3.00 30.00 33.00 NOTE
r-patched-linux-x86_64 0.8-4 1.25 18.50 19.75 NOTE
r-patched-solaris-x86 0.8-4 33.20 NOTE
r-release-linux-x86_64 0.8-4 1.58 18.34 19.92 NOTE
r-release-windows-ix86+x86_64 0.8-4 4.00 32.00 36.00 NOTE
r-release-osx-x86_64 0.8-4 NOTE
r-oldrel-windows-ix86+x86_64 0.8-4 6.00 36.00 42.00 NOTE
r-oldrel-osx-x86_64 0.8-4 NOTE

Check Details

Version: 0.8-4
Check: R code for possible problems
Result: NOTE
    compareModels: no visible binding for global variable ‘fgl’
    compareModels: no visible global function definition for ‘rlm’
    compareModels: no visible global function definition for ‘lm’
    compareModels: no visible global function definition for ‘predict’
    compareModels: no visible global function definition for ‘resid’
    plotSampDist: no visible global function definition for ‘par’
    plotSampDist: no visible global function definition for ‘density’
    plotSampDist: no visible global function definition for ‘plot’
    plotSampDist: no visible global function definition for ‘lines’
    plotSampDist: no visible global function definition for ‘legend’
    plotSampDist: no visible global function definition for ‘qqnorm’
    plotSampDist: no visible global function definition for ‘points’
    plotSampDist: no visible global function definition for ‘mtext’
    simulateSampDist: no visible binding for global variable ‘rnorm’
    Undefined global functions or variables:
     density fgl legend lines lm mtext par plot points predict qqnorm
     resid rlm rnorm
    Consider adding
     importFrom("graphics", "legend", "lines", "mtext", "par", "plot",
     "points")
     importFrom("stats", "density", "lm", "predict", "qqnorm", "resid",
     "rnorm")
    to your NAMESPACE file.
Flavors: r-devel-linux-x86_64-debian-clang, r-devel-linux-x86_64-debian-gcc, r-devel-linux-x86_64-fedora-clang, r-devel-linux-x86_64-fedora-gcc, r-devel-windows-ix86+x86_64, r-patched-linux-x86_64, r-patched-solaris-x86, r-release-linux-x86_64, r-release-windows-ix86+x86_64, r-release-osx-x86_64, r-oldrel-windows-ix86+x86_64, r-oldrel-osx-x86_64