CRAN Package Check Results for Package DALEX

Last updated on 2019-03-24 22:49:32 CET.

Flavor Version Tinstall Tcheck Ttotal Status Flags
r-devel-linux-x86_64-debian-clang 0.2.7 11.19 114.43 125.62 OK
r-devel-linux-x86_64-debian-gcc 0.2.7 10.89 95.66 106.55 OK
r-devel-linux-x86_64-fedora-clang 0.2.7 161.05 OK
r-devel-linux-x86_64-fedora-gcc 0.2.7 157.99 OK
r-devel-windows-ix86+x86_64 0.2.7 47.00 170.00 217.00 OK
r-patched-linux-x86_64 0.2.7 8.86 111.81 120.67 OK
r-patched-solaris-x86 0.2.7 241.10 NOTE
r-release-linux-x86_64 0.2.7 8.80 112.94 121.74 OK
r-release-windows-ix86+x86_64 0.2.7 16.00 137.00 153.00 OK
r-release-osx-x86_64 0.2.7 OK
r-oldrel-windows-ix86+x86_64 0.2.7 17.00 159.00 176.00 OK
r-oldrel-osx-x86_64 0.2.7 OK

Check Details

Version: 0.2.7
Check: package dependencies
Result: NOTE
    Package suggested but not available for checking: ‘xgboost’
Flavor: r-patched-solaris-x86