Last updated on 2021-02-26 05:48:24 CET.
Flavor | Version | Tinstall | Tcheck | Ttotal | Status | Flags |
---|---|---|---|---|---|---|
r-devel-linux-x86_64-debian-clang | 2.0 | 12.64 | 247.87 | 260.51 | OK | |
r-devel-linux-x86_64-debian-gcc | 2.0 | 8.75 | 186.55 | 195.30 | OK | |
r-devel-linux-x86_64-fedora-clang | 2.0 | 324.17 | NOTE | |||
r-devel-linux-x86_64-fedora-gcc | 2.0 | 298.15 | NOTE | |||
r-devel-windows-ix86+x86_64 | 2.0 | 20.00 | 295.00 | 315.00 | OK | |
r-patched-linux-x86_64 | 2.0 | 10.13 | 224.68 | 234.81 | OK | |
r-patched-solaris-x86 | 2.0 | 486.40 | NOTE | |||
r-release-linux-x86_64 | 2.0 | 9.48 | 226.83 | 236.31 | OK | |
r-release-macos-x86_64 | 2.0 | NOTE | ||||
r-release-windows-ix86+x86_64 | 2.0 | 32.00 | 378.00 | 410.00 | OK | |
r-oldrel-macos-x86_64 | 2.0 | NOTE | ||||
r-oldrel-windows-ix86+x86_64 | 2.0 | 17.00 | 289.00 | 306.00 | OK |
Version: 2.0
Check: dependencies in R code
Result: NOTE
Namespace in Imports field not imported from: ‘gridExtra’
All declared Imports should be used.
Flavors: r-devel-linux-x86_64-fedora-clang, r-devel-linux-x86_64-fedora-gcc, r-patched-solaris-x86, r-release-macos-x86_64, r-oldrel-macos-x86_64