Last updated on 2021-01-17 09:48:30 CET.
Flavor | Version | Tinstall | Tcheck | Ttotal | Status | Flags |
---|---|---|---|---|---|---|
r-devel-linux-x86_64-debian-clang | 1.6.2 | 35.66 | 314.65 | 350.31 | OK | |
r-devel-linux-x86_64-debian-gcc | 1.6.2 | 28.85 | 236.48 | 265.33 | OK | |
r-devel-linux-x86_64-fedora-clang | 1.6.2 | 429.41 | NOTE | |||
r-devel-linux-x86_64-fedora-gcc | 1.6.2 | 416.43 | NOTE | |||
r-devel-windows-ix86+x86_64 | 1.6.2 | 57.00 | 287.00 | 344.00 | OK | |
r-patched-linux-x86_64 | 1.6.2 | 24.37 | 294.47 | 318.84 | OK | |
r-patched-solaris-x86 | 1.6.2 | 605.30 | NOTE | |||
r-release-linux-x86_64 | 1.6.2 | 24.40 | 293.33 | 317.73 | OK | |
r-release-macos-x86_64 | 1.6.2 | NOTE | ||||
r-release-windows-ix86+x86_64 | 1.6.2 | 62.00 | 314.00 | 376.00 | OK | |
r-oldrel-macos-x86_64 | 1.6.2 | NOTE | ||||
r-oldrel-windows-ix86+x86_64 | 1.6.2 | 73.00 | 344.00 | 417.00 | OK |
Version: 1.6.2
Check: package dependencies
Result: NOTE
Imports includes 27 non-default packages.
Importing from so many packages makes the package vulnerable to any of
them becoming unavailable. Move as many as possible to Suggests and
use conditionally.
Flavor: r-devel-linux-x86_64-fedora-clang
Version: 1.6.2
Check: dependencies in R code
Result: NOTE
Namespace in Imports field not imported from: ‘gamlss’
All declared Imports should be used.
Flavors: r-devel-linux-x86_64-fedora-clang, r-devel-linux-x86_64-fedora-gcc, r-patched-solaris-x86, r-release-macos-x86_64, r-oldrel-macos-x86_64