CRAN Package Check Results for Package DBI

Last updated on 2018-02-20 07:48:04 CET.

Flavor Version Tinstall Tcheck Ttotal Status Flags
r-devel-linux-x86_64-debian-clang 0.7 3.52 35.92 39.44 NOTE
r-devel-linux-x86_64-debian-gcc 0.7 2.22 30.37 32.59 NOTE
r-devel-linux-x86_64-fedora-clang 0.7 50.46 NOTE
r-devel-linux-x86_64-fedora-gcc 0.7 48.78 NOTE
r-devel-windows-ix86+x86_64 0.7 8.00 50.00 58.00 OK
r-patched-linux-x86_64 0.7 1.93 52.52 54.45 NOTE
r-patched-solaris-x86 0.7 84.40 NOTE
r-release-linux-x86_64 0.7 2.01 53.00 55.01 NOTE
r-release-windows-ix86+x86_64 0.7 10.00 115.00 125.00 OK
r-release-osx-x86_64 0.7 OK
r-oldrel-windows-ix86+x86_64 0.7 10.00 88.00 98.00 OK
r-oldrel-osx-x86_64 0.7 OK

Check Details

Version: 0.7
Check: S3 generic/method consistency
Result: NOTE
    Found the following apparent S3 methods exported but not registered:
     print.list.pairs
    See section ‘Registering S3 methods’ in the ‘Writing R Extensions’
    manual.
Flavors: r-devel-linux-x86_64-debian-clang, r-devel-linux-x86_64-debian-gcc, r-devel-linux-x86_64-fedora-clang, r-devel-linux-x86_64-fedora-gcc, r-patched-linux-x86_64, r-patched-solaris-x86, r-release-linux-x86_64