Last updated on 2023-12-01 18:50:53 CET.
Flavor | Version | Tinstall | Tcheck | Ttotal | Status | Flags |
---|---|---|---|---|---|---|
r-devel-linux-x86_64-debian-clang | 1.1.3 | 6.59 | 85.55 | 92.14 | OK | |
r-devel-linux-x86_64-debian-gcc | 1.1.3 | 4.77 | 65.57 | 70.34 | OK | |
r-devel-linux-x86_64-fedora-clang | 1.1.3 | 120.18 | NOTE | |||
r-devel-linux-x86_64-fedora-gcc | 1.1.3 | 142.27 | OK | |||
r-devel-windows-x86_64 | 1.1.3 | 9.00 | 134.00 | 143.00 | OK | |
r-patched-linux-x86_64 | 1.1.3 | 11.31 | 85.27 | 96.58 | OK | |
r-release-linux-x86_64 | 1.1.3 | 8.14 | 83.73 | 91.87 | OK | |
r-release-macos-arm64 | 1.1.3 | 100.00 | OK | |||
r-release-macos-x86_64 | 1.1.3 | 133.00 | OK | |||
r-release-windows-x86_64 | 1.1.3 | 11.00 | 147.00 | 158.00 | OK | |
r-oldrel-macos-arm64 | 1.1.3 | 89.00 | OK | |||
r-oldrel-macos-x86_64 | 1.1.3 | 149.00 | OK | |||
r-oldrel-windows-x86_64 | 1.1.3 | 15.00 | 143.00 | 158.00 | OK |
Version: 1.1.3
Check: Rd cross-references
Result: NOTE
Undeclared package ‘withr’ in Rd xrefs
Flavor: r-devel-linux-x86_64-fedora-clang