CRAN Package Check Results for Package DCD

Last updated on 2018-02-23 04:48:11 CET.

Flavor Version Tinstall Tcheck Ttotal Status Flags
r-devel-linux-x86_64-debian-clang 0.1.0 12.15 136.52 148.67 OK
r-devel-linux-x86_64-debian-gcc 0.1.0 9.38 121.78 131.16 OK
r-devel-windows-ix86+x86_64 0.1.0 26.00 163.00 189.00 OK
r-patched-linux-x86_64 0.1.0 11.09 148.44 159.53 OK
r-patched-solaris-x86 0.1.0 280.40 OK
r-release-linux-x86_64 0.1.0 10.62 145.67 156.29 OK
r-release-windows-ix86+x86_64 0.1.0 34.00 219.00 253.00 OK
r-release-osx-x86_64 0.1.0 ERROR
r-oldrel-osx-x86_64 0.1.0 ERROR

Check Details

Version: 0.1.0
Check: package dependencies
Result: ERROR
    Package required but not available: ‘WGCNA’
    
    See section ‘The DESCRIPTION file’ in the ‘Writing R Extensions’
    manual.
Flavor: r-release-osx-x86_64

Version: 0.1.0
Check: whether package can be installed
Result: ERROR
    Installation failed.
Flavor: r-oldrel-osx-x86_64