CRAN Package Check Results for Package DCD

Last updated on 2018-05-24 06:46:44 CEST.

Flavor Version Tinstall Tcheck Ttotal Status Flags
r-devel-linux-x86_64-debian-clang 0.1.0 13.13 171.04 184.17 OK
r-devel-linux-x86_64-debian-gcc 0.1.0 13.41 147.30 160.71 OK
r-devel-linux-x86_64-fedora-clang 0.1.0 254.18 OK
r-devel-linux-x86_64-fedora-gcc 0.1.0 245.17 OK
r-devel-windows-ix86+x86_64 0.1.0 27.00 177.00 204.00 OK
r-patched-linux-x86_64 0.1.0 10.90 151.82 162.72 OK
r-patched-solaris-x86 0.1.0 313.10 OK
r-release-linux-x86_64 0.1.0 11.49 152.08 163.57 OK
r-release-windows-ix86+x86_64 0.1.0 33.00 222.00 255.00 OK
r-release-osx-x86_64 0.1.0 OK
r-oldrel-windows-ix86+x86_64 0.1.0 32.00 229.00 261.00 OK
r-oldrel-osx-x86_64 0.1.0 ERROR

Check Details

Version: 0.1.0
Check: package dependencies
Result: ERROR
    Package required but not available: ‘WGCNA’
    
    See section ‘The DESCRIPTION file’ in the ‘Writing R Extensions’
    manual.
Flavor: r-oldrel-osx-x86_64