CRAN Package Check Results for Package DCG

Last updated on 2018-05-24 02:48:16 CEST.

Flavor Version Tinstall Tcheck Ttotal Status Flags
r-devel-linux-x86_64-debian-clang 0.9.2 1.46 37.63 39.09 OK
r-devel-linux-x86_64-debian-gcc 0.9.2 1.02 30.31 31.33 OK
r-devel-linux-x86_64-fedora-clang 0.9.2 51.30 OK
r-devel-linux-x86_64-fedora-gcc 0.9.2 48.49 OK
r-devel-windows-ix86+x86_64 0.9.2 3.00 69.00 72.00 OK
r-patched-linux-x86_64 0.9.2 1.37 38.32 39.69 OK
r-patched-solaris-x86 0.9.2 77.90 OK
r-release-linux-x86_64 0.9.2 1.35 38.03 39.38 OK
r-release-windows-ix86+x86_64 0.9.2 6.00 68.00 74.00 OK
r-release-osx-x86_64 0.9.2 OK
r-oldrel-windows-ix86+x86_64 0.9.2 3.00 68.00 71.00 OK
r-oldrel-osx-x86_64 0.9.2 NOTE

Check Details

Version: 0.9.2
Check: package dependencies
Result: NOTE
    Package suggested but not available for checking: ‘devtools’
Flavor: r-oldrel-osx-x86_64