CRAN Package Check Results for Package DCG

Last updated on 2019-02-21 01:50:39 CET.

Flavor Version Tinstall Tcheck Ttotal Status Flags
r-devel-linux-x86_64-debian-clang 0.9.2 1.67 41.00 42.67 OK
r-devel-linux-x86_64-debian-gcc 0.9.2 1.34 31.49 32.83 OK
r-devel-linux-x86_64-fedora-clang 0.9.2 52.55 OK
r-devel-linux-x86_64-fedora-gcc 0.9.2 50.10 OK
r-devel-windows-ix86+x86_64 0.9.2 4.00 95.00 99.00 OK
r-patched-linux-x86_64 0.9.2 OK
r-patched-solaris-x86 0.9.2 80.30 OK
r-release-linux-x86_64 0.9.2 OK
r-release-windows-ix86+x86_64 0.9.2 3.00 71.00 74.00 OK
r-release-osx-x86_64 0.9.2 OK
r-oldrel-windows-ix86+x86_64 0.9.2 2.00 56.00 58.00 OK
r-oldrel-osx-x86_64 0.9.2 NOTE

Check Details

Version: 0.9.2
Check: package dependencies
Result: NOTE
    Package suggested but not available for checking: ‘devtools’
Flavor: r-oldrel-osx-x86_64