CRAN Package Check Results for Package DCG

Last updated on 2018-02-25 00:48:36 CET.

Flavor Version Tinstall Tcheck Ttotal Status Flags
r-devel-linux-x86_64-debian-clang 0.9.2 1.04 38.69 39.73 OK
r-devel-linux-x86_64-debian-gcc 0.9.2 1.16 29.84 31.00 OK
r-devel-linux-x86_64-fedora-clang 0.9.2 48.52 OK
r-devel-linux-x86_64-fedora-gcc 0.9.2 48.48 OK
r-devel-windows-ix86+x86_64 0.9.2 5.00 63.00 68.00 OK
r-patched-linux-x86_64 0.9.2 1.00 41.32 42.32 OK
r-patched-solaris-x86 0.9.2 68.60 OK
r-release-linux-x86_64 0.9.2 1.02 40.80 41.82 OK
r-release-windows-ix86+x86_64 0.9.2 3.00 66.00 69.00 OK
r-release-osx-x86_64 0.9.2 NOTE
r-oldrel-windows-ix86+x86_64 0.9.2 2.00 54.00 56.00 OK
r-oldrel-osx-x86_64 0.9.2 OK

Check Details

Version: 0.9.2
Check: package dependencies
Result: NOTE
    Package suggested but not available for checking: ‘devtools’
Flavor: r-release-osx-x86_64