CRAN Package Check Results for Package DCG

Last updated on 2018-11-18 21:47:18 CET.

Flavor Version Tinstall Tcheck Ttotal Status Flags
r-devel-linux-x86_64-debian-clang 0.9.2 1.27 41.07 42.34 OK
r-devel-linux-x86_64-debian-gcc 0.9.2 1.12 31.54 32.66 OK
r-devel-linux-x86_64-fedora-clang 0.9.2 49.88 OK
r-devel-linux-x86_64-fedora-gcc 0.9.2 51.59 OK
r-devel-windows-ix86+x86_64 0.9.2 4.00 66.00 70.00 OK
r-patched-linux-x86_64 0.9.2 1.05 38.40 39.45 OK
r-patched-solaris-x86 0.9.2 79.00 OK
r-release-linux-x86_64 0.9.2 1.44 38.41 39.85 OK
r-release-windows-ix86+x86_64 0.9.2 5.00 66.00 71.00 OK
r-release-osx-x86_64 0.9.2 OK
r-oldrel-windows-ix86+x86_64 0.9.2 4.00 48.00 52.00 OK
r-oldrel-osx-x86_64 0.9.2 NOTE

Check Details

Version: 0.9.2
Check: package dependencies
Result: NOTE
    Package suggested but not available for checking: ‘devtools’
Flavor: r-oldrel-osx-x86_64