CRAN Package Check Results for Package DCG

Last updated on 2018-08-20 09:47:34 CEST.

Flavor Version Tinstall Tcheck Ttotal Status Flags
r-devel-linux-x86_64-debian-clang 0.9.2 1.48 41.22 42.70 OK
r-devel-linux-x86_64-debian-gcc 0.9.2 1.07 31.72 32.79 OK
r-devel-linux-x86_64-fedora-clang 0.9.2 50.86 OK
r-devel-linux-x86_64-fedora-gcc 0.9.2 50.23 OK
r-devel-windows-ix86+x86_64 0.9.2 5.00 63.00 68.00 OK
r-patched-linux-x86_64 0.9.2 1.10 38.47 39.57 OK
r-patched-solaris-x86 0.9.2 79.10 OK
r-release-linux-x86_64 0.9.2 1.34 38.09 39.43 OK
r-release-windows-ix86+x86_64 0.9.2 4.00 65.00 69.00 OK
r-release-osx-x86_64 0.9.2 OK
r-oldrel-windows-ix86+x86_64 0.9.2 3.00 49.00 52.00 OK
r-oldrel-osx-x86_64 0.9.2 NOTE

Check Details

Version: 0.9.2
Check: package dependencies
Result: NOTE
    Package suggested but not available for checking: ‘devtools’
Flavor: r-oldrel-osx-x86_64