CRAN Package Check Results for Package DCPO

Last updated on 2024-02-25 16:51:38 CET.

Flavor Version Tinstall Tcheck Ttotal Status Flags
r-devel-linux-x86_64-debian-clang 0.5.3 398.16 155.03 553.19 NOTE
r-devel-linux-x86_64-debian-gcc 0.5.3 318.17 128.29 446.46 NOTE
r-devel-linux-x86_64-fedora-clang 0.5.3 687.56 NOTE
r-devel-linux-x86_64-fedora-gcc 0.5.3 797.91 NOTE
r-devel-windows-x86_64 0.5.3 268.00 150.00 418.00 NOTE
r-patched-linux-x86_64 0.5.3 313.98 163.14 477.12 NOTE
r-release-linux-x86_64 0.5.3 0.02 1.81 1.83 ERROR
r-release-macos-arm64 0.5.3 174.00 NOTE
r-release-macos-x86_64 0.5.3 283.00 NOTE
r-release-windows-x86_64 0.5.3 337.00 186.00 523.00 NOTE
r-oldrel-macos-arm64 0.5.3 160.00 NOTE
r-oldrel-windows-x86_64 0.5.3 313.00 187.00 500.00 NOTE

Check Details

Version: 0.5.3
Check: for GNU extensions in Makefiles
Result: NOTE GNU make is a SystemRequirements. Flavors: r-devel-linux-x86_64-debian-clang, r-devel-linux-x86_64-debian-gcc, r-devel-linux-x86_64-fedora-clang, r-devel-linux-x86_64-fedora-gcc, r-devel-windows-x86_64, r-patched-linux-x86_64, r-release-macos-arm64, r-release-macos-x86_64, r-release-windows-x86_64, r-oldrel-macos-arm64, r-oldrel-windows-x86_64

Version: 0.5.3
Check: data for non-ASCII characters
Result: NOTE Note: found 38 marked UTF-8 strings Flavors: r-devel-linux-x86_64-fedora-clang, r-devel-linux-x86_64-fedora-gcc, r-oldrel-macos-arm64

Version: 0.5.3
Check: whether package can be installed
Result: ERROR Installation failed. Flavor: r-release-linux-x86_64

Version: 0.5.3
Check: installed package size
Result: NOTE installed size is 53.3Mb sub-directories of 1Mb or more: libs 52.8Mb Flavors: r-release-macos-arm64, r-release-macos-x86_64, r-oldrel-macos-arm64