CRAN Package Check Results for Package DCSmooth

Last updated on 2022-05-26 21:50:04 CEST.

Flavor Version Tinstall Tcheck Ttotal Status Flags
r-devel-linux-x86_64-debian-clang 1.1.2 200.95 302.68 503.63 OK
r-devel-linux-x86_64-debian-gcc 1.1.2 171.58 235.02 406.60 OK
r-devel-linux-x86_64-fedora-clang 1.1.2 670.37 NOTE
r-devel-linux-x86_64-fedora-gcc 1.1.2 621.94 OK
r-devel-windows-x86_64 1.1.2 182.00 367.00 549.00 OK
r-patched-linux-x86_64 1.1.2 130.77 289.70 420.47 OK
r-release-linux-x86_64 1.1.2 128.01 292.05 420.06 OK
r-release-macos-arm64 1.1.2 155.00 NOTE
r-release-macos-x86_64 1.1.2 234.00 NOTE
r-release-windows-x86_64 1.1.2 183.00 363.00 546.00 OK
r-oldrel-macos-arm64 1.1.2 166.00 NOTE
r-oldrel-macos-x86_64 1.1.2 192.00 NOTE
r-oldrel-windows-ix86+x86_64 1.1.2 494.00 582.00 1076.00 NOTE

Check Details

Version: 1.1.2
Check: installed package size
Result: NOTE
     installed size is 6.3Mb
     sub-directories of 1Mb or more:
     data 1.9Mb
     libs 3.8Mb
Flavors: r-devel-linux-x86_64-fedora-clang, r-release-macos-arm64, r-release-macos-x86_64, r-oldrel-macos-arm64, r-oldrel-macos-x86_64, r-oldrel-windows-ix86+x86_64