Last updated on 2022-06-30 22:55:28 CEST.
Flavor | Version | Tinstall | Tcheck | Ttotal | Status | Flags |
---|---|---|---|---|---|---|
r-devel-linux-x86_64-debian-clang | 1.0-1 | 33.35 | 401.28 | 434.63 | NOTE | |
r-devel-linux-x86_64-debian-gcc | 1.0-1 | 28.42 | 294.42 | 322.84 | NOTE | |
r-devel-linux-x86_64-fedora-clang | 1.0-1 | 517.67 | NOTE | |||
r-devel-linux-x86_64-fedora-gcc | 1.0-1 | 552.07 | NOTE | |||
r-devel-windows-x86_64 | 1.0-1 | 43.00 | 316.00 | 359.00 | NOTE | --no-vignettes |
r-patched-linux-x86_64 | 1.0-1 | 35.15 | 381.57 | 416.72 | NOTE | |
r-release-linux-x86_64 | 1.0-1 | 33.52 | 379.28 | 412.80 | NOTE | |
r-release-macos-arm64 | 1.0-1 | 396.00 | NOTE | |||
r-release-macos-x86_64 | 1.0-1 | 813.00 | NOTE | |||
r-release-windows-x86_64 | 1.0-1 | 50.00 | 418.00 | 468.00 | NOTE | --no-vignettes |
r-oldrel-macos-arm64 | 1.0-1 | 734.00 | NOTE | |||
r-oldrel-macos-x86_64 | 1.0-1 | 1215.00 | NOTE | |||
r-oldrel-windows-ix86+x86_64 | 1.0-1 | 74.00 | 315.00 | 389.00 | OK | --no-vignettes |
Version: 1.0-1
Check: package dependencies
Result: NOTE
Package suggested but not available for checking: 'INLA'
Flavors: r-devel-linux-x86_64-debian-clang, r-devel-linux-x86_64-debian-gcc, r-patched-linux-x86_64, r-release-linux-x86_64, r-release-macos-arm64, r-release-macos-x86_64, r-oldrel-macos-arm64, r-oldrel-macos-x86_64
Version: 1.0-1
Check: data for non-ASCII characters
Result: NOTE
Note: found 2 marked Latin-1 strings
Flavors: r-devel-linux-x86_64-fedora-clang, r-devel-linux-x86_64-fedora-gcc, r-release-macos-arm64, r-release-macos-x86_64, r-oldrel-macos-arm64, r-oldrel-macos-x86_64
Version: 1.0-1
Flags: --no-vignettes
Check: package dependencies
Result: NOTE
Package suggested but not available for checking: 'INLA'
Flavors: r-devel-windows-x86_64, r-release-windows-x86_64