CRAN Package Check Results for Package DDRTree

Last updated on 2017-06-27 02:47:02.

Flavor Version Tinstall Tcheck Ttotal Status Flags
r-devel-linux-x86_64-debian-clang 0.1.5 43.58 31.56 75.14 OK
r-devel-linux-x86_64-debian-gcc 0.1.5 45.97 31.91 77.87 OK
r-devel-linux-x86_64-fedora-clang 0.1.5 156.82 NOTE
r-devel-linux-x86_64-fedora-gcc 0.1.5 154.91 NOTE
r-devel-windows-ix86+x86_64 0.1.5 127.00 108.00 235.00 OK
r-patched-linux-x86_64 0.1.5 46.72 31.86 78.58 OK
r-patched-solaris-sparc 0.1.5 571.30 OK
r-patched-solaris-x86 0.1.5 162.20 OK
r-release-linux-x86_64 0.1.5 45.64 32.84 78.47 OK
r-release-windows-ix86+x86_64 0.1.5 93.00 109.00 202.00 OK
r-release-osx-x86_64 0.1.5 NOTE
r-oldrel-windows-ix86+x86_64 0.1.5 128.00 101.00 229.00 OK
r-oldrel-osx-x86_64 0.1.5 NOTE

Check Details

Version: 0.1.5
Check: installed package size
Result: NOTE
     installed size is 23.6Mb
     sub-directories of 1Mb or more:
     libs 23.5Mb
Flavors: r-devel-linux-x86_64-fedora-clang, r-devel-linux-x86_64-fedora-gcc, r-release-osx-x86_64, r-oldrel-osx-x86_64