CRAN Package Check Results for Package DDRTree

Last updated on 2018-04-22 16:51:47 CEST.

Flavor Version Tinstall Tcheck Ttotal Status Flags
r-devel-linux-x86_64-debian-clang 0.1.5 58.40 47.83 106.23 OK
r-devel-linux-x86_64-debian-gcc 0.1.5 54.10 39.74 93.84 OK
r-devel-linux-x86_64-fedora-clang 0.1.5 146.26 NOTE
r-devel-linux-x86_64-fedora-gcc 0.1.5 147.18 NOTE
r-devel-windows-ix86+x86_64 0.1.5 131.00 86.00 217.00 OK
r-devel-osx-x86_64 0.1.5 NOTE
r-patched-linux-x86_64 0.1.5 65.02 48.64 113.66 OK
r-patched-solaris-x86 0.1.5 158.70 OK
r-release-linux-x86_64 0.1.5 63.36 49.09 112.45 OK
r-release-windows-ix86+x86_64 0.1.5 100.00 81.00 181.00 OK
r-release-osx-x86_64 0.1.5 NOTE
r-oldrel-windows-ix86+x86_64 0.1.5 134.00 71.00 205.00 OK

Check Details

Version: 0.1.5
Check: installed package size
Result: NOTE
     installed size is 23.9Mb
     sub-directories of 1Mb or more:
     libs 23.8Mb
Flavors: r-devel-linux-x86_64-fedora-clang, r-devel-linux-x86_64-fedora-gcc, r-devel-osx-x86_64, r-release-osx-x86_64