CRAN Package Check Results for Package DDRTree

Last updated on 2017-10-22 23:47:24.

Flavor Version Tinstall Tcheck Ttotal Status Flags
r-devel-linux-x86_64-debian-clang 0.1.5 44.27 33.16 77.42 OK
r-devel-linux-x86_64-debian-gcc 0.1.5 48.14 34.70 82.84 OK
r-devel-linux-x86_64-fedora-clang 0.1.5 159.02 NOTE
r-devel-linux-x86_64-fedora-gcc 0.1.5 158.43 NOTE
r-devel-windows-ix86+x86_64 0.1.5 100.00 108.00 208.00 OK
r-patched-linux-x86_64 0.1.5 46.68 32.42 79.10 OK
r-patched-solaris-x86 0.1.5 165.00 OK
r-release-linux-x86_64 0.1.5 46.83 33.57 80.41 OK
r-release-windows-ix86+x86_64 0.1.5 132.00 111.00 243.00 OK
r-release-osx-x86_64 0.1.5 NOTE
r-oldrel-windows-ix86+x86_64 0.1.5 92.00 112.00 204.00 OK
r-oldrel-osx-x86_64 0.1.5 NOTE

Check Details

Version: 0.1.5
Check: installed package size
Result: NOTE
     installed size is 23.9Mb
     sub-directories of 1Mb or more:
     libs 23.8Mb
Flavors: r-devel-linux-x86_64-fedora-clang, r-devel-linux-x86_64-fedora-gcc, r-release-osx-x86_64, r-oldrel-osx-x86_64