CRAN Package Check Results for Package DDRTree

Last updated on 2018-01-24 01:46:15 CET.

Flavor Version Tinstall Tcheck Ttotal Status Flags
r-devel-linux-x86_64-debian-clang 0.1.5 61.41 45.28 106.69 OK
r-devel-linux-x86_64-debian-gcc 0.1.5 49.67 36.44 86.11 OK
r-devel-linux-x86_64-fedora-clang 0.1.5 147.19 NOTE
r-devel-linux-x86_64-fedora-gcc 0.1.5 144.53 NOTE
r-devel-windows-ix86+x86_64 0.1.5 131.00 114.00 245.00 OK
r-patched-linux-x86_64 0.1.5 59.76 48.60 108.36 OK
r-patched-solaris-x86 0.1.5 171.90 OK
r-release-linux-x86_64 0.1.5 58.54 48.74 107.28 OK
r-release-windows-ix86+x86_64 0.1.5 96.00 121.00 217.00 OK
r-release-osx-x86_64 0.1.5 NOTE
r-oldrel-windows-ix86+x86_64 0.1.5 134.00 111.00 245.00 OK
r-oldrel-osx-x86_64 0.1.5 NOTE

Check Details

Version: 0.1.5
Check: installed package size
Result: NOTE
     installed size is 23.9Mb
     sub-directories of 1Mb or more:
     libs 23.8Mb
Flavors: r-devel-linux-x86_64-fedora-clang, r-devel-linux-x86_64-fedora-gcc, r-release-osx-x86_64, r-oldrel-osx-x86_64