CRAN Package Check Results for Package DDRTree

Last updated on 2017-08-20 10:46:12.

Flavor Version Tinstall Tcheck Ttotal Status Flags
r-devel-linux-x86_64-debian-clang 0.1.5 42.32 33.03 75.35 OK
r-devel-linux-x86_64-debian-gcc 0.1.5 46.02 32.27 78.28 OK
r-devel-linux-x86_64-fedora-clang 0.1.5 161.55 NOTE
r-devel-linux-x86_64-fedora-gcc 0.1.5 172.45 NOTE
r-devel-windows-ix86+x86_64 0.1.5 94.00 78.00 172.00 OK
r-patched-linux-x86_64 0.1.5 44.56 32.29 76.85 OK
r-patched-solaris-x86 0.1.5 165.80 OK
r-release-linux-x86_64 0.1.5 46.34 33.08 79.42 OK
r-release-windows-ix86+x86_64 0.1.5 129.00 77.00 206.00 OK
r-release-osx-x86_64 0.1.5 NOTE
r-oldrel-windows-ix86+x86_64 0.1.5 89.00 71.00 160.00 OK
r-oldrel-osx-x86_64 0.1.5 NOTE

Check Details

Version: 0.1.5
Check: installed package size
Result: NOTE
     installed size is 23.9Mb
     sub-directories of 1Mb or more:
     libs 23.8Mb
Flavors: r-devel-linux-x86_64-fedora-clang, r-devel-linux-x86_64-fedora-gcc, r-release-osx-x86_64, r-oldrel-osx-x86_64