Last updated on 2023-12-03 13:49:35 CET.
Flavor | Version | Tinstall | Tcheck | Ttotal | Status | Flags |
---|---|---|---|---|---|---|
r-devel-linux-x86_64-debian-clang | 1.2.2 | 47.85 | 355.29 | 403.14 | NOTE | |
r-devel-linux-x86_64-debian-gcc | 1.2.2 | 39.79 | 262.20 | 301.99 | NOTE | |
r-devel-linux-x86_64-fedora-clang | 1.2.2 | 495.16 | OK | |||
r-devel-linux-x86_64-fedora-gcc | 1.2.2 | 483.30 | OK | |||
r-devel-windows-x86_64 | 1.2.2 | 40.00 | 231.00 | 271.00 | OK | |
r-patched-linux-x86_64 | 1.2.2 | 51.80 | 340.80 | 392.60 | OK | |
r-release-linux-x86_64 | 1.2.2 | 47.92 | 341.40 | 389.32 | OK | |
r-release-macos-arm64 | 1.2.2 | 127.00 | OK | |||
r-release-macos-x86_64 | 1.2.2 | 392.00 | OK | |||
r-release-windows-x86_64 | 1.2.2 | 53.00 | 318.00 | 371.00 | OK | |
r-oldrel-macos-arm64 | 1.2.2 | 118.00 | OK | |||
r-oldrel-macos-x86_64 | 1.2.2 | 156.00 | OK | |||
r-oldrel-windows-x86_64 | 1.2.2 | 57.00 | 299.00 | 356.00 | OK |
Version: 1.2.2
Check: Rd files
Result: NOTE
checkRd: (-1) crs.Rd:34: Lost braces; missing escapes or markup?
34 | system, crs) of DeponsRaster and DeponsTrack objects. For {sp} objects the
| ^
Flavors: r-devel-linux-x86_64-debian-clang, r-devel-linux-x86_64-debian-gcc