CRAN Package Check Results for Package DEVis

Last updated on 2019-06-18 00:17:52 CEST.

Flavor Version Tinstall Tcheck Ttotal Status Flags
r-devel-linux-x86_64-debian-clang 1.0.1 32.44 661.44 693.88 OK
r-devel-linux-x86_64-debian-gcc 1.0.1 28.11 465.60 493.71 OK
r-devel-linux-x86_64-fedora-clang 1.0.1 804.94 OK
r-devel-linux-x86_64-fedora-gcc 1.0.1 789.44 OK
r-devel-windows-ix86+x86_64 1.0.1 86.00 826.00 912.00 OK
r-patched-linux-x86_64 1.0.1 30.30 601.83 632.13 OK
r-patched-solaris-x86 1.0.1 1107.80 OK
r-release-linux-x86_64 1.0.1 31.80 627.83 659.63 OK
r-release-windows-ix86+x86_64 1.0.1 67.00 678.00 745.00 OK
r-release-osx-x86_64 1.0.1 ERROR
r-oldrel-windows-ix86+x86_64 1.0.1 36.00 774.00 810.00 OK
r-oldrel-osx-x86_64 1.0.1 OK

Check Details

Version: 1.0.1
Check: package dependencies
Result: ERROR
    Packages required but not available: 'DESeq2', 'SummarizedExperiment'
    
    See section ‘The DESCRIPTION file’ in the ‘Writing R Extensions’
    manual.
Flavor: r-release-osx-x86_64