CRAN Package Check Results for Package DEploid

Last updated on 2018-02-25 02:47:31 CET.

Flavor Version Tinstall Tcheck Ttotal Status Flags
r-devel-linux-x86_64-debian-clang 0.4.4 56.97 116.72 173.69 WARN
r-devel-linux-x86_64-debian-gcc 0.4.4 42.78 92.27 135.05 NOTE
r-devel-linux-x86_64-fedora-clang 0.4.4 243.07 WARN
r-devel-linux-x86_64-fedora-gcc 0.4.4 242.90 NOTE
r-devel-windows-ix86+x86_64 0.4.4 155.00 350.00 505.00 NOTE
r-patched-linux-x86_64 0.4.4 55.80 131.40 187.20 OK
r-patched-solaris-x86 0.4.4 333.20 OK
r-release-linux-x86_64 0.4.4 53.48 129.33 182.81 OK
r-release-windows-ix86+x86_64 0.4.4 172.00 365.00 537.00 OK
r-release-osx-x86_64 0.4.4 OK
r-oldrel-windows-ix86+x86_64 0.4.4 129.00 300.00 429.00 OK
r-oldrel-osx-x86_64 0.4.4 OK

Check Details

Version: 0.4.4
Check: whether package can be installed
Result: WARN
    Found the following significant warnings:
     DEploid/updateHap.cpp:670:18: warning: explicitly assigning value of variable of type 'size_t' (aka 'unsigned long') to itself [-Wself-assign]
     DEploid/updateHap.cpp:678:18: warning: explicitly assigning value of variable of type 'size_t' (aka 'unsigned long') to itself [-Wself-assign]
     DEploid/updateHap.cpp:681:18: warning: explicitly assigning value of variable of type 'size_t' (aka 'unsigned long') to itself [-Wself-assign]
     DEploid/updateHap.cpp:682:18: warning: explicitly assigning value of variable of type 'size_t' (aka 'unsigned long') to itself [-Wself-assign]
Flavors: r-devel-linux-x86_64-debian-clang, r-devel-linux-x86_64-fedora-clang

Version: 0.4.4
Check: pragmas in C/C++ headers and code
Result: NOTE
    File which contains pragma(s) suppressing diagnostics:
     ‘src/DEploid/global.h’
Flavors: r-devel-linux-x86_64-debian-clang, r-devel-linux-x86_64-debian-gcc, r-devel-linux-x86_64-fedora-clang, r-devel-linux-x86_64-fedora-gcc, r-devel-windows-ix86+x86_64

Version: 0.4.4
Check: installed package size
Result: NOTE
     installed size is 6.3Mb
     sub-directories of 1Mb or more:
     libs 5.8Mb
Flavor: r-devel-linux-x86_64-fedora-gcc