CRAN Package Check Results for Package DEploid

Last updated on 2018-05-23 16:47:57 CEST.

Flavor Version Tinstall Tcheck Ttotal Status Flags
r-devel-linux-x86_64-debian-clang 0.5.0 55.24 207.62 262.86 WARN
r-devel-linux-x86_64-debian-gcc 0.5.0 0.35 1.48 1.83 ERROR
r-devel-linux-x86_64-fedora-clang 0.5.0 277.47 WARN
r-devel-linux-x86_64-fedora-gcc 0.5.0 285.85 NOTE
r-devel-windows-ix86+x86_64 0.5.0 129.00 531.00 660.00 OK
r-patched-linux-x86_64 0.5.0 57.56 226.25 283.81 OK
r-patched-solaris-x86 0.5.0 599.30 OK
r-release-linux-x86_64 0.5.0 55.91 224.73 280.64 OK
r-release-windows-ix86+x86_64 0.5.0 179.00 534.00 713.00 OK
r-release-osx-x86_64 0.5.0 WARN
r-oldrel-windows-ix86+x86_64 0.5.0 171.00 545.00 716.00 OK
r-oldrel-osx-x86_64 0.4.4 OK

Check Details

Version: 0.5.0
Check: whether package can be installed
Result: WARN
    Found the following significant warnings:
     DEploid/updateHap.cpp:670:18: warning: explicitly assigning value of variable of type 'size_t' (aka 'unsigned long') to itself [-Wself-assign]
     DEploid/updateHap.cpp:678:18: warning: explicitly assigning value of variable of type 'size_t' (aka 'unsigned long') to itself [-Wself-assign]
     DEploid/updateHap.cpp:681:18: warning: explicitly assigning value of variable of type 'size_t' (aka 'unsigned long') to itself [-Wself-assign]
     DEploid/updateHap.cpp:682:18: warning: explicitly assigning value of variable of type 'size_t' (aka 'unsigned long') to itself [-Wself-assign]
Flavors: r-devel-linux-x86_64-debian-clang, r-devel-linux-x86_64-fedora-clang, r-release-osx-x86_64

Version: 0.5.0
Check: package dependencies
Result: ERROR
    Package required but not available: ‘plotly’
    
    See section ‘The DESCRIPTION file’ in the ‘Writing R Extensions’
    manual.
Flavor: r-devel-linux-x86_64-debian-gcc

Version: 0.5.0
Check: installed package size
Result: NOTE
     installed size is 5.1Mb
     sub-directories of 1Mb or more:
     libs 4.6Mb
Flavors: r-devel-linux-x86_64-fedora-clang, r-devel-linux-x86_64-fedora-gcc