CRAN Package Check Results for Package DEploid

Last updated on 2018-11-17 06:46:37 CET.

Flavor Version Tinstall Tcheck Ttotal Status Flags
r-devel-linux-x86_64-debian-clang 0.5.2 67.94 209.65 277.59 OK
r-devel-linux-x86_64-debian-gcc 0.5.2 60.93 170.58 231.51 OK
r-devel-linux-x86_64-fedora-clang 0.5.2 365.12 NOTE
r-devel-linux-x86_64-fedora-gcc 0.5.2 369.43 OK
r-devel-windows-ix86+x86_64 0.5.2 202.00 513.00 715.00 OK
r-patched-linux-x86_64 0.5.2 69.88 222.24 292.12 OK
r-patched-solaris-x86 0.5.2 650.10 OK
r-release-linux-x86_64 0.5.2 66.02 223.95 289.97 OK
r-release-windows-ix86+x86_64 0.5.2 200.00 469.00 669.00 OK
r-release-osx-x86_64 0.5.2 OK
r-oldrel-windows-ix86+x86_64 0.5.2 218.00 575.00 793.00 OK
r-oldrel-osx-x86_64 0.5.2 OK

Check Details

Version: 0.5.2
Check: installed package size
Result: NOTE
     installed size is 6.3Mb
     sub-directories of 1Mb or more:
     libs 5.8Mb
Flavor: r-devel-linux-x86_64-fedora-clang