CRAN Package Check Results for Package DEploid

Last updated on 2018-08-19 06:46:38 CEST.

Flavor Version Tinstall Tcheck Ttotal Status Flags
r-devel-linux-x86_64-debian-clang 0.5.0 54.77 213.94 268.71 WARN
r-devel-linux-x86_64-debian-gcc 0.5.0 52.75 175.08 227.83 OK
r-devel-linux-x86_64-fedora-clang 0.5.0 336.33 WARN
r-devel-linux-x86_64-fedora-gcc 0.5.0 371.27 OK
r-devel-windows-ix86+x86_64 0.5.0 171.00 530.00 701.00 OK
r-patched-linux-x86_64 0.5.0 59.99 229.20 289.19 OK
r-patched-solaris-x86 0.5.0 629.50 OK
r-release-linux-x86_64 0.5.0 67.50 227.66 295.16 OK
r-release-windows-ix86+x86_64 0.5.0 170.00 542.00 712.00 OK
r-release-osx-x86_64 0.5.0 WARN
r-oldrel-windows-ix86+x86_64 0.5.0 132.00 440.00 572.00 OK
r-oldrel-osx-x86_64 0.5.0 OK

Check Details

Version: 0.5.0
Check: whether package can be installed
Result: WARN
    Found the following significant warnings:
     DEploid/updateHap.cpp:670:18: warning: explicitly assigning value of variable of type 'size_t' (aka 'unsigned long') to itself [-Wself-assign]
     DEploid/updateHap.cpp:678:18: warning: explicitly assigning value of variable of type 'size_t' (aka 'unsigned long') to itself [-Wself-assign]
     DEploid/updateHap.cpp:681:18: warning: explicitly assigning value of variable of type 'size_t' (aka 'unsigned long') to itself [-Wself-assign]
     DEploid/updateHap.cpp:682:18: warning: explicitly assigning value of variable of type 'size_t' (aka 'unsigned long') to itself [-Wself-assign]
Flavors: r-devel-linux-x86_64-debian-clang, r-devel-linux-x86_64-fedora-clang, r-release-osx-x86_64

Version: 0.5.0
Check: installed package size
Result: NOTE
     installed size is 5.1Mb
     sub-directories of 1Mb or more:
     libs 4.6Mb
Flavor: r-devel-linux-x86_64-fedora-clang