CRAN Package Check Results for Package DEploid

Last updated on 2019-02-16 13:46:17 CET.

Flavor Version Tinstall Tcheck Ttotal Status Flags
r-devel-linux-x86_64-debian-clang 0.5.2 63.66 205.07 268.73 OK
r-devel-linux-x86_64-debian-gcc 0.5.2 57.15 169.01 226.16 OK
r-devel-linux-x86_64-fedora-clang 0.5.2 368.13 NOTE
r-devel-linux-x86_64-fedora-gcc 0.5.2 380.37 OK
r-devel-windows-ix86+x86_64 0.5.2 194.00 536.00 730.00 OK
r-patched-linux-x86_64 0.5.2 62.61 226.27 288.88 OK
r-patched-solaris-x86 0.5.2 652.40 OK
r-release-linux-x86_64 0.5.2 OK
r-release-windows-ix86+x86_64 0.5.2 140.00 408.00 548.00 OK
r-release-osx-x86_64 0.5.2 OK
r-oldrel-windows-ix86+x86_64 0.5.2 206.00 717.00 923.00 OK
r-oldrel-osx-x86_64 0.5.2 OK

Check Details

Version: 0.5.2
Check: installed package size
Result: NOTE
     installed size is 6.3Mb
     sub-directories of 1Mb or more:
     libs 5.8Mb
Flavor: r-devel-linux-x86_64-fedora-clang