CRAN Package Check Results for Package DGCA

Last updated on 2019-02-16 19:47:23 CET.

Flavor Version Tinstall Tcheck Ttotal Status Flags
r-devel-linux-x86_64-debian-clang 1.0.1 15.33 191.69 207.02 OK
r-devel-linux-x86_64-debian-gcc 1.0.1 11.71 147.97 159.68 OK
r-devel-linux-x86_64-fedora-clang 1.0.1 253.76 OK
r-devel-linux-x86_64-fedora-gcc 1.0.1 242.31 OK
r-devel-windows-ix86+x86_64 1.0.1 38.00 276.00 314.00 NOTE
r-patched-linux-x86_64 1.0.1 12.55 181.32 193.87 OK
r-patched-solaris-x86 1.0.1 357.40 OK
r-release-linux-x86_64 1.0.1 OK
r-release-windows-ix86+x86_64 1.0.1 21.00 168.00 189.00 NOTE
r-release-osx-x86_64 1.0.1 OK
r-oldrel-windows-ix86+x86_64 1.0.1 44.00 281.00 325.00 NOTE
r-oldrel-osx-x86_64 1.0.1 ERROR

Check Details

Version: 1.0.1
Check: package dependencies
Result: NOTE
    Package suggested but not available for checking: 'doMC'
Flavors: r-devel-windows-ix86+x86_64, r-release-windows-ix86+x86_64, r-oldrel-windows-ix86+x86_64

Version: 1.0.1
Check: package dependencies
Result: ERROR
    Package required but not available: ‘WGCNA’
    
    Package suggested but not available for checking: ‘org.Hs.eg.db’
    
    See section ‘The DESCRIPTION file’ in the ‘Writing R Extensions’
    manual.
Flavor: r-oldrel-osx-x86_64