Last updated on 2021-03-09 08:50:58 CET.
Flavor | Version | Tinstall | Tcheck | Ttotal | Status | Flags |
---|---|---|---|---|---|---|
r-devel-linux-x86_64-debian-clang | 1.0.2 | 26.26 | 256.31 | 282.57 | OK | |
r-devel-linux-x86_64-debian-gcc | 1.0.2 | 24.19 | 190.78 | 214.97 | OK | |
r-devel-linux-x86_64-fedora-clang | 1.0.2 | 350.72 | OK | |||
r-devel-linux-x86_64-fedora-gcc | 1.0.2 | 332.15 | OK | |||
r-devel-windows-ix86+x86_64 | 1.0.2 | 56.00 | 255.00 | 311.00 | NOTE | |
r-devel-windows-x86_64-gcc10-UCRT | 1.0.2 | NOTE | ||||
r-patched-linux-x86_64 | 1.0.2 | 20.18 | 207.29 | 227.47 | OK | |
r-patched-solaris-x86 | 1.0.2 | 403.80 | OK | |||
r-release-linux-x86_64 | 1.0.2 | 21.59 | 207.71 | 229.30 | OK | |
r-release-macos-x86_64 | 1.0.2 | OK | ||||
r-release-windows-ix86+x86_64 | 1.0.2 | 39.00 | 222.00 | 261.00 | NOTE | |
r-oldrel-macos-x86_64 | 1.0.2 | ERROR | ||||
r-oldrel-windows-ix86+x86_64 | 1.0.2 | 2.00 | 5.00 | 7.00 | ERROR |
Version: 1.0.2
Check: package dependencies
Result: NOTE
Package suggested but not available for checking: 'doMC'
Flavors: r-devel-windows-ix86+x86_64, r-release-windows-ix86+x86_64, r-oldrel-windows-ix86+x86_64
Version: 1.0.2
Check: package dependencies
Result: NOTE
Packages suggested but not available for checking: 'GOstats', 'doMC'
Flavor: r-devel-windows-x86_64-gcc10-UCRT
Version: 1.0.2
Check: package dependencies
Result: ERROR
Package required but not available: ‘WGCNA’
Package suggested but not available for checking: ‘org.Hs.eg.db’
See section ‘The DESCRIPTION file’ in the ‘Writing R Extensions’
manual.
Flavor: r-oldrel-macos-x86_64
Version: 1.0.2
Check: whether package can be installed
Result: ERROR
Installation failed.
Flavor: r-oldrel-windows-ix86+x86_64