CRAN Package Check Results for Package DGCA

Last updated on 2018-02-20 01:47:22 CET.

Flavor Version Tinstall Tcheck Ttotal Status Flags
r-devel-linux-x86_64-debian-clang 1.0.1 12.05 159.11 171.16 OK
r-devel-linux-x86_64-debian-gcc 1.0.1 12.06 135.98 148.04 OK
r-devel-windows-ix86+x86_64 1.0.1 22.00 152.00 174.00 NOTE
r-patched-linux-x86_64 1.0.1 11.77 182.64 194.41 OK
r-patched-solaris-x86 1.0.1 325.20 OK
r-release-linux-x86_64 1.0.1 11.45 181.21 192.66 OK
r-release-windows-ix86+x86_64 1.0.1 4.00 11.00 15.00 NOTE
r-release-osx-x86_64 1.0.1 ERROR
r-oldrel-windows-ix86+x86_64 1.0.1 39.00 221.00 260.00 NOTE
r-oldrel-osx-x86_64 1.0.1 OK

Check Details

Version: 1.0.1
Check: package dependencies
Result: NOTE
    Package suggested but not available for checking: 'doMC'
Flavors: r-devel-windows-ix86+x86_64, r-release-windows-ix86+x86_64, r-oldrel-windows-ix86+x86_64

Version: 1.0.1
Check: package dependencies
Result: ERROR
    Package required but not available: ‘WGCNA’
    
    Packages suggested but not available for checking:
     ‘impute’ ‘GOstats’ ‘org.Hs.eg.db’
    
    See section ‘The DESCRIPTION file’ in the ‘Writing R Extensions’
    manual.
Flavor: r-release-osx-x86_64