CRAN Package Check Results for Package DGCA

Last updated on 2018-05-21 21:47:51 CEST.

Flavor Version Tinstall Tcheck Ttotal Status Flags
r-devel-linux-x86_64-debian-clang 1.0.1 18.08 191.93 210.01 OK
r-devel-linux-x86_64-debian-gcc 1.0.1 13.51 164.51 178.02 OK
r-devel-linux-x86_64-fedora-clang 1.0.1 287.32 OK
r-devel-linux-x86_64-fedora-gcc 1.0.1 274.13 OK
r-devel-windows-ix86+x86_64 1.0.1 27.00 202.00 229.00 NOTE
r-patched-linux-x86_64 1.0.1 12.24 173.30 185.54 OK
r-patched-solaris-x86 1.0.1 342.00 OK
r-release-linux-x86_64 1.0.1 15.60 170.68 186.28 OK
r-release-windows-ix86+x86_64 1.0.1 23.00 253.00 276.00 NOTE
r-release-osx-x86_64 1.0.1 OK
r-oldrel-windows-ix86+x86_64 1.0.1 31.00 264.00 295.00 NOTE
r-oldrel-osx-x86_64 1.0.1 ERROR

Check Details

Version: 1.0.1
Check: package dependencies
Result: NOTE
    Package suggested but not available for checking: 'doMC'
Flavors: r-devel-windows-ix86+x86_64, r-release-windows-ix86+x86_64, r-oldrel-windows-ix86+x86_64

Version: 1.0.1
Check: package dependencies
Result: ERROR
    Package required but not available: ‘WGCNA’
    
    Package suggested but not available for checking: ‘org.Hs.eg.db’
    
    See section ‘The DESCRIPTION file’ in the ‘Writing R Extensions’
    manual.
Flavor: r-oldrel-osx-x86_64