CRAN Package Check Results for Package DGCA

Last updated on 2018-11-20 19:47:39 CET.

Flavor Version Tinstall Tcheck Ttotal Status Flags
r-devel-linux-x86_64-debian-clang 1.0.1 13.23 189.92 203.15 OK
r-devel-linux-x86_64-debian-gcc 1.0.1 11.21 148.55 159.76 OK
r-devel-linux-x86_64-fedora-clang 1.0.1 239.64 OK
r-devel-linux-x86_64-fedora-gcc 1.0.1 249.66 OK
r-devel-windows-ix86+x86_64 1.0.1 40.00 267.00 307.00 NOTE
r-patched-linux-x86_64 1.0.1 14.47 180.47 194.94 OK
r-patched-solaris-x86 1.0.1 351.20 OK
r-release-linux-x86_64 1.0.1 13.08 180.08 193.16 OK
r-release-windows-ix86+x86_64 1.0.1 25.00 273.00 298.00 NOTE
r-release-osx-x86_64 1.0.1 OK
r-oldrel-windows-ix86+x86_64 1.0.1 23.00 176.00 199.00 NOTE
r-oldrel-osx-x86_64 1.0.1 ERROR

Check Details

Version: 1.0.1
Check: package dependencies
Result: NOTE
    Package suggested but not available for checking: 'doMC'
Flavors: r-devel-windows-ix86+x86_64, r-release-windows-ix86+x86_64, r-oldrel-windows-ix86+x86_64

Version: 1.0.1
Check: package dependencies
Result: ERROR
    Package required but not available: ‘WGCNA’
    
    Package suggested but not available for checking: ‘org.Hs.eg.db’
    
    See section ‘The DESCRIPTION file’ in the ‘Writing R Extensions’
    manual.
Flavor: r-oldrel-osx-x86_64