CRAN Package Check Results for Package DHARMa

Last updated on 2018-05-27 18:51:22 CEST.

Flavor Version Tinstall Tcheck Ttotal Status Flags
r-devel-linux-x86_64-debian-clang 0.1.6 2.08 162.90 164.98 OK
r-devel-linux-x86_64-debian-gcc 0.1.6 1.65 117.28 118.93 OK
r-devel-linux-x86_64-fedora-clang 0.1.6 181.20 NOTE
r-devel-linux-x86_64-fedora-gcc 0.1.6 178.22 NOTE
r-devel-windows-ix86+x86_64 0.1.6 5.00 147.00 152.00 OK
r-patched-linux-x86_64 0.1.6 2.25 141.97 144.22 OK
r-patched-solaris-x86 0.1.6 291.20 NOTE
r-release-linux-x86_64 0.1.6 2.39 142.07 144.46 OK
r-release-windows-ix86+x86_64 0.1.6 5.00 194.00 199.00 OK
r-release-osx-x86_64 0.1.6 NOTE
r-oldrel-windows-ix86+x86_64 0.1.6 5.00 153.00 158.00 OK
r-oldrel-osx-x86_64 0.1.6 NOTE

Check Details

Version: 0.1.6
Check: dependencies in R code
Result: NOTE
    Namespace in Imports field not imported from: ‘mgcv’
     All declared Imports should be used.
Flavors: r-devel-linux-x86_64-fedora-clang, r-devel-linux-x86_64-fedora-gcc, r-patched-solaris-x86, r-release-osx-x86_64, r-oldrel-osx-x86_64