CRAN Package Check Results for Package DHARMa

Last updated on 2018-02-22 22:47:20 CET.

Flavor Version Tinstall Tcheck Ttotal Status Flags
r-devel-linux-x86_64-debian-clang 0.1.5 2.16 149.46 151.62 OK
r-devel-linux-x86_64-debian-gcc 0.1.5 1.65 112.80 114.45 OK
r-devel-linux-x86_64-fedora-clang 0.1.5 184.33 NOTE
r-devel-linux-x86_64-fedora-gcc 0.1.5 176.86 NOTE
r-devel-windows-ix86+x86_64 0.1.5 5.00 157.00 162.00 OK
r-patched-linux-x86_64 0.1.5 1.23 169.83 171.06 OK
r-patched-solaris-x86 0.1.5 282.60 NOTE
r-release-linux-x86_64 0.1.5 1.35 157.40 158.75 OK
r-release-windows-ix86+x86_64 0.1.5 4.00 210.00 214.00 OK
r-release-osx-x86_64 0.1.5 NOTE
r-oldrel-windows-ix86+x86_64 0.1.5 3.00 159.00 162.00 OK
r-oldrel-osx-x86_64 0.1.5 NOTE

Check Details

Version: 0.1.5
Check: dependencies in R code
Result: NOTE
    Namespace in Imports field not imported from: ‘mgcv’
     All declared Imports should be used.
Flavors: r-devel-linux-x86_64-fedora-clang, r-devel-linux-x86_64-fedora-gcc, r-patched-solaris-x86, r-release-osx-x86_64, r-oldrel-osx-x86_64