Last updated on 2023-06-08 16:56:36 CEST.
Flavor | Version | Tinstall | Tcheck | Ttotal | Status | Flags |
---|---|---|---|---|---|---|
r-devel-linux-x86_64-debian-clang | 0.4.6 | 13.27 | 305.71 | 318.98 | OK | |
r-devel-linux-x86_64-debian-gcc | 0.4.6 | 10.89 | 225.41 | 236.30 | OK | |
r-devel-linux-x86_64-fedora-clang | 0.4.6 | 395.73 | NOTE | |||
r-devel-linux-x86_64-fedora-gcc | 0.4.6 | 408.82 | OK | |||
r-devel-windows-x86_64 | 0.4.6 | 13.00 | 244.00 | 257.00 | NOTE | |
r-patched-linux-x86_64 | 0.4.6 | 13.71 | 292.98 | 306.69 | OK | |
r-release-linux-x86_64 | 0.4.6 | 12.82 | 288.71 | 301.53 | OK | |
r-release-macos-arm64 | 0.4.6 | 126.00 | NOTE | |||
r-release-macos-x86_64 | 0.4.6 | 170.00 | NOTE | |||
r-release-windows-x86_64 | 0.4.6 | 16.00 | 311.00 | 327.00 | NOTE | |
r-oldrel-macos-arm64 | 0.4.6 | 110.00 | NOTE | |||
r-oldrel-macos-x86_64 | 0.4.6 | 151.00 | NOTE | |||
r-oldrel-windows-x86_64 | 0.4.6 | 15.00 | 296.00 | 311.00 | NOTE |
Version: 0.4.6
Check: installed package size
Result: NOTE
installed size is 5.5Mb
sub-directories of 1Mb or more:
doc 5.1Mb
Flavors: r-devel-linux-x86_64-fedora-clang, r-devel-windows-x86_64, r-release-macos-arm64, r-release-macos-x86_64, r-release-windows-x86_64, r-oldrel-macos-arm64, r-oldrel-macos-x86_64, r-oldrel-windows-x86_64
Version: 0.4.6
Check: package dependencies
Result: NOTE
Packages suggested but not available for checking: 'spaMM', 'glmmTMB'
Packages which this enhances but not available for checking:
'rstan', 'BayesianTools'
Flavor: r-release-macos-x86_64