CRAN Package Check Results for Package DHARMa

Last updated on 2018-08-16 12:50:07 CEST.

Flavor Version Tinstall Tcheck Ttotal Status Flags
r-devel-linux-x86_64-debian-clang 0.2.0 5.82 288.64 294.46 OK
r-devel-linux-x86_64-debian-gcc 0.2.0 5.63 216.62 222.25 OK
r-devel-linux-x86_64-fedora-clang 0.2.0 341.25 NOTE
r-devel-linux-x86_64-fedora-gcc 0.2.0 332.74 NOTE
r-devel-windows-ix86+x86_64 0.2.0 17.00 270.00 287.00 OK
r-patched-linux-x86_64 0.2.0 6.36 259.36 265.72 OK
r-patched-solaris-x86 0.2.0 513.00 NOTE
r-release-linux-x86_64 0.2.0 6.08 256.29 262.37 OK
r-release-windows-ix86+x86_64 0.2.0 17.00 331.00 348.00 OK
r-release-osx-x86_64 0.2.0 NOTE
r-oldrel-windows-ix86+x86_64 0.2.0 15.00 377.00 392.00 OK
r-oldrel-osx-x86_64 0.2.0 NOTE

Check Details

Version: 0.2.0
Check: dependencies in R code
Result: NOTE
    Namespace in Imports field not imported from: ‘mgcv’
     All declared Imports should be used.
Flavors: r-devel-linux-x86_64-fedora-clang, r-devel-linux-x86_64-fedora-gcc, r-patched-solaris-x86, r-release-osx-x86_64, r-oldrel-osx-x86_64