CRAN Package Check Results for Package DHARMa

Last updated on 2019-01-24 11:52:09 CET.

Flavor Version Tinstall Tcheck Ttotal Status Flags
r-devel-linux-x86_64-debian-clang 0.2.2 6.24 368.01 374.25 OK
r-devel-linux-x86_64-debian-gcc 0.2.2 5.31 263.47 268.78 OK
r-devel-linux-x86_64-fedora-clang 0.2.2 436.03 NOTE
r-devel-linux-x86_64-fedora-gcc 0.2.2 256.91 NOTE
r-devel-windows-ix86+x86_64 0.2.2 20.00 448.00 468.00 OK
r-patched-linux-x86_64 0.2.2 6.23 345.66 351.89 OK
r-patched-solaris-x86 0.2.2 551.80 NOTE
r-release-linux-x86_64 0.2.2 5.96 345.47 351.43 OK
r-release-windows-ix86+x86_64 0.2.2 12.00 323.00 335.00 OK
r-release-osx-x86_64 0.2.2 NOTE
r-oldrel-windows-ix86+x86_64 0.2.2 19.00 471.00 490.00 OK
r-oldrel-osx-x86_64 0.2.2 ERROR

Check Details

Version: 0.2.2
Check: dependencies in R code
Result: NOTE
    Namespace in Imports field not imported from: ‘mgcv’
     All declared Imports should be used.
Flavors: r-devel-linux-x86_64-fedora-clang, r-devel-linux-x86_64-fedora-gcc, r-patched-solaris-x86, r-release-osx-x86_64

Version: 0.2.2
Check: package dependencies
Result: ERROR
    Package required and available but unsuitable version: ‘spaMM’
    
    See section ‘The DESCRIPTION file’ in the ‘Writing R Extensions’
    manual.
Flavor: r-oldrel-osx-x86_64