Last updated on 2022-06-28 10:49:05 CEST.
Flavor | Version | Tinstall | Tcheck | Ttotal | Status | Flags |
---|---|---|---|---|---|---|
r-devel-linux-x86_64-debian-clang | 0.4.5 | 12.26 | 328.22 | 340.48 | OK | |
r-devel-linux-x86_64-debian-gcc | 0.4.5 | 10.27 | 240.31 | 250.58 | OK | |
r-devel-linux-x86_64-fedora-clang | 0.4.5 | 405.61 | NOTE | |||
r-devel-linux-x86_64-fedora-gcc | 0.4.5 | 404.07 | OK | |||
r-devel-windows-x86_64 | 0.4.5 | 40.00 | 386.00 | 426.00 | NOTE | |
r-patched-linux-x86_64 | 0.4.5 | 12.98 | 313.59 | 326.57 | OK | |
r-release-linux-x86_64 | 0.4.5 | 10.59 | 310.21 | 320.80 | OK | |
r-release-macos-arm64 | 0.4.5 | 135.00 | NOTE | |||
r-release-macos-x86_64 | 0.4.5 | 212.00 | NOTE | |||
r-release-windows-x86_64 | 0.4.5 | 41.00 | 412.00 | 453.00 | NOTE | |
r-oldrel-macos-arm64 | 0.4.5 | 136.00 | NOTE | |||
r-oldrel-macos-x86_64 | 0.4.5 | 161.00 | NOTE | |||
r-oldrel-windows-ix86+x86_64 | 0.4.5 | 25.00 | 346.00 | 371.00 | NOTE |
Version: 0.4.5
Check: installed package size
Result: NOTE
installed size is 5.5Mb
sub-directories of 1Mb or more:
doc 5.1Mb
Flavors: r-devel-linux-x86_64-fedora-clang, r-devel-windows-x86_64, r-release-macos-arm64, r-release-macos-x86_64, r-release-windows-x86_64, r-oldrel-macos-arm64, r-oldrel-macos-x86_64, r-oldrel-windows-ix86+x86_64
Version: 0.4.5
Check: package dependencies
Result: NOTE
Package which this enhances but not available for checking: ‘rjags’
Flavor: r-release-macos-x86_64