Last updated on 2022-08-10 05:54:47 CEST.
Flavor | Version | Tinstall | Tcheck | Ttotal | Status | Flags |
---|---|---|---|---|---|---|
r-devel-linux-x86_64-debian-clang | 0.1.0 | 8.52 | 208.87 | 217.39 | NOTE | |
r-devel-linux-x86_64-debian-gcc | 0.1.0 | 6.15 | 146.93 | 153.08 | NOTE | |
r-devel-linux-x86_64-fedora-clang | 0.1.0 | 255.14 | NOTE | |||
r-devel-linux-x86_64-fedora-gcc | 0.1.0 | 251.86 | NOTE | |||
r-devel-windows-x86_64 | 0.1.0 | 20.00 | 218.00 | 238.00 | NOTE | |
r-patched-linux-x86_64 | 0.1.0 | 6.40 | 187.51 | 193.91 | NOTE | |
r-release-linux-x86_64 | 0.1.0 | NOTE | ||||
r-release-macos-arm64 | 0.1.0 | 48.00 | NOTE | |||
r-release-macos-x86_64 | 0.1.0 | 107.00 | NOTE | |||
r-release-windows-x86_64 | 0.1.0 | 17.00 | 220.00 | 237.00 | NOTE | |
r-oldrel-macos-arm64 | 0.1.0 | 58.00 | NOTE | |||
r-oldrel-macos-x86_64 | 0.1.0 | 103.00 | NOTE | |||
r-oldrel-windows-ix86+x86_64 | 0.1.0 | 18.00 | 239.00 | 257.00 | NOTE |
Version: 0.1.0
Check: LazyData
Result: NOTE
'LazyData' is specified without a 'data' directory
Flavors: r-devel-linux-x86_64-debian-clang, r-devel-linux-x86_64-debian-gcc, r-devel-linux-x86_64-fedora-clang, r-devel-linux-x86_64-fedora-gcc, r-devel-windows-x86_64, r-patched-linux-x86_64, r-release-linux-x86_64, r-release-macos-arm64, r-release-macos-x86_64, r-release-windows-x86_64, r-oldrel-macos-arm64, r-oldrel-macos-x86_64, r-oldrel-windows-ix86+x86_64