Last updated on 2023-12-08 08:52:56 CET.
Flavor | Version | Tinstall | Tcheck | Ttotal | Status | Flags |
---|---|---|---|---|---|---|
r-devel-linux-x86_64-debian-clang | 1.0.0 | 5.72 | 75.56 | 81.28 | OK | |
r-devel-linux-x86_64-debian-gcc | 1.0.0 | 6.02 | 57.60 | 63.62 | OK | |
r-devel-linux-x86_64-fedora-clang | 1.0.0 | 103.46 | NOTE | |||
r-devel-linux-x86_64-fedora-gcc | 1.0.0 | 99.10 | NOTE | |||
r-devel-windows-x86_64 | 1.0.0 | 8.00 | 72.00 | 80.00 | OK | |
r-patched-linux-x86_64 | 1.0.0 | 8.97 | 74.63 | 83.60 | OK | |
r-release-linux-x86_64 | 1.0.0 | 8.53 | 74.79 | 83.32 | OK | |
r-release-macos-arm64 | 1.0.0 | 35.00 | OK | |||
r-release-macos-x86_64 | 1.0.0 | 56.00 | OK | |||
r-release-windows-x86_64 | 1.0.0 | 11.00 | 79.00 | 90.00 | OK | |
r-oldrel-macos-arm64 | 1.0.0 | 32.00 | NOTE | |||
r-oldrel-macos-x86_64 | 1.0.0 | 47.00 | NOTE | |||
r-oldrel-windows-x86_64 | 1.0.0 | 10.00 | 86.00 | 96.00 | OK |
Version: 1.0.0
Check: dependencies in R code
Result: NOTE
Namespace in Imports field not imported from: ‘MASS’
All declared Imports should be used.
Flavors: r-devel-linux-x86_64-fedora-clang, r-devel-linux-x86_64-fedora-gcc, r-oldrel-macos-arm64, r-oldrel-macos-x86_64