CRAN Package Check Results for Package DLMtool

Last updated on 2018-05-26 16:47:42 CEST.

Flavor Version Tinstall Tcheck Ttotal Status Flags
r-devel-linux-x86_64-debian-clang 5.1.3 89.18 162.23 251.41 OK
r-devel-linux-x86_64-debian-gcc 5.1.3 78.08 123.87 201.95 OK
r-devel-linux-x86_64-fedora-clang 5.1.3 318.73 NOTE
r-devel-linux-x86_64-fedora-gcc 5.1.3 300.85 NOTE
r-devel-windows-ix86+x86_64 5.1.3 138.00 260.00 398.00 OK --no-vignettes
r-patched-linux-x86_64 5.1.3 87.48 157.45 244.93 OK
r-patched-solaris-x86 5.1.3 348.20 OK --no-build-vignettes
r-release-linux-x86_64 5.1.3 88.30 156.08 244.38 OK
r-release-windows-ix86+x86_64 5.1.3 191.00 175.00 366.00 OK --no-vignettes
r-release-osx-x86_64 5.1.3 OK
r-oldrel-windows-ix86+x86_64 5.1.3 157.00 212.00 369.00 OK --no-vignettes
r-oldrel-osx-x86_64 5.1.3 OK

Check Details

Version: 5.1.3
Check: installed package size
Result: NOTE
     installed size is 5.0Mb
     sub-directories of 1Mb or more:
     R 1.2Mb
     libs 2.8Mb
Flavors: r-devel-linux-x86_64-fedora-clang, r-devel-linux-x86_64-fedora-gcc