CRAN Package Check Results for Package DLMtool

Last updated on 2018-08-20 11:48:37 CEST.

Flavor Version Tinstall Tcheck Ttotal Status Flags
r-devel-linux-x86_64-debian-clang 5.2.2 97.16 196.34 293.50 OK
r-devel-linux-x86_64-debian-gcc 5.2.2 85.84 146.54 232.38 OK
r-devel-linux-x86_64-fedora-clang 5.2.2 368.08 NOTE
r-devel-linux-x86_64-fedora-gcc 5.2.2 366.47 OK
r-devel-windows-ix86+x86_64 5.2.2 200.00 229.00 429.00 NOTE --no-vignettes
r-patched-linux-x86_64 5.2.1 100.73 187.59 288.32 OK
r-patched-solaris-x86 5.2.2 352.40 NOTE --no-build-vignettes
r-release-linux-x86_64 5.2.2 109.15 191.25 300.40 OK
r-release-windows-ix86+x86_64 5.2.2 219.00 262.00 481.00 NOTE --no-vignettes
r-release-osx-x86_64 5.2.2 NOTE
r-oldrel-windows-ix86+x86_64 5.2.2 122.00 182.00 304.00 NOTE --no-vignettes
r-oldrel-osx-x86_64 5.2.2 NOTE

Check Details

Version: 5.2.2
Check: installed package size
Result: NOTE
     installed size is 8.1Mb
     sub-directories of 1Mb or more:
     R 1.4Mb
     data 2.1Mb
     libs 3.8Mb
Flavors: r-devel-linux-x86_64-fedora-clang, r-release-osx-x86_64, r-oldrel-osx-x86_64

Version: 5.2.2
Flags: --no-vignettes
Check: installed package size
Result: NOTE
     installed size is 6.3Mb
     sub-directories of 1Mb or more:
     R 1.3Mb
     data 2.1Mb
     libs 2.0Mb
Flavors: r-devel-windows-ix86+x86_64, r-release-windows-ix86+x86_64, r-oldrel-windows-ix86+x86_64

Version: 5.2.2
Flags: --no-build-vignettes
Check: installed package size
Result: NOTE
     installed size is 5.1Mb
     sub-directories of 1Mb or more:
     R 1.5Mb
     data 2.1Mb
Flavor: r-patched-solaris-x86