CRAN Package Check Results for Package DLMtool

Last updated on 2018-11-21 13:48:23 CET.

Flavor Version Tinstall Tcheck Ttotal Status Flags
r-devel-linux-x86_64-debian-clang 5.2.3 103.00 214.44 317.44 OK
r-devel-linux-x86_64-debian-gcc 5.2.3 91.83 162.29 254.12 OK
r-devel-linux-x86_64-fedora-clang 5.2.3 404.75 NOTE
r-devel-linux-x86_64-fedora-gcc 5.2.3 400.02 OK
r-devel-windows-ix86+x86_64 5.2.3 248.00 273.00 521.00 NOTE --no-vignettes
r-patched-linux-x86_64 5.2.3 94.07 208.95 303.02 OK
r-patched-solaris-x86 5.2.3 445.90 NOTE --no-build-vignettes
r-release-linux-x86_64 5.2.3 87.35 208.32 295.67 OK
r-release-windows-ix86+x86_64 5.2.3 193.00 389.00 582.00 NOTE --no-vignettes
r-release-osx-x86_64 5.2.3 NOTE
r-oldrel-windows-ix86+x86_64 5.2.3 145.00 416.00 561.00 NOTE --no-vignettes
r-oldrel-osx-x86_64 5.2.3 NOTE

Check Details

Version: 5.2.3
Check: installed package size
Result: NOTE
     installed size is 8.3Mb
     sub-directories of 1Mb or more:
     R 1.4Mb
     data 2.1Mb
     libs 3.9Mb
Flavors: r-devel-linux-x86_64-fedora-clang, r-release-osx-x86_64, r-oldrel-osx-x86_64

Version: 5.2.3
Flags: --no-vignettes
Check: installed package size
Result: NOTE
     installed size is 6.3Mb
     sub-directories of 1Mb or more:
     R 1.3Mb
     data 2.1Mb
     libs 2.0Mb
Flavors: r-devel-windows-ix86+x86_64, r-release-windows-ix86+x86_64, r-oldrel-windows-ix86+x86_64

Version: 5.2.3
Flags: --no-build-vignettes
Check: installed package size
Result: NOTE
     installed size is 5.1Mb
     sub-directories of 1Mb or more:
     R 1.5Mb
     data 2.1Mb
Flavor: r-patched-solaris-x86