CRAN Package Check Results for Package DLMtool

Last updated on 2018-02-17 23:47:41 CET.

Flavor Version Tinstall Tcheck Ttotal Status Flags
r-devel-linux-x86_64-debian-clang 5.0.2 103.65 173.78 277.43 OK
r-devel-linux-x86_64-debian-gcc 5.0.2 85.30 132.92 218.22 OK
r-devel-linux-x86_64-fedora-clang 5.0.2 360.74 NOTE
r-devel-linux-x86_64-fedora-gcc 5.0.2 337.80 NOTE
r-devel-windows-ix86+x86_64 5.0.2 171.00 212.00 383.00 OK --no-vignettes
r-patched-linux-x86_64 5.0.2 71.66 193.47 265.13 OK
r-patched-solaris-x86 5.0.2 348.50 OK --no-build-vignettes
r-release-linux-x86_64 5.0.2 74.60 194.18 268.78 OK
r-release-windows-ix86+x86_64 5.0.2 225.00 304.00 529.00 OK --no-vignettes
r-release-osx-x86_64 5.0.2 OK
r-oldrel-windows-ix86+x86_64 5.0.2 139.00 279.00 418.00 OK --no-vignettes
r-oldrel-osx-x86_64 5.0.2 OK

Check Details

Version: 5.0.2
Check: installed package size
Result: NOTE
     installed size is 5.5Mb
     sub-directories of 1Mb or more:
     R 1.3Mb
     libs 3.3Mb
Flavors: r-devel-linux-x86_64-fedora-clang, r-devel-linux-x86_64-fedora-gcc