CRAN Package Check Results for Package DLMtool

Last updated on 2019-02-20 13:46:23 CET.

Flavor Version Tinstall Tcheck Ttotal Status Flags
r-devel-linux-x86_64-debian-clang 5.2.3 100.97 227.12 328.09 OK
r-devel-linux-x86_64-debian-gcc 5.2.3 86.72 164.55 251.27 OK
r-devel-linux-x86_64-fedora-clang 5.2.3 424.20 NOTE
r-devel-linux-x86_64-fedora-gcc 5.2.3 382.98 OK
r-devel-windows-ix86+x86_64 5.2.3 236.00 270.00 506.00 NOTE --no-vignettes
r-patched-linux-x86_64 5.2.3 OK
r-patched-solaris-x86 5.2.3 441.80 NOTE --no-build-vignettes
r-release-linux-x86_64 5.2.3 OK
r-release-windows-ix86+x86_64 5.2.3 178.00 375.00 553.00 NOTE --no-vignettes
r-release-osx-x86_64 5.2.3 NOTE
r-oldrel-windows-ix86+x86_64 5.2.3 156.00 419.00 575.00 NOTE --no-vignettes
r-oldrel-osx-x86_64 5.2.3 NOTE

Check Details

Version: 5.2.3
Check: installed package size
Result: NOTE
     installed size is 8.1Mb
     sub-directories of 1Mb or more:
     R 1.4Mb
     data 2.1Mb
     libs 3.7Mb
Flavors: r-devel-linux-x86_64-fedora-clang, r-release-osx-x86_64, r-oldrel-osx-x86_64

Version: 5.2.3
Flags: --no-vignettes
Check: installed package size
Result: NOTE
     installed size is 6.3Mb
     sub-directories of 1Mb or more:
     R 1.4Mb
     data 2.1Mb
     libs 2.0Mb
Flavors: r-devel-windows-ix86+x86_64, r-release-windows-ix86+x86_64, r-oldrel-windows-ix86+x86_64

Version: 5.2.3
Flags: --no-build-vignettes
Check: installed package size
Result: NOTE
     installed size is 5.1Mb
     sub-directories of 1Mb or more:
     R 1.5Mb
     data 2.1Mb
Flavor: r-patched-solaris-x86