CRAN Package Check Results for Package DMTL

Last updated on 2022-11-30 19:53:26 CET.

Flavor Version Tinstall Tcheck Ttotal Status Flags
r-devel-linux-x86_64-debian-clang 0.1.2 2.67 47.06 49.73 NOTE
r-devel-linux-x86_64-debian-gcc 0.1.2 2.25 36.08 38.33 NOTE
r-devel-linux-x86_64-fedora-clang 0.1.2 71.84 NOTE
r-devel-linux-x86_64-fedora-gcc 0.1.2 74.16 NOTE
r-devel-windows-x86_64 0.1.2 10.00 100.00 110.00 NOTE
r-patched-linux-x86_64 0.1.2 1.97 43.65 45.62 NOTE
r-release-linux-x86_64 0.1.2 1.70 43.45 45.15 NOTE
r-release-macos-arm64 0.1.2 26.00 NOTE
r-release-macos-x86_64 0.1.2 43.00 NOTE
r-release-windows-x86_64 0.1.2 9.00 76.00 85.00 NOTE
r-oldrel-macos-arm64 0.1.2 28.00 NOTE
r-oldrel-macos-x86_64 0.1.2 42.00 NOTE
r-oldrel-windows-ix86+x86_64 0.1.2 8.00 80.00 88.00 NOTE

Check Details

Version: 0.1.2
Check: package subdirectories
Result: NOTE
    Problems with news in 'NEWS.md':
    No news entries found.
Flavors: r-devel-linux-x86_64-debian-clang, r-devel-linux-x86_64-debian-gcc, r-devel-linux-x86_64-fedora-clang, r-devel-linux-x86_64-fedora-gcc, r-devel-windows-x86_64

Version: 0.1.2
Check: LazyData
Result: NOTE
     'LazyData' is specified without a 'data' directory
Flavors: r-devel-linux-x86_64-debian-clang, r-devel-linux-x86_64-debian-gcc, r-devel-linux-x86_64-fedora-clang, r-devel-linux-x86_64-fedora-gcc, r-devel-windows-x86_64, r-patched-linux-x86_64, r-release-linux-x86_64, r-release-macos-arm64, r-release-macos-x86_64, r-release-windows-x86_64, r-oldrel-macos-arm64, r-oldrel-macos-x86_64, r-oldrel-windows-ix86+x86_64