CRAN Package Check Results for Package DNAtools

Last updated on 2022-08-17 01:52:07 CEST.

Flavor Version Tinstall Tcheck Ttotal Status Flags
r-devel-linux-x86_64-debian-clang 0.2-4 66.77 78.96 145.73 NOTE
r-devel-linux-x86_64-debian-gcc 0.2-4 55.38 58.65 114.03 NOTE
r-devel-linux-x86_64-fedora-clang 0.2-4 212.35 NOTE
r-devel-linux-x86_64-fedora-gcc 0.2-4 201.03 NOTE
r-devel-windows-x86_64 0.2-4 83.00 139.00 222.00 NOTE
r-patched-linux-x86_64 0.2-4 63.68 76.01 139.69 NOTE
r-release-linux-x86_64 0.2-4 62.08 75.70 137.78 NOTE
r-release-macos-arm64 0.2-4 57.00 NOTE
r-release-macos-x86_64 0.2-4 74.00 NOTE
r-release-windows-x86_64 0.2-4 88.00 137.00 225.00 NOTE
r-oldrel-macos-arm64 0.2-4 57.00 NOTE
r-oldrel-macos-x86_64 0.2-4 74.00 NOTE
r-oldrel-windows-ix86+x86_64 0.2-4 176.00 164.00 340.00 WARN

Check Details

Version: 0.2-4
Check: for GNU extensions in Makefiles
Result: NOTE
    GNU make is a SystemRequirements.
Flavors: r-devel-linux-x86_64-debian-clang, r-devel-linux-x86_64-debian-gcc, r-devel-linux-x86_64-fedora-clang, r-devel-linux-x86_64-fedora-gcc, r-devel-windows-x86_64, r-patched-linux-x86_64, r-release-linux-x86_64, r-release-macos-arm64, r-release-macos-x86_64, r-release-windows-x86_64, r-oldrel-macos-arm64, r-oldrel-macos-x86_64, r-oldrel-windows-ix86+x86_64

Version: 0.2-4
Check: for unstated dependencies in ‘tests’
Result: WARN
    Warning: unable to access index for repository https://bioconductor.org/packages/3.14/bioc/src/contrib:
     cannot open URL 'https://bioconductor.org/packages/3.14/bioc/src/contrib/PACKAGES'
    Warning: unable to access index for repository https://bioconductor.org/packages/3.14/data/annotation/src/contrib:
     cannot open URL 'https://bioconductor.org/packages/3.14/data/annotation/src/contrib/PACKAGES'
    Warning: unable to access index for repository https://bioconductor.org/packages/3.14/data/experiment/src/contrib:
     cannot open URL 'https://bioconductor.org/packages/3.14/data/experiment/src/contrib/PACKAGES'
Flavor: r-oldrel-windows-ix86+x86_64