CRAN Package Check Results for Package DNLC

Last updated on 2018-05-25 22:47:38 CEST.

Flavor Version Tinstall Tcheck Ttotal Status Flags
r-devel-linux-x86_64-debian-clang 1.0.0 8.82 20.32 29.14 OK
r-devel-linux-x86_64-debian-gcc 1.0.0 7.71 16.11 23.82 OK
r-devel-linux-x86_64-fedora-clang 1.0.0 37.26 NOTE
r-devel-linux-x86_64-fedora-gcc 1.0.0 36.81 NOTE
r-devel-windows-ix86+x86_64 1.0.0 12.00 34.00 46.00 OK
r-patched-linux-x86_64 1.0.0 7.80 18.76 26.56 OK
r-patched-solaris-x86 1.0.0 52.50 NOTE
r-release-linux-x86_64 1.0.0 7.23 18.45 25.68 OK
r-release-windows-ix86+x86_64 1.0.0 15.00 47.00 62.00 OK
r-release-osx-x86_64 1.0.0 NOTE
r-oldrel-windows-ix86+x86_64 1.0.0 16.00 28.00 44.00 OK
r-oldrel-osx-x86_64 1.0.0 NOTE

Check Details

Version: 1.0.0
Check: dependencies in R code
Result: NOTE
    Namespaces in Imports field not imported from:
     ‘GOstats’ ‘caTools’ ‘fdrtool’
     All declared Imports should be used.
Flavors: r-devel-linux-x86_64-fedora-clang, r-devel-linux-x86_64-fedora-gcc, r-patched-solaris-x86, r-release-osx-x86_64, r-oldrel-osx-x86_64