CRAN Package Check Results for Package DNLC

Last updated on 2018-02-25 11:47:55 CET.

Flavor Version Tinstall Tcheck Ttotal Status Flags
r-devel-linux-x86_64-debian-clang 1.0.0 5.42 18.43 23.85 OK
r-devel-linux-x86_64-debian-gcc 1.0.0 6.95 14.85 21.80 OK
r-devel-windows-ix86+x86_64 1.0.0 13.00 40.00 53.00 OK
r-patched-linux-x86_64 1.0.0 8.27 17.59 25.86 OK
r-patched-solaris-x86 1.0.0 45.40 NOTE
r-release-linux-x86_64 1.0.0 6.06 17.38 23.44 OK
r-release-windows-ix86+x86_64 1.0.0 16.00 38.00 54.00 OK
r-release-osx-x86_64 1.0.0 ERROR
r-oldrel-windows-ix86+x86_64 1.0.0 10.00 30.00 40.00 OK
r-oldrel-osx-x86_64 1.0.0 NOTE

Check Details

Version: 1.0.0
Check: dependencies in R code
Result: NOTE
    Namespaces in Imports field not imported from:
     ‘GOstats’ ‘caTools’ ‘fdrtool’
     All declared Imports should be used.
Flavors: r-patched-solaris-x86, r-oldrel-osx-x86_64

Version: 1.0.0
Check: package dependencies
Result: ERROR
    Package required but not available: ‘GOstats’
    
    See section ‘The DESCRIPTION file’ in the ‘Writing R Extensions’
    manual.
Flavor: r-release-osx-x86_64