CRAN Package Check Results for Package DNLC

Last updated on 2018-10-19 22:49:35 CEST.

Flavor Version Tinstall Tcheck Ttotal Status Flags
r-devel-linux-x86_64-debian-clang 1.0.0 8.97 21.18 30.15 OK
r-devel-linux-x86_64-debian-gcc 1.0.0 8.41 17.27 25.68 OK
r-devel-linux-x86_64-fedora-clang 1.0.0 38.51 NOTE
r-devel-linux-x86_64-fedora-gcc 1.0.0 37.37 NOTE
r-devel-windows-ix86+x86_64 1.0.0 16.00 49.00 65.00 OK
r-patched-linux-x86_64 1.0.0 5.14 18.68 23.82 OK
r-patched-solaris-x86 1.0.0 51.00 NOTE
r-release-linux-x86_64 1.0.0 6.08 18.79 24.87 OK
r-release-windows-ix86+x86_64 1.0.0 15.00 50.00 65.00 OK
r-release-osx-x86_64 1.0.0 NOTE
r-oldrel-windows-ix86+x86_64 1.0.0 10.00 40.00 50.00 OK
r-oldrel-osx-x86_64 1.0.0 NOTE

Check Details

Version: 1.0.0
Check: dependencies in R code
Result: NOTE
    Namespaces in Imports field not imported from:
     ‘GOstats’ ‘caTools’ ‘fdrtool’
     All declared Imports should be used.
Flavors: r-devel-linux-x86_64-fedora-clang, r-devel-linux-x86_64-fedora-gcc, r-patched-solaris-x86, r-release-osx-x86_64, r-oldrel-osx-x86_64