CRAN Package Check Results for Package DNLC

Last updated on 2018-08-17 13:46:21 CEST.

Flavor Version Tinstall Tcheck Ttotal Status Flags
r-devel-linux-x86_64-debian-clang 1.0.0 10.34 21.29 31.63 OK
r-devel-linux-x86_64-debian-gcc 1.0.0 8.66 17.21 25.87 OK
r-devel-linux-x86_64-fedora-clang 1.0.0 37.75 NOTE
r-devel-linux-x86_64-fedora-gcc 1.0.0 37.78 NOTE
r-devel-windows-ix86+x86_64 1.0.0 17.00 42.00 59.00 OK
r-patched-linux-x86_64 1.0.0 6.35 18.52 24.87 OK
r-patched-solaris-x86 1.0.0 53.80 NOTE
r-release-linux-x86_64 1.0.0 7.64 18.97 26.61 OK
r-release-windows-ix86+x86_64 1.0.0 16.00 47.00 63.00 OK
r-release-osx-x86_64 1.0.0 NOTE
r-oldrel-windows-ix86+x86_64 1.0.0 15.00 31.00 46.00 OK
r-oldrel-osx-x86_64 1.0.0 NOTE

Check Details

Version: 1.0.0
Check: dependencies in R code
Result: NOTE
    Namespaces in Imports field not imported from:
     ‘GOstats’ ‘caTools’ ‘fdrtool’
     All declared Imports should be used.
Flavors: r-devel-linux-x86_64-fedora-clang, r-devel-linux-x86_64-fedora-gcc, r-patched-solaris-x86, r-release-osx-x86_64, r-oldrel-osx-x86_64