CRAN Package Check Results for Package DNLC

Last updated on 2019-01-23 20:48:00 CET.

Flavor Version Tinstall Tcheck Ttotal Status Flags
r-devel-linux-x86_64-debian-clang 1.0.0 9.26 20.65 29.91 OK
r-devel-linux-x86_64-debian-gcc 1.0.0 5.65 16.41 22.06 OK
r-devel-linux-x86_64-fedora-clang 1.0.0 35.89 NOTE
r-devel-linux-x86_64-fedora-gcc 1.0.0 33.56 NOTE
r-devel-windows-ix86+x86_64 1.0.0 15.00 49.00 64.00 OK
r-patched-linux-x86_64 1.0.0 6.60 19.07 25.67 OK
r-patched-solaris-x86 1.0.0 51.50 NOTE
r-release-linux-x86_64 1.0.0 9.06 19.03 28.09 OK
r-release-windows-ix86+x86_64 1.0.0 9.00 33.00 42.00 OK
r-release-osx-x86_64 1.0.0 NOTE
r-oldrel-windows-ix86+x86_64 1.0.0 12.00 42.00 54.00 OK
r-oldrel-osx-x86_64 1.0.0 NOTE

Check Details

Version: 1.0.0
Check: dependencies in R code
Result: NOTE
    Namespaces in Imports field not imported from:
     ‘GOstats’ ‘caTools’ ‘fdrtool’
     All declared Imports should be used.
Flavors: r-devel-linux-x86_64-fedora-clang, r-devel-linux-x86_64-fedora-gcc, r-patched-solaris-x86, r-release-osx-x86_64, r-oldrel-osx-x86_64