CRAN Package Check Results for Package DNMF

Last updated on 2019-09-20 05:46:53 CEST.

Flavor Version Tinstall Tcheck Ttotal Status Flags
r-devel-linux-x86_64-debian-clang 1.3 6.13 49.73 55.86 NOTE
r-devel-linux-x86_64-debian-gcc 1.3 6.05 40.30 46.35 NOTE
r-devel-linux-x86_64-fedora-clang 1.3 69.28 NOTE
r-devel-linux-x86_64-fedora-gcc 1.3 68.63 NOTE
r-devel-windows-ix86+x86_64 1.3 18.00 61.00 79.00 NOTE
r-patched-linux-x86_64 1.3 6.55 48.62 55.17 NOTE
r-patched-solaris-x86 1.3 112.40 NOTE
r-release-linux-x86_64 1.3 6.40 49.07 55.47 NOTE
r-release-windows-ix86+x86_64 1.3 13.00 89.00 102.00 NOTE
r-release-osx-x86_64 1.3 NOTE
r-oldrel-windows-ix86+x86_64 1.3 6.00 64.00 70.00 NOTE
r-oldrel-osx-x86_64 1.3 NOTE

Check Details

Version: 1.3
Check: R code for possible problems
Result: NOTE
    DNMF: no visible global function definition for 'runif'
    NMFpval: no visible global function definition for 'p.adjust'
    ndNMF: no visible global function definition for 'runif'
    rnk: no visible global function definition for 'write.table'
    Undefined global functions or variables:
     p.adjust runif write.table
    Consider adding
     importFrom("stats", "p.adjust", "runif")
     importFrom("utils", "write.table")
    to your NAMESPACE file.
Flavors: r-devel-linux-x86_64-debian-clang, r-devel-linux-x86_64-debian-gcc, r-devel-linux-x86_64-fedora-clang, r-devel-linux-x86_64-fedora-gcc, r-devel-windows-ix86+x86_64, r-patched-linux-x86_64, r-patched-solaris-x86, r-release-linux-x86_64, r-release-windows-ix86+x86_64, r-release-osx-x86_64, r-oldrel-windows-ix86+x86_64, r-oldrel-osx-x86_64