Last updated on 2022-08-08 08:50:51 CEST.
Flavor | Version | Tinstall | Tcheck | Ttotal | Status | Flags |
---|---|---|---|---|---|---|
r-devel-linux-x86_64-debian-clang | 2.1.0 | 11.27 | 115.53 | 126.80 | OK | |
r-devel-linux-x86_64-debian-gcc | 2.1.0 | 9.31 | 87.14 | 96.45 | OK | |
r-devel-linux-x86_64-fedora-clang | 2.1.0 | 166.56 | NOTE | |||
r-devel-linux-x86_64-fedora-gcc | 2.1.0 | 160.33 | NOTE | |||
r-devel-windows-x86_64 | 2.1.0 | 31.00 | 151.00 | 182.00 | OK | |
r-patched-linux-x86_64 | 2.1.0 | 10.97 | 109.90 | 120.87 | OK | |
r-release-linux-x86_64 | 2.1.0 | OK | ||||
r-release-macos-arm64 | 2.1.0 | 49.00 | NOTE | |||
r-release-macos-x86_64 | 2.1.0 | 99.00 | NOTE | |||
r-release-windows-x86_64 | 2.1.0 | 33.00 | 148.00 | 181.00 | OK | |
r-oldrel-macos-arm64 | 2.1.0 | 54.00 | NOTE | |||
r-oldrel-macos-x86_64 | 2.1.0 | 64.00 | NOTE | |||
r-oldrel-windows-ix86+x86_64 | 2.1.0 | 25.00 | 142.00 | 167.00 | OK |
Version: 2.1.0
Check: data for non-ASCII characters
Result: NOTE
Note: found 100 marked UTF-8 strings
Flavors: r-devel-linux-x86_64-fedora-clang, r-devel-linux-x86_64-fedora-gcc, r-release-macos-arm64, r-release-macos-x86_64, r-oldrel-macos-arm64, r-oldrel-macos-x86_64