CRAN Package Check Results for Package DOPE

Last updated on 2024-02-22 01:57:27 CET.

Flavor Version Tinstall Tcheck Ttotal Status Flags
r-devel-linux-x86_64-debian-clang 2.1.0 OK
r-devel-linux-x86_64-debian-gcc 2.1.0 9.35 90.38 99.73 OK
r-devel-linux-x86_64-fedora-clang 2.1.0 180.29 NOTE
r-devel-linux-x86_64-fedora-gcc 2.1.0 175.06 NOTE
r-devel-windows-x86_64 2.1.0 11.00 105.00 116.00 OK
r-patched-linux-x86_64 2.1.0 6.76 116.28 123.04 OK
r-release-linux-x86_64 2.1.0 6.99 116.31 123.30 OK
r-release-macos-arm64 2.1.0 67.00 OK
r-release-macos-x86_64 2.1.0 98.00 OK
r-release-windows-x86_64 2.1.0 14.00 123.00 137.00 OK
r-oldrel-macos-arm64 2.1.0 49.00 NOTE
r-oldrel-windows-x86_64 2.1.0 16.00 130.00 146.00 OK

Check Details

Version: 2.1.0
Check: data for non-ASCII characters
Result: NOTE Note: found 100 marked UTF-8 strings Flavors: r-devel-linux-x86_64-fedora-clang, r-devel-linux-x86_64-fedora-gcc, r-oldrel-macos-arm64