CRAN Package Check Results for Package DOT

Last updated on 2021-07-31 03:51:59 CEST.

Flavor Version Tinstall Tcheck Ttotal Status Flags
r-devel-linux-x86_64-debian-clang 0.1 NOTE
r-devel-linux-x86_64-debian-gcc 0.1 2.00 25.74 27.74 NOTE
r-devel-linux-x86_64-fedora-clang 0.1 50.92 NOTE
r-devel-linux-x86_64-fedora-gcc 0.1 40.83 NOTE
r-devel-windows-x86_64 0.1 12.00 60.00 72.00 OK
r-devel-windows-x86_64-gcc10-UCRT 0.1 OK
r-patched-linux-x86_64 0.1 NOTE
r-patched-solaris-x86 0.1 66.00 NOTE
r-release-linux-x86_64 0.1 2.94 31.12 34.06 NOTE
r-release-macos-arm64 0.1 OK
r-release-macos-x86_64 0.1 OK
r-release-windows-ix86+x86_64 0.1 10.00 64.00 74.00 OK
r-oldrel-macos-x86_64 0.1 OK
r-oldrel-windows-ix86+x86_64 0.1 9.00 68.00 77.00 OK

Check Details

Version: 0.1
Check: for non-standard things in the check directory
Result: NOTE
    Found the following files/directories:
     'myfile.ps' 'myfile.svg'
Flavors: r-devel-linux-x86_64-debian-clang, r-devel-linux-x86_64-debian-gcc, r-devel-linux-x86_64-fedora-clang, r-devel-linux-x86_64-fedora-gcc, r-patched-linux-x86_64, r-patched-solaris-x86, r-release-linux-x86_64